{"id":21602,"date":"2025-05-22T10:52:48","date_gmt":"2025-05-22T13:52:48","guid":{"rendered":"https:\/\/hificlub.com.br\/loja\/?post_type=product&#038;p=21602"},"modified":"2026-03-03T22:18:05","modified_gmt":"2026-03-04T01:18:05","slug":"ananda-hifiman","status":"publish","type":"product","link":"https:\/\/hificlub.com.br\/loja\/produto\/ananda-hifiman\/","title":{"rendered":"HIFIMAN ANANDA &#8211; Fone de Ouvido Planar Magnetic"},"content":{"rendered":"<p>Ananda \u00e9 o resultado de anos de desenvolvimento. Com drivers planares leves e ultrafinos em seu cora\u00e7\u00e3o, eles cantam com agilidade e sensibilidade de pot\u00eancia incompar\u00e1veis.<\/p>\n<p><strong>Alta Sensibilidade<\/strong><br \/>\nPermite o uso com praticamente qualquer smartphone ou dispositivo de \u00e1udio port\u00e1til. Baixa distor\u00e7\u00e3o e qualidade de som incr\u00edvel.<\/p>\n<p><strong>\u00cdm\u00e3 Stealth Acusticamente Invis\u00edvel<\/strong><br \/>\nAo contr\u00e1rio das ondas sonoras criadas por um \u00edm\u00e3 convencional, o formato especial dos \u00cdm\u00e3s Stealth permite que as ondas passem pelos \u00edm\u00e3s sem gerar interfer\u00eancia.<\/p>\n<p>O design avan\u00e7ado do \u00edm\u00e3 do HiFiMAN \u00e9 acusticamente transparente, reduzindo drasticamente a turbul\u00eancia da difra\u00e7\u00e3o de ondas que degrada a integridade das ondas sonoras. A distor\u00e7\u00e3o reduzida produz uma sa\u00edda sonora pura, precisa e de alcance total.<\/p>\n<p><strong>Diafragma NEO &#8220;supernano&#8221; (NsD)<\/strong><br \/>\n&#8220;Ou\u00e7a o que voc\u00ea estava perdendo&#8221;<\/p>\n<p>O novo NsD \u00e9 80% mais fino do que os designs anteriores, resultando em uma resposta mais r\u00e1pida e detalhada, mantendo uma musicalidade exuberante nunca antes poss\u00edvel. Com espessura entre 1 e 2 m\u00edcrons, o diafragma NsD define todos os padr\u00f5es.<\/p>\n<p>A HiFiMAN aprimorou seus processos de fabrica\u00e7\u00e3o para criar este novo driver planar a pre\u00e7os in\u00e9ditos. A HiFiMAN estabeleceu novamente um novo padr\u00e3o de rela\u00e7\u00e3o desempenho\/valor que o restante da ind\u00fastria ter\u00e1 dificuldade em alcan\u00e7ar.<\/p>\n<p>O design da grade da persiana reduz significativamente os reflexos sonoros, proporcionando um som mais n\u00edtido.<\/p>\n<p>Os protetores auriculares assim\u00e9tricos seguem o formato natural do ouvido humano.<\/p>\n<p><strong>Design da faixa de cabe\u00e7a h\u00edbrida<\/strong><br \/>\nO ANANDA possui uma tira cuidadosamente projetada para distribuir o peso, permitindo que a faixa de cabe\u00e7a ofere\u00e7a n\u00edveis excepcionais de conforto a longo prazo. O elegante e suntuoso acabamento em preto fosco \u00e9 combinado com uma constru\u00e7\u00e3o em metal para m\u00e1xima durabilidade.<\/p>\n<p><strong>Fazendo Conex\u00e3o<\/strong><br \/>\nO ANANDA vem com nossos conectores de fone de ouvido de 3,5 mm atualizados. Isso oferece aos usu\u00e1rios o conector de fone de ouvido mais robusto que j\u00e1 usamos, proporcionando m\u00e1xima durabilidade e maior longevidade.<\/p>\n<p><strong>Desempenho de \u00c1udio Port\u00e1til Incompar\u00e1vel<\/strong><br \/>\nANANDA \u00e9 o companheiro perfeito para dispositivos port\u00e1teis \u2013 uma combina\u00e7\u00e3o sonora perfeita \u2013 permitindo que voc\u00ea experimente a felicidade sonora onde quer que esteja.<\/p>\n<p>&nbsp;<\/p>\n<p><a href=\"https:\/\/audio46.com\/pt\/blogs\/headphones\/hifiman-ananda-nano-review\" target=\"_blank\" rel=\"noopener\"><img loading=\"lazy\" decoding=\"async\" class=\"alignnone wp-image-24216\" src=\"https:\/\/hificlub.com.br\/loja\/wp-content\/uploads\/2025\/05\/Audio-46-award.jpg\" alt=\"\" width=\"370\" height=\"97\" srcset=\"https:\/\/hificlub.com.br\/loja\/wp-content\/uploads\/2025\/05\/Audio-46-award.jpg 313w, https:\/\/hificlub.com.br\/loja\/wp-content\/uploads\/2025\/05\/Audio-46-award-300x79.jpg 300w\" sizes=\"auto, (max-width: 370px) 100vw, 370px\" \/><\/a><\/p>\n","protected":false},"excerpt":{"rendered":"<p>Ananda \u00e9 o resultado de anos de desenvolvimento. Com drivers planares leves e ultrafinos em seu cora\u00e7\u00e3o, eles cantam com agilidade e sensibilidade de pot\u00eancia incompar\u00e1veis. Alta Sensibilidade Permite o uso com praticamente qualquer smartphone ou dispositivo de \u00e1udio port\u00e1til. Baixa distor\u00e7\u00e3o e qualidade de som incr\u00edvel. \u00cdm\u00e3 Stealth Acusticamente Invis\u00edvel Ao contr\u00e1rio das ondas [&hellip;]<\/p>\n","protected":false},"featured_media":26055,"template":"","meta":{"_acf_changed":false},"product_brand":[],"product_cat":[89,107,262],"product_tag":[],"class_list":{"0":"post-21602","1":"product","2":"type-product","3":"status-publish","4":"has-post-thumbnail","6":"product_cat-acessorios","7":"product_cat-fones-de-ouvido","8":"product_cat-hifiman","10":"first","11":"instock","12":"sold-individually","13":"shipping-taxable","14":"purchasable","15":"product-type-simple"},"acf":[],"aioseo_notices":[],"_links":{"self":[{"href":"https:\/\/hificlub.com.br\/loja\/wp-json\/wp\/v2\/product\/21602","targetHints":{"allow":["GET"]}}],"collection":[{"href":"https:\/\/hificlub.com.br\/loja\/wp-json\/wp\/v2\/product"}],"about":[{"href":"https:\/\/hificlub.com.br\/loja\/wp-json\/wp\/v2\/types\/product"}],"wp:featuredmedia":[{"embeddable":true,"href":"https:\/\/hificlub.com.br\/loja\/wp-json\/wp\/v2\/media\/26055"}],"wp:attachment":[{"href":"https:\/\/hificlub.com.br\/loja\/wp-json\/wp\/v2\/media?parent=21602"}],"wp:term":[{"taxonomy":"product_brand","embeddable":true,"href":"https:\/\/hificlub.com.br\/loja\/wp-json\/wp\/v2\/product_brand?post=21602"},{"taxonomy":"product_cat","embeddable":true,"href":"https:\/\/hificlub.com.br\/loja\/wp-json\/wp\/v2\/product_cat?post=21602"},{"taxonomy":"product_tag","embeddable":true,"href":"https:\/\/hificlub.com.br\/loja\/wp-json\/wp\/v2\/product_tag?post=21602"}],"curies":[{"name":"wp","href":"https:\/\/api.w.org\/{rel}","templated":true}]}}