{"id":21496,"date":"2025-05-21T05:47:10","date_gmt":"2025-05-21T08:47:10","guid":{"rendered":"https:\/\/hificlub.com.br\/loja\/?post_type=product&#038;p=21496"},"modified":"2025-05-26T19:46:34","modified_gmt":"2025-05-26T22:46:34","slug":"panasonic-pt-ae3000u-projetor-lcd","status":"publish","type":"product","link":"https:\/\/hificlub.com.br\/loja\/produto\/panasonic-pt-ae3000u-projetor-lcd\/","title":{"rendered":"PANASONIC PT-AE3000U Projetor LCD Full HD 1600 Lumens"},"content":{"rendered":"<p>O Panasonic PT-AE3000U utiliza uma unidade de lente totalmente otimizada para HD, composta por 16 elementos em 12 grupos, para produzir imagens sem distor\u00e7\u00e3o e incrivelmente belas. A lente \u00e9 o cora\u00e7\u00e3o do sistema, mas apenas parte do que cria essas belas imagens. Uma \u00edris din\u00e2mica de quinta gera\u00e7\u00e3o analisa cada imagem para criar o n\u00edvel exato de luz necess\u00e1rio. E tamb\u00e9m economiza energia.<\/p>\n<p>\u00c9 claro que o PT-AE3000U possui pulldown 3:2 e \u00e9 compat\u00edvel com 24p para proporcionar aos filmes a melhor ilumina\u00e7\u00e3o poss\u00edvel. As cenas de a\u00e7\u00e3o s\u00e3o mais suaves, com menos artefatos de movimento, gra\u00e7as \u00e0 taxa de atualiza\u00e7\u00e3o de velocidade dupla (100 Hz ou 120 Hz). O projetor interpola novos quadros com base na a\u00e7\u00e3o nos quadros adjacentes existentes.<\/p>\n<p>No entanto, este projetor pode ser usado para mais do que assistir a discos Blu-ray e DVDs ou jogar videogames. N\u00e3o importa onde voc\u00ea esteja no mundo, \u00e9 prov\u00e1vel que voc\u00ea possa alimentar o PT-AE3000U com um sinal de televis\u00e3o que ele possa digerir. (Voc\u00ea precisar\u00e1 de um aparelho de TV ou sintonizador separado.) Este projetor \u00e9 compat\u00edvel com NTSC, NTSC 4.43, PAL, PAL-M, PAL-N, PAL 60 e SECAM. Se voc\u00ea alterna entre assistir a filmes e assistir TV com frequ\u00eancia, vai gostar do recurso de Mem\u00f3ria de Lente. Ele pode recuperar as configura\u00e7\u00f5es para assistir a um DVD de um programa de TV na propor\u00e7\u00e3o 4:3 e na propor\u00e7\u00e3o 2,35 de um disco Blu-ray widescreen.<\/p>\n<p><strong>Compat\u00edvel com NTSC\/PAL\/SECAM<\/strong><br \/>\nEste projetor \u00e9 compat\u00edvel com os padr\u00f5es NTSC, NTSC 4.43, PAL, PAL-M, PAL-N, PAL 60 e SECAM.<\/p>\n<p><strong>A Mem\u00f3ria de Lente Aprimora a Proje\u00e7\u00e3o<\/strong><br \/>\nAs configura\u00e7\u00f5es de zoom e foco para proje\u00e7\u00e3o na propor\u00e7\u00e3o de imagem normal de 16:9 ou 4:3, e para proje\u00e7\u00e3o em cinema panor\u00e2mico, podem ser armazenadas na Mem\u00f3ria de Lente para acesso simples atrav\u00e9s do controle remoto. Esta fun\u00e7\u00e3o de Mem\u00f3ria de Lente permite que voc\u00ea aproveite facilmente imagens com diferentes propor\u00e7\u00f5es em uma tela ampla de 2,35:1 para uma experi\u00eancia imersiva semelhante \u00e0 de uma sala de cinema.<\/p>\n<p><strong>Zoom\/Foco \u00d3ptico Potente 2x e Ampla Faixa de Deslocamento da Lente<\/strong><br \/>\nUma lente com zoom\/foco \u00f3tico potente 2x e uma fun\u00e7\u00e3o de deslocamento da lente, juntas, possibilitam projetar uma imagem de 120 polegadas a uma dist\u00e2ncia de at\u00e9 3,6 m (11&#8217;10&#8221;) da tela ou a uma dist\u00e2ncia de at\u00e9 7,2 m (23&#8217;7&#8243;). Al\u00e9m disso, a imagem pode ser deslocada \u00b1100% verticalmente e \u00b140% horizontalmente. Isso proporciona excelente flexibilidade de configura\u00e7\u00e3o. Se optar por montar o projetor no teto, voc\u00ea pode aplicar zoom e foco por controle remoto.<\/p>\n<p><strong>Interfaces de Entrada Vers\u00e1teis<\/strong><br \/>\nO PT-AE3000U possui tr\u00eas terminais de entrada HDMI 1.3a para transmiss\u00e3o digital sem degrada\u00e7\u00e3o da imagem e dois terminais de entrada componente. Os terminais de entrada HDMI suportam Deep Color e o espa\u00e7o de cores x.v.Color do padr\u00e3o HDMI 1.3. O Deep Color oferece profundidades de cor de 10 bits (mais de 1,07 bilh\u00e3o) e 12 bits (mais de 68,7 bilh\u00f5es) para uma grada\u00e7\u00e3o suave entre as cores, enquanto a compatibilidade com x.v.Color reproduz imagens naturais e realistas.<\/p>\n<p><strong>F\u00e1cil Manuten\u00e7\u00e3o<\/strong><br \/>\nPara facilitar a manuten\u00e7\u00e3o, voc\u00ea pode substituir o filtro pela lateral e a l\u00e2mpada pela parte superior do projetor. O filtro de poeira e a l\u00e2mpada s\u00e3o facilmente substitu\u00eddos mesmo ap\u00f3s a instala\u00e7\u00e3o do PT-AE3000U no teto.<\/p>\n<p><strong>Unidade de Lente Otimizada para Full HD<\/strong><br \/>\nCada lente \u00e9 cuidadosamente alinhada para garantir um equil\u00edbrio de foco uniforme do centro para as bordas da tela.<\/p>\n<p><strong>Filtro Pure Color Pro<\/strong><br \/>\nEste sistema avan\u00e7ado de filtros melhora a pureza das cores, produzindo os tons profundos e ricos que distinguem as imagens de filmes.<\/p>\n<p><strong>Tecnologia Pure Contrast Plate<\/strong><br \/>\nBloqueia com efic\u00e1cia o vazamento indesejado de luz, aumenta drasticamente a faixa din\u00e2mica e ajuda a atingir uma taxa de contraste de 60.000:1 e 1.600 l\u00famens de brilho.<\/p>\n<p><strong>Pain\u00e9is LCD Full-HD<\/strong><br \/>\nA capacidade de acionamento de velocidade dupla melhora a nitidez da proje\u00e7\u00e3o de imagens em movimento.<\/p>\n<p><strong>\u00cdris Din\u00e2mica<\/strong><br \/>\nAjusta o n\u00edvel de brilho das imagens, praticamente quadro a quadro, para maior beleza em cenas escuras e claras.<\/p>\n<p><strong>Tecnologia Smooth Screen<\/strong><br \/>\nElimina o efeito &#8220;tela de galinheiro&#8221; para imagens suaves, v\u00edvidas e semelhantes a 3D, vistas em cinemas.<\/p>\n<p><strong>Processador de Claridade de Detalhes 2<\/strong><br \/>\nOtimiza a nitidez de cada parte da imagem para reproduzir nuances finas perdidas na compress\u00e3o da imagem.<\/p>\n<p><strong>Monitor de Forma de Onda<\/strong><br \/>\nOtimiza a sa\u00edda de brilho de uma determinada fonte de sinal de v\u00eddeo.<\/p>\n<p><strong>Modo de Ajuste Dividido<\/strong><br \/>\nCongele uma cena e fa\u00e7a ajustes enquanto compara as imagens originais e ajustadas lado a lado.<\/p>\n<p><strong>Processamento Digital de 16 Bits<\/strong><br \/>\nReproduz fielmente at\u00e9 mesmo matizes sutis e varia\u00e7\u00f5es de brilho.<\/p>\n<p><strong>Gerenciamento de Cores de Cinema<\/strong><br \/>\nAjuste uma cor sem afetar as cores vizinhas, para a equaliza\u00e7\u00e3o perfeita de matiz, lumin\u00e2ncia e satura\u00e7\u00e3o<\/p>\n<p><strong>Engenharia e Design Ecologicamente Corretos<\/strong><br \/>\nUm temporizador que reduz o consumo desnecess\u00e1rio de energia.<\/p>\n<p><strong>Conformidade com a RoHS<\/strong><\/p>\n<ul>\n<li>Solda sem chumbo para a montagem de componentes em placas de circuito impresso.<\/li>\n<li>Sem cloreto de vinila na fia\u00e7\u00e3o interna.<\/li>\n<li>Sem retardantes de chamas halogenados no gabinete.<\/li>\n<li>Sem isopor nos materiais de embalagem.<\/li>\n<li>Vidro sem chumbo para a lente.<\/li>\n<\/ul>\n<p><strong>SPECS<\/strong><\/p>\n<table class=\"table_fDXOr6EpR9\" data-selenium=\"specsItemGroupTable\">\n<tbody>\n<tr class=\"pair_KqJ3Q3GPKv\" data-selenium=\"specsItemGroupTableRow\">\n<td class=\"label_KqJ3Q3GPKv firstSpecWhenNoGroupName_KqJ3Q3GPKv\" data-selenium=\"specsItemGroupTableColumnLabel\">Image Display<\/td>\n<td class=\"value_KqJ3Q3GPKv firstSpecWhenNoGroupName_KqJ3Q3GPKv\" data-selenium=\"specsItemGroupTableColumnValue\">\n<div class=\"expandableValue_KqJ3Q3GPKv\"><\/div>\n<\/td>\n<\/tr>\n<tr class=\"pair_KqJ3Q3GPKv\" data-selenium=\"specsItemGroupTableRow\">\n<td class=\"label_KqJ3Q3GPKv\" data-selenium=\"specsItemGroupTableColumnLabel\">Projector Display System<\/td>\n<td class=\"value_KqJ3Q3GPKv\" data-selenium=\"specsItemGroupTableColumnValue\">\n<div class=\"expandableValue_KqJ3Q3GPKv\">Transparent LCD panel (x 3, R\/G\/B)<\/div>\n<\/td>\n<\/tr>\n<tr class=\"pair_KqJ3Q3GPKv\" data-selenium=\"specsItemGroupTableRow\">\n<td class=\"label_KqJ3Q3GPKv\" data-selenium=\"specsItemGroupTableColumnLabel\">Native Resolution<\/td>\n<td class=\"value_KqJ3Q3GPKv\" data-selenium=\"specsItemGroupTableColumnValue\">\n<div class=\"expandableValue_KqJ3Q3GPKv\">1920 x 1080<\/div>\n<\/td>\n<\/tr>\n<tr class=\"pair_KqJ3Q3GPKv\" data-selenium=\"specsItemGroupTableRow\">\n<td class=\"label_KqJ3Q3GPKv\" data-selenium=\"specsItemGroupTableColumnLabel\">Number of Pixels<\/td>\n<td class=\"value_KqJ3Q3GPKv\" data-selenium=\"specsItemGroupTableColumnValue\">\n<div class=\"expandableValue_KqJ3Q3GPKv\">2,073,600 (1,920 x 1,080) x 3, total of 6,220,800 pixels<\/div>\n<\/td>\n<\/tr>\n<tr class=\"pair_KqJ3Q3GPKv\" data-selenium=\"specsItemGroupTableRow\">\n<td class=\"label_KqJ3Q3GPKv\" data-selenium=\"specsItemGroupTableColumnLabel\">Lumens Brightness<\/td>\n<td class=\"value_KqJ3Q3GPKv\" data-selenium=\"specsItemGroupTableColumnValue\">\n<div class=\"expandableValue_KqJ3Q3GPKv\">1,600<\/div>\n<\/td>\n<\/tr>\n<tr class=\"pair_KqJ3Q3GPKv\" data-selenium=\"specsItemGroupTableRow\">\n<td class=\"label_KqJ3Q3GPKv\" data-selenium=\"specsItemGroupTableColumnLabel\">Contrast Ratio<\/td>\n<td class=\"value_KqJ3Q3GPKv\" data-selenium=\"specsItemGroupTableColumnValue\">\n<div class=\"expandableValue_KqJ3Q3GPKv\">60,000:1<\/div>\n<\/td>\n<\/tr>\n<tr class=\"pair_KqJ3Q3GPKv\" data-selenium=\"specsItemGroupTableRow\">\n<td class=\"label_KqJ3Q3GPKv\" data-selenium=\"specsItemGroupTableColumnLabel\">Aspect Ratio<\/td>\n<td class=\"value_KqJ3Q3GPKv\" data-selenium=\"specsItemGroupTableColumnValue\">\n<div class=\"expandableValue_KqJ3Q3GPKv\">16:9<\/div>\n<\/td>\n<\/tr>\n<tr class=\"pair_KqJ3Q3GPKv\" data-selenium=\"specsItemGroupTableRow\">\n<td class=\"label_KqJ3Q3GPKv\" data-selenium=\"specsItemGroupTableColumnLabel\">System<\/td>\n<td class=\"value_KqJ3Q3GPKv\" data-selenium=\"specsItemGroupTableColumnValue\">\n<div class=\"expandableValue_KqJ3Q3GPKv\">NTSC, NTSC 4.43, PAL, PAL-M, PAL-N, PAL 60, SECAM<\/div>\n<\/td>\n<\/tr>\n<tr class=\"pair_KqJ3Q3GPKv\" data-selenium=\"specsItemGroupTableRow\">\n<td class=\"label_KqJ3Q3GPKv\" data-selenium=\"specsItemGroupTableColumnLabel\">HDTV Compatibility<\/td>\n<td class=\"value_KqJ3Q3GPKv\" data-selenium=\"specsItemGroupTableColumnValue\">\n<div class=\"expandableValue_KqJ3Q3GPKv\">Yes<\/div>\n<\/td>\n<\/tr>\n<tr class=\"pair_KqJ3Q3GPKv\" data-selenium=\"specsItemGroupTableRow\">\n<td class=\"label_KqJ3Q3GPKv\" data-selenium=\"specsItemGroupTableColumnLabel\">Lens System<\/td>\n<td class=\"value_KqJ3Q3GPKv\" data-selenium=\"specsItemGroupTableColumnValue\">\n<div class=\"expandableValue_KqJ3Q3GPKv\"><\/div>\n<\/td>\n<\/tr>\n<tr class=\"pair_KqJ3Q3GPKv\" data-selenium=\"specsItemGroupTableRow\">\n<td class=\"label_KqJ3Q3GPKv\" data-selenium=\"specsItemGroupTableColumnLabel\">Lens<\/td>\n<td class=\"value_KqJ3Q3GPKv\" data-selenium=\"specsItemGroupTableColumnValue\">\n<div class=\"expandableValue_KqJ3Q3GPKv\">F 1.9 &#8211; 3.2, f 22.4 mm-44.8 mm<\/div>\n<\/td>\n<\/tr>\n<tr class=\"pair_KqJ3Q3GPKv\" data-selenium=\"specsItemGroupTableRow\">\n<td class=\"label_KqJ3Q3GPKv\" data-selenium=\"specsItemGroupTableColumnLabel\">Focus\/Zoom Adjusting<\/td>\n<td class=\"value_KqJ3Q3GPKv\" data-selenium=\"specsItemGroupTableColumnValue\">\n<div class=\"expandableValue_KqJ3Q3GPKv\">Powered zoom (2x)\/powered focus<\/div>\n<\/td>\n<\/tr>\n<tr class=\"pair_KqJ3Q3GPKv\" data-selenium=\"specsItemGroupTableRow\">\n<td class=\"label_KqJ3Q3GPKv\" data-selenium=\"specsItemGroupTableColumnLabel\">Lens Shift<\/td>\n<td class=\"value_KqJ3Q3GPKv\" data-selenium=\"specsItemGroupTableColumnValue\">\n<div class=\"expandableValue_KqJ3Q3GPKv\">Horizontal \u00b140%, Vertical \u00b1100%<br \/>\n(Shift range is limited during simultaneous horizontal and vertical shifting.)<\/div>\n<\/td>\n<\/tr>\n<tr class=\"pair_KqJ3Q3GPKv\" data-selenium=\"specsItemGroupTableRow\">\n<td class=\"label_KqJ3Q3GPKv\" data-selenium=\"specsItemGroupTableColumnLabel\">Recommended Projection Size<\/td>\n<td class=\"value_KqJ3Q3GPKv\" data-selenium=\"specsItemGroupTableColumnValue\">\n<div class=\"expandableValue_KqJ3Q3GPKv\">40&#8243; to 200&#8243;<\/div>\n<\/td>\n<\/tr>\n<tr class=\"pair_KqJ3Q3GPKv\" data-selenium=\"specsItemGroupTableRow\">\n<td class=\"label_KqJ3Q3GPKv\" data-selenium=\"specsItemGroupTableColumnLabel\">Features<\/td>\n<td class=\"value_KqJ3Q3GPKv\" data-selenium=\"specsItemGroupTableColumnValue\">\n<div class=\"expandableValue_KqJ3Q3GPKv\"><\/div>\n<\/td>\n<\/tr>\n<tr class=\"pair_KqJ3Q3GPKv\" data-selenium=\"specsItemGroupTableRow\">\n<td class=\"label_KqJ3Q3GPKv\" data-selenium=\"specsItemGroupTableColumnLabel\">Keystone Correction<\/td>\n<td class=\"value_KqJ3Q3GPKv\" data-selenium=\"specsItemGroupTableColumnValue\">\n<div class=\"expandableValue_KqJ3Q3GPKv\">Vertical: approx. \u00b130\u00b0<\/div>\n<\/td>\n<\/tr>\n<tr class=\"pair_KqJ3Q3GPKv\" data-selenium=\"specsItemGroupTableRow\">\n<td class=\"label_KqJ3Q3GPKv\" data-selenium=\"specsItemGroupTableColumnLabel\">Ceiling Mountable<\/td>\n<td class=\"value_KqJ3Q3GPKv\" data-selenium=\"specsItemGroupTableColumnValue\">\n<div class=\"expandableValue_KqJ3Q3GPKv\">Yes<\/div>\n<\/td>\n<\/tr>\n<tr class=\"pair_KqJ3Q3GPKv\" data-selenium=\"specsItemGroupTableRow\">\n<td class=\"label_KqJ3Q3GPKv\" data-selenium=\"specsItemGroupTableColumnLabel\">Rear Screen Projection<\/td>\n<td class=\"value_KqJ3Q3GPKv\" data-selenium=\"specsItemGroupTableColumnValue\">\n<div class=\"expandableValue_KqJ3Q3GPKv\">No<\/div>\n<\/td>\n<\/tr>\n<tr class=\"pair_KqJ3Q3GPKv\" data-selenium=\"specsItemGroupTableRow\">\n<td class=\"label_KqJ3Q3GPKv\" data-selenium=\"specsItemGroupTableColumnLabel\">Projection Tilt Option<\/td>\n<td class=\"value_KqJ3Q3GPKv\" data-selenium=\"specsItemGroupTableColumnValue\">\n<div class=\"expandableValue_KqJ3Q3GPKv\">No<\/div>\n<\/td>\n<\/tr>\n<tr class=\"pair_KqJ3Q3GPKv\" data-selenium=\"specsItemGroupTableRow\">\n<td class=\"label_KqJ3Q3GPKv\" data-selenium=\"specsItemGroupTableColumnLabel\">Built-In Speaker<\/td>\n<td class=\"value_KqJ3Q3GPKv\" data-selenium=\"specsItemGroupTableColumnValue\">\n<div class=\"expandableValue_KqJ3Q3GPKv\">No<\/div>\n<\/td>\n<\/tr>\n<tr class=\"pair_KqJ3Q3GPKv\" data-selenium=\"specsItemGroupTableRow\">\n<td class=\"label_KqJ3Q3GPKv\" data-selenium=\"specsItemGroupTableColumnLabel\">Input\/Output Connectors<\/td>\n<td class=\"value_KqJ3Q3GPKv\" data-selenium=\"specsItemGroupTableColumnValue\">\n<div class=\"expandableValue_KqJ3Q3GPKv\"><\/div>\n<\/td>\n<\/tr>\n<tr class=\"pair_KqJ3Q3GPKv\" data-selenium=\"specsItemGroupTableRow\">\n<td class=\"label_KqJ3Q3GPKv\" data-selenium=\"specsItemGroupTableColumnLabel\">Input Terminals<\/td>\n<td class=\"value_KqJ3Q3GPKv\" data-selenium=\"specsItemGroupTableColumnValue\">\n<div class=\"expandableValue_KqJ3Q3GPKv\">HDMI 1.3a x 3, HDCP Compliant<br \/>\nComputer (D-sub HD 15-pin female) x 1<br \/>\nRCA-Type pin (Y, PB\/CB, PR\/CR) x 2<br \/>\nS-Video Mini DIN 4-pin x 1<br \/>\nVideo RCA-Type pin x 1<br \/>\nSerial D-sub 9-pin x 1 (RS-232C based) x 1<\/div>\n<\/td>\n<\/tr>\n<tr class=\"pair_KqJ3Q3GPKv\" data-selenium=\"specsItemGroupTableRow\">\n<td class=\"label_KqJ3Q3GPKv\" data-selenium=\"specsItemGroupTableColumnLabel\">Output Terminals<\/td>\n<td class=\"value_KqJ3Q3GPKv\" data-selenium=\"specsItemGroupTableColumnValue\">\n<div class=\"expandableValue_KqJ3Q3GPKv\">None<\/div>\n<\/td>\n<\/tr>\n<tr class=\"pair_KqJ3Q3GPKv\" data-selenium=\"specsItemGroupTableRow\">\n<td class=\"label_KqJ3Q3GPKv\" data-selenium=\"specsItemGroupTableColumnLabel\">Control Protocol<\/td>\n<td class=\"value_KqJ3Q3GPKv\" data-selenium=\"specsItemGroupTableColumnValue\">\n<div class=\"expandableValue_KqJ3Q3GPKv\">None<\/div>\n<\/td>\n<\/tr>\n<tr class=\"pair_KqJ3Q3GPKv\" data-selenium=\"specsItemGroupTableRow\">\n<td class=\"label_KqJ3Q3GPKv\" data-selenium=\"specsItemGroupTableColumnLabel\">General<\/td>\n<td class=\"value_KqJ3Q3GPKv\" data-selenium=\"specsItemGroupTableColumnValue\">\n<div class=\"expandableValue_KqJ3Q3GPKv\"><\/div>\n<\/td>\n<\/tr>\n<tr class=\"pair_KqJ3Q3GPKv\" data-selenium=\"specsItemGroupTableRow\">\n<td class=\"label_KqJ3Q3GPKv\" data-selenium=\"specsItemGroupTableColumnLabel\">Lamp (Bulb)<\/td>\n<td class=\"value_KqJ3Q3GPKv\" data-selenium=\"specsItemGroupTableColumnValue\">\n<div class=\"expandableValue_KqJ3Q3GPKv\">165 W UHM lamp<\/div>\n<\/td>\n<\/tr>\n<tr class=\"pair_KqJ3Q3GPKv\" data-selenium=\"specsItemGroupTableRow\">\n<td class=\"label_KqJ3Q3GPKv\" data-selenium=\"specsItemGroupTableColumnLabel\">Fan Noise<\/td>\n<td class=\"value_KqJ3Q3GPKv\" data-selenium=\"specsItemGroupTableColumnValue\">\n<div class=\"expandableValue_KqJ3Q3GPKv\"><i>Not Specified By Manufacturer<\/i><\/div>\n<\/td>\n<\/tr>\n<tr class=\"pair_KqJ3Q3GPKv\" data-selenium=\"specsItemGroupTableRow\">\n<td class=\"label_KqJ3Q3GPKv\" data-selenium=\"specsItemGroupTableColumnLabel\">Remote Control<\/td>\n<td class=\"value_KqJ3Q3GPKv\" data-selenium=\"specsItemGroupTableColumnValue\">\n<div class=\"expandableValue_KqJ3Q3GPKv\">Yes<\/div>\n<\/td>\n<\/tr>\n<tr class=\"pair_KqJ3Q3GPKv\" data-selenium=\"specsItemGroupTableRow\">\n<td class=\"label_KqJ3Q3GPKv\" data-selenium=\"specsItemGroupTableColumnLabel\">Power Requirements<\/td>\n<td class=\"value_KqJ3Q3GPKv\" data-selenium=\"specsItemGroupTableColumnValue\">\n<div class=\"expandableValue_KqJ3Q3GPKv\">100-240 V AC, 50\/60 Hz<\/div>\n<\/td>\n<\/tr>\n<tr class=\"pair_KqJ3Q3GPKv\" data-selenium=\"specsItemGroupTableRow\">\n<td class=\"label_KqJ3Q3GPKv\" data-selenium=\"specsItemGroupTableColumnLabel\">Dimensions<\/td>\n<td class=\"value_KqJ3Q3GPKv\" data-selenium=\"specsItemGroupTableColumnValue\">\n<div class=\"expandableValue_KqJ3Q3GPKv\">18-1\/8 x 5-1\/8 x 11-25\/32&#8243; (460 x 130 x 300 mm)<\/div>\n<\/td>\n<\/tr>\n<tr class=\"pair_KqJ3Q3GPKv\" data-selenium=\"specsItemGroupTableRow\">\n<td class=\"label_KqJ3Q3GPKv\" data-selenium=\"specsItemGroupTableColumnLabel\">Weight<\/td>\n<td class=\"value_KqJ3Q3GPKv\" data-selenium=\"specsItemGroupTableColumnValue\">\n<div class=\"expandableValue_KqJ3Q3GPKv\">16.1 lb (7.3 kg)<\/div>\n<\/td>\n<\/tr>\n<\/tbody>\n<\/table>\n","protected":false},"excerpt":{"rendered":"<p>O Panasonic PT-AE3000U utiliza uma unidade de lente totalmente otimizada para HD, composta por 16 elementos em 12 grupos, para produzir imagens sem distor\u00e7\u00e3o e incrivelmente belas. A lente \u00e9 o cora\u00e7\u00e3o do sistema, mas apenas parte do que cria essas belas imagens. Uma \u00edris din\u00e2mica de quinta gera\u00e7\u00e3o analisa cada imagem para criar o [&hellip;]<\/p>\n","protected":false},"featured_media":21514,"template":"","meta":{"_acf_changed":false},"product_brand":[],"product_cat":[168,258,86,85],"product_tag":[],"class_list":{"0":"post-21496","1":"product","2":"type-product","3":"status-publish","4":"has-post-thumbnail","6":"product_cat-marcas","7":"product_cat-panasonic","8":"product_cat-projetor","9":"product_cat-video","11":"first","12":"instock","13":"sold-individually","14":"shipping-taxable","15":"purchasable","16":"product-type-simple"},"acf":[],"aioseo_notices":[],"_links":{"self":[{"href":"https:\/\/hificlub.com.br\/loja\/wp-json\/wp\/v2\/product\/21496","targetHints":{"allow":["GET"]}}],"collection":[{"href":"https:\/\/hificlub.com.br\/loja\/wp-json\/wp\/v2\/product"}],"about":[{"href":"https:\/\/hificlub.com.br\/loja\/wp-json\/wp\/v2\/types\/product"}],"wp:featuredmedia":[{"embeddable":true,"href":"https:\/\/hificlub.com.br\/loja\/wp-json\/wp\/v2\/media\/21514"}],"wp:attachment":[{"href":"https:\/\/hificlub.com.br\/loja\/wp-json\/wp\/v2\/media?parent=21496"}],"wp:term":[{"taxonomy":"product_brand","embeddable":true,"href":"https:\/\/hificlub.com.br\/loja\/wp-json\/wp\/v2\/product_brand?post=21496"},{"taxonomy":"product_cat","embeddable":true,"href":"https:\/\/hificlub.com.br\/loja\/wp-json\/wp\/v2\/product_cat?post=21496"},{"taxonomy":"product_tag","embeddable":true,"href":"https:\/\/hificlub.com.br\/loja\/wp-json\/wp\/v2\/product_tag?post=21496"}],"curies":[{"name":"wp","href":"https:\/\/api.w.org\/{rel}","templated":true}]}}