{"id":20882,"date":"2025-04-13T21:00:23","date_gmt":"2025-04-14T00:00:23","guid":{"rendered":"https:\/\/hificlub.com.br\/loja\/?post_type=product&#038;p=20882"},"modified":"2026-05-02T21:26:02","modified_gmt":"2026-05-03T00:26:02","slug":"mcintosh-ma6500-amplificador-integrado-120-watts","status":"publish","type":"product","link":"https:\/\/hificlub.com.br\/loja\/produto\/mcintosh-ma6500-amplificador-integrado-120-watts\/","title":{"rendered":"MCINTOSH MA6500 Amplificador Integrado com MM Phono 120 watts"},"content":{"rendered":"<p>O MA6500 inclui componentes premium.<br \/>\nPot\u00eancia de sa\u00edda<br \/>\nO MA6500 consiste em dois amplificadores de pot\u00eancia separados, cada canal com capacidade para 200 watts e sofisticados<br \/>\nCentro de controle adotado em uma \u00fanica unidade compacta com menos de 0,005%.<br \/>\nGarantia de energia e tecnologias silenciosas McIntosh<br \/>\nEle incorpora v\u00e1rios recursos que ajudar\u00e3o, al\u00e9m da comuta\u00e7\u00e3o eletromagn\u00e9tica.<br \/>\nNo cora\u00e7\u00e3o do sistema de garantia de energia do MA6500 est\u00e1 a prote\u00e7\u00e3o de energia, prote\u00e7\u00e3o contra cortes, que literalmente reduz o volume de entrada ao se mover em velocidade para manter a distor\u00e7\u00e3o abaixo de 2% e garantir uma sa\u00edda sem cortes.<br \/>\nO monitor de plant\u00e3o possui prote\u00e7\u00e3o de corrente, corte t\u00e9rmico, retardo de ativa\u00e7\u00e3o e prote\u00e7\u00e3o instant\u00e2nea de partida suave.<br \/>\nA comuta\u00e7\u00e3o eletromagn\u00e9tica silenciosa proporciona ao MA6500 uma comuta\u00e7\u00e3o sem distor\u00e7\u00e3o. Ele cont\u00e9m um tubo de vidro contendo g\u00e1s livre de oxig\u00eanio e dois fios de sinal.<br \/>\nEsperando que a tens\u00e3o CC aumente, a bobina de cobre e o pl\u00e1stico absorvedor de choque criam um campo magn\u00e9tico que transmite o sinal de entrada e completa o circuito.<\/p>\n<p>Destaques<br \/>\n2 x 120\/200 watts (8\/4 ohms)<br \/>\nAmpla largura de banda de pot\u00eancia com distor\u00e7\u00e3o ultrabaixa<br \/>\nSistema especial de garantia de energia para Macintosh<br \/>\nMedidores iluminados e responsivos<br \/>\nComuta\u00e7\u00e3o eletromagn\u00e9tica silenciosa<br \/>\nControle de volume de corte preciso<br \/>\nCompensa\u00e7\u00e3o de intensidade sonora<br \/>\nControles de tom personalizados McIntosh<br \/>\n6 sele\u00e7\u00f5es de fontes, incluindo phono<br \/>\nAcomode mais fontes com 2 pares de crossover de alto-falantes<br \/>\nSeletor A\/V McIntosh MVS3<br \/>\nSa\u00edda de dados de controle para o componente de origem<br \/>\nControle remoto de energia<br \/>\nControle remoto de luzes, telas e persianas com o controlador dom\u00e9stico McIntosh HC1<br \/>\nFonte de alimenta\u00e7\u00e3o regulada eletronicamente<br \/>\nConectores de entrada e sa\u00edda banhados a ouro<br \/>\nResfriamento por convec\u00e7\u00e3o sem ventoinha<br \/>\nEstrutura modular com chassi de a\u00e7o<\/p>\n<p>Especifica\u00e7\u00f5es t\u00e9cnicas<br \/>\nPot\u00eancia de sa\u00edda:<br \/>\nPot\u00eancia m\u00e9dia cont\u00ednua m\u00ednima de sa\u00edda de onda senoidal por canal, todos os canais operando:<br \/>\n200 watts em carga de 4 ohms<br \/>\n120 watts em carga de 8 ohms<br \/>\nFaixa de pot\u00eancia nominal: 20 Hz a 20.000 Hz<br \/>\nDistor\u00e7\u00e3o Harm\u00f4nica Total:<br \/>\nDistor\u00e7\u00e3o Harm\u00f4nica Total M\u00e1xima em qualquer pot\u00eancia<br \/>\nN\u00edvel de 250 miliwatts at\u00e9 a pot\u00eancia nominal de sa\u00edda: 0,005% para cargas de 4 ou 8 ohms<br \/>\nHeadroom din\u00e2mico: 2,4 dB<br \/>\nResposta de frequ\u00eancia:<br \/>\n+0, -0,5dB de 20Hz a 20.000Hz<br \/>\n+0, -3dB de 10Hz a 100.000Hz<br \/>\nSensibilidade:<br \/>\nFono, 2,5 mV (0,5 mV IHF) para sa\u00edda nominal de 2,5 V<br \/>\nAlto n\u00edvel, 250 mV (50 mV IHF) para sa\u00edda nominal de 2,5 V<br \/>\nEntrada de amplificador de pot\u00eancia, 2,5 V para sa\u00edda nominal<br \/>\nRela\u00e7\u00e3o sinal-ru\u00eddo (ponderada A)<br \/>\n90dB (84dB IHF) abaixo da entrada de 10mV, 100dB (90dB IHF) abaixo da sa\u00edda nominal de entrada Phono,<br \/>\nAlto n\u00edvel 110dB abaixo da sa\u00edda nominal, amplificador de pot\u00eancia<br \/>\nDistor\u00e7\u00e3o de intermodula\u00e7\u00e3o:<br \/>\nDistor\u00e7\u00e3o m\u00e1xima de intermodula\u00e7\u00e3o se o pico de sa\u00edda instant\u00e2neo por canal n\u00e3o exceder<br \/>\nO dobro da sa\u00edda nominal para qualquer combina\u00e7\u00e3o de frequ\u00eancias de 20 Hz a 20.000 Hz com todos os canais<br \/>\nOpera\u00e7\u00e3o: 0,005% para cargas de 4 ou 8 ohms<br \/>\nImped\u00e2ncia de entrada:<br \/>\nFono, 47K ohm, 65pF<br \/>\nAlto n\u00edvel, 22K ohm<br \/>\nSinal de entrada m\u00e1ximo<br \/>\nFono, 90mV<br \/>\nAlto n\u00edvel, 8V<br \/>\nTens\u00e3o m\u00e1xima de sa\u00edda do pr\u00e9-amplificador:<br \/>\nPhono, 8V na sa\u00edda de fita<br \/>\nAlto n\u00edvel, 8 V na sa\u00edda da fita<br \/>\nSa\u00edda principal, 8 V na sa\u00edda do pr\u00e9-amplificador<br \/>\nGanho de tens\u00e3o:<br \/>\nAlto n\u00edvel para banda: 0dB<br \/>\nAlto n\u00edvel para o principal: 20dB<br \/>\nFator de amortecimento: 120 a 4 ohms &#8211; 230 a 8 ohms<br \/>\nRequisitos de energia:<br \/>\n100 Volts, 7,4 amperes a 50\/60 Hz<br \/>\n110 Volts, 6,2 amperes a 50\/60 Hz<br \/>\n120 Volts, 6,2 amperes a 50\/60 Hz<br \/>\n220 Volts, 3,1 amperes a 50\/60 Hz<br \/>\n230 Volts, 3,1 amperes a 50\/60 Hz<br \/>\n240 Volts, 3,1 amperes a 50\/60 Hz<br \/>\nDimens\u00f5es: Painel frontal: 44,45 cm (17-1\/2 polegadas) de largura, 18,10 cm (7-1\/8 polegadas) de altura. Profundidade atr\u00e1s do painel de montagem frontal 16-41,91 cm (1\/2 polegada). Espa\u00e7o necess\u00e1rio na frente<br \/>\nO painel frontal mede 1 polegada (2,54 cm) para bot\u00f5es.<br \/>\nPeso: 74,5 libras (33,8 kg) l\u00edquidos, 92,5 libras (41,7 kg) na caixa de remessa<\/p>\n","protected":false},"excerpt":{"rendered":"<p>O MA6500 inclui componentes premium. Pot\u00eancia de sa\u00edda O MA6500 consiste em dois amplificadores de pot\u00eancia separados, cada canal com capacidade para 200 watts e sofisticados Centro de controle adotado em uma \u00fanica unidade compacta com menos de 0,005%. Garantia de energia e tecnologias silenciosas McIntosh Ele incorpora v\u00e1rios recursos que ajudar\u00e3o, al\u00e9m da comuta\u00e7\u00e3o [&hellip;]<\/p>\n","protected":false},"featured_media":20886,"template":"","meta":{"_acf_changed":false},"product_brand":[],"product_cat":[27,51,39],"product_tag":[],"class_list":{"0":"post-20882","1":"product","2":"type-product","3":"status-publish","4":"has-post-thumbnail","6":"product_cat-amplificador","7":"product_cat-integrado","8":"product_cat-mcintosh","10":"first","11":"instock","12":"sold-individually","13":"shipping-taxable","14":"purchasable","15":"product-type-simple"},"acf":[],"aioseo_notices":[],"_links":{"self":[{"href":"https:\/\/hificlub.com.br\/loja\/wp-json\/wp\/v2\/product\/20882","targetHints":{"allow":["GET"]}}],"collection":[{"href":"https:\/\/hificlub.com.br\/loja\/wp-json\/wp\/v2\/product"}],"about":[{"href":"https:\/\/hificlub.com.br\/loja\/wp-json\/wp\/v2\/types\/product"}],"wp:featuredmedia":[{"embeddable":true,"href":"https:\/\/hificlub.com.br\/loja\/wp-json\/wp\/v2\/media\/20886"}],"wp:attachment":[{"href":"https:\/\/hificlub.com.br\/loja\/wp-json\/wp\/v2\/media?parent=20882"}],"wp:term":[{"taxonomy":"product_brand","embeddable":true,"href":"https:\/\/hificlub.com.br\/loja\/wp-json\/wp\/v2\/product_brand?post=20882"},{"taxonomy":"product_cat","embeddable":true,"href":"https:\/\/hificlub.com.br\/loja\/wp-json\/wp\/v2\/product_cat?post=20882"},{"taxonomy":"product_tag","embeddable":true,"href":"https:\/\/hificlub.com.br\/loja\/wp-json\/wp\/v2\/product_tag?post=20882"}],"curies":[{"name":"wp","href":"https:\/\/api.w.org\/{rel}","templated":true}]}}