{"id":20846,"date":"2025-04-11T06:35:28","date_gmt":"2025-04-11T09:35:28","guid":{"rendered":"https:\/\/hificlub.com.br\/loja\/?post_type=product&#038;p=20846"},"modified":"2025-05-27T16:03:23","modified_gmt":"2025-05-27T19:03:23","slug":"classe-ssp300-preamplificadoe-e-processador-av-7-1","status":"publish","type":"product","link":"https:\/\/hificlub.com.br\/loja\/produto\/classe-ssp300-preamplificadoe-e-processador-av-7-1\/","title":{"rendered":"CLASSE SSP300 Pre Processador AV 7.1"},"content":{"rendered":"<p>Descri\u00e7\u00e3o e Design<br \/>\nO SSP-300 \u00e9 um dos dois pr\u00e9-processadores de som surround da Class\u00e9; o SSP-600, mais caro, possui os mesmos circuitos de processamento digital de \u00e1udio e v\u00eddeo, os mesmos caminhos de \u00e1udio single-ended e os mesmos recursos, mas difere do SSP-300 por ter entradas e sa\u00eddas de \u00e1udio balanceadas e single-ended. Ele tamb\u00e9m possui uma placa de circuito anal\u00f3gico e fonte de alimenta\u00e7\u00e3o adicionais. Costumo preferir produtos que estejam no &#8220;ponto ideal&#8221; da linha em vez de produtos de \u00faltima gera\u00e7\u00e3o, e n\u00e3o encontrei grandes benef\u00edcios em conex\u00f5es balanceadas, ent\u00e3o solicitei o SSP-300 em vez do SSP-600 para an\u00e1lise.<\/p>\n<p>O SSP-300 possui o design industrial distinto da Class\u00e9, com cantos frontais arredondados e acabamento em alum\u00ednio escovado. O painel frontal \u00e9 dominado pelo painel LCD touchscreen e um controle de volume gigante. A Class\u00e9 reconhece a import\u00e2ncia do controle de vibra\u00e7\u00e3o; o chassi \u00e9 extremamente s\u00f3lido, feito de a\u00e7o e alum\u00ednio, e os p\u00e9s incorporam material NavcomTM compat\u00edvel.<br \/>\nA apar\u00eancia geral \u00e9 uma esp\u00e9cie de eleg\u00e2ncia discreta, e a qualidade do encaixe e do acabamento \u00e9 de primeira qualidade. O painel traseiro possui uma ampla gama de entradas e sa\u00eddas, incluindo entradas\/sa\u00eddas anal\u00f3gicas de 7.1 canais, AES\/EBU, bem como entradas digitais coaxiais e TosLink, v\u00e1rias portas de controle, incluindo gatilho DC, portas de controle de barramento CAN da Class\u00e9 (futuras aplica\u00e7\u00f5es de controle e comunica\u00e7\u00e3o) e RS-232 (para atualiza\u00e7\u00e3o com futuros recursos baseados em software e adi\u00e7\u00e3o de acess\u00f3rios de controle externo, como grandes controles remotos touchscreen). Um conector de entrada presente no SSP-300 que voc\u00ea n\u00e3o v\u00ea em muitos pr\u00e9-processadores de som surround \u00e9 uma entrada de microfone. N\u00e3o, n\u00e3o \u00e9 para karaok\u00ea, mas faz parte de um sistema de autocalibra\u00e7\u00e3o para o qual um microfone \u00e9 fornecido.<\/p>\n<p>O controle remoto \u00e9 pesado, com acabamento em alum\u00ednio escovado, e conta com uma s\u00e9rie de bot\u00f5es agradavelmente organizada, incluindo um que ativa a retroilumina\u00e7\u00e3o dos bot\u00f5es. A disposi\u00e7\u00e3o l\u00f3gica dos bot\u00f5es \u00e9 \u00fanica, com uma exce\u00e7\u00e3o: tanto os bot\u00f5es de sele\u00e7\u00e3o de entrada para cima\/baixo quanto os de volume para cima\/baixo s\u00e3o triangulares, quase do mesmo tamanho e bem pr\u00f3ximos um do outro. Portanto, se voc\u00ea estiver usando o tato, \u00e9 f\u00e1cil pressionar um dos bot\u00f5es de entrada quando o que voc\u00ea deseja \u00e9 alterar o volume. Gosto que os bot\u00f5es de volume sejam os maiores do controle remoto e claramente separados dos demais. H\u00e1 quatro bot\u00f5es de fun\u00e7\u00e3o que podem ser programados para controlar aspectos do funcionamento do SSP-300 n\u00e3o cobertos por outros bot\u00f5es do controle remoto ( por exemplo , acessar um submenu espec\u00edfico).<\/p>\n<p>As fun\u00e7\u00f5es de processamento surround do SSP-300 incluem Dolby Digital EX, Dolby Pro Logic II (mas n\u00e3o o mais recente Pro Logic IIx), DTS-ES Matrix, Discrete e Neo:6, bem como THX Ultra II Music e Ultra II Movie. Todas as fun\u00e7\u00f5es de processamento digital s\u00e3o gerenciadas por um DSP Motorola 56367 de 32 bits, com convers\u00e3o A\/D por AKM AK4524s e convers\u00e3o D\/A por AKM 4394s, todos os conversores operando a 24 bits\/96 kHz. Class\u00e9 ressalta que, mais do que a escolha de chips DSP, A\/D e D\/A, o desempenho sonoro de um produto como o SSP-300 depende de muitos pequenos refinamentos \u2014 uso de uma tens\u00e3o ligeiramente maior ou menor em uma determinada parte do circuito, sele\u00e7\u00e3o de um dentre meia d\u00fazia de resistores de filme de 0,1% do mesmo valor, todos com o mesmo desempenho medido \u2014 validado por extensos testes de audi\u00e7\u00e3o.<\/p>\n<p>Em termos de v\u00eddeo, o SSP-300 possui comuta\u00e7\u00e3o de ampla largura de banda (150 MHz, isolamento de 100 dB de diafonia) utilizando AD8185s da Analog Devices. O SSP-300 tamb\u00e9m possui transcodifica\u00e7\u00e3o de v\u00eddeo, permitindo que todas as fontes de v\u00eddeo em defini\u00e7\u00e3o padr\u00e3o (composto, S-v\u00eddeo ou componente) sejam processadas por decodificadores\/codificadores de v\u00eddeo de 10 bits para produzir sa\u00eddas em todos os formatos.<\/p>\n<p>Especifica\u00e7\u00f5es<br \/>\nModos de processamento de \u00e1udio: Est\u00e9reo, Multicanal anal\u00f3gico 6-8 canais, Dolby Pro Logic II, Dolby Digital 5.1, Dolby Digital EX, DTS, DTS-ES Matrix, DTS -ES Discreto, DTS Neo: 6, Filme THX Ultra II, M\u00fasica DTS Ultra II M\u00fasica<br \/>\nEntradas de \u00e1udio anal\u00f3gicas: 11 pares (RCA), anal\u00f3gico de 7,1 canais<br \/>\nEntradas de \u00e1udio digital: Quatro RCA S \/ PDIF, \u00f3ptica TosLink, uma<br \/>\nanal\u00f3gica AES \/ EBU sa\u00eddas de \u00e1udio: Oito entradas principais (RCA), tr\u00eas pares (RCA), zona de um par (RCA)<br \/>\nSa\u00edda de \u00e1udio digital: Uma entrada de<br \/>\nv\u00eddeo TosLink : Quatro compostas, cinco S-Video, tr\u00eas componentes.<br \/>\nSa\u00eddas de v\u00eddeo: Quatro compostos, tr\u00eas S-Video, um componente.<br \/>\nOutras conex\u00f5es: RS-232, barramento CAN Class\u00e9, microfone, entrada IR (principal e zona), 2 sa\u00eddas de disparo CC.<br \/>\nResposta de frequ\u00eancia: DC-200kHz +\/- 0.1dB<br \/>\nDistor\u00e7\u00e3o: (THD + ru\u00eddo): 100dB<br \/>\nCrosstalk (qualquer entrada para sa\u00edda):&gt; -120dB @ 1kHz<br \/>\nConsumo de energia avaliado: 30W<br \/>\nConsumo de energia inativo: 29W<br \/>\nDimens\u00f5es totais (WHD): 17,5 x 4,75 x 16,5 &#8221;<br \/>\nPeso l\u00edquido: 30 libras.<\/p>\n","protected":false},"excerpt":{"rendered":"<p>Descri\u00e7\u00e3o e Design O SSP-300 \u00e9 um dos dois pr\u00e9-processadores de som surround da Class\u00e9; o SSP-600, mais caro, possui os mesmos circuitos de processamento digital de \u00e1udio e v\u00eddeo, os mesmos caminhos de \u00e1udio single-ended e os mesmos recursos, mas difere do SSP-300 por ter entradas e sa\u00eddas de \u00e1udio balanceadas e single-ended. Ele [&hellip;]<\/p>\n","protected":false},"featured_media":20847,"template":"","meta":{"_acf_changed":false},"product_brand":[],"product_cat":[123,21,23],"product_tag":[],"class_list":{"0":"post-20846","1":"product","2":"type-product","3":"status-publish","4":"has-post-thumbnail","6":"product_cat-classe","7":"product_cat-home-theater","8":"product_cat-processador","10":"first","11":"instock","12":"sold-individually","13":"shipping-taxable","14":"purchasable","15":"product-type-simple"},"acf":[],"aioseo_notices":[],"_links":{"self":[{"href":"https:\/\/hificlub.com.br\/loja\/wp-json\/wp\/v2\/product\/20846","targetHints":{"allow":["GET"]}}],"collection":[{"href":"https:\/\/hificlub.com.br\/loja\/wp-json\/wp\/v2\/product"}],"about":[{"href":"https:\/\/hificlub.com.br\/loja\/wp-json\/wp\/v2\/types\/product"}],"wp:featuredmedia":[{"embeddable":true,"href":"https:\/\/hificlub.com.br\/loja\/wp-json\/wp\/v2\/media\/20847"}],"wp:attachment":[{"href":"https:\/\/hificlub.com.br\/loja\/wp-json\/wp\/v2\/media?parent=20846"}],"wp:term":[{"taxonomy":"product_brand","embeddable":true,"href":"https:\/\/hificlub.com.br\/loja\/wp-json\/wp\/v2\/product_brand?post=20846"},{"taxonomy":"product_cat","embeddable":true,"href":"https:\/\/hificlub.com.br\/loja\/wp-json\/wp\/v2\/product_cat?post=20846"},{"taxonomy":"product_tag","embeddable":true,"href":"https:\/\/hificlub.com.br\/loja\/wp-json\/wp\/v2\/product_tag?post=20846"}],"curies":[{"name":"wp","href":"https:\/\/api.w.org\/{rel}","templated":true}]}}