{"id":20359,"date":"2025-03-06T07:32:33","date_gmt":"2025-03-06T10:32:33","guid":{"rendered":"https:\/\/hificlub.com.br\/loja\/?post_type=product&#038;p=20359"},"modified":"2026-03-03T22:18:09","modified_gmt":"2026-03-04T01:18:09","slug":"marantz-reference-pm10-s1-gold-amplificador-integrado-mm-mc-phono-dual-mono-200-watts","status":"publish","type":"product","link":"https:\/\/hificlub.com.br\/loja\/produto\/marantz-reference-pm10-s1-gold-amplificador-integrado-mm-mc-phono-dual-mono-200-watts\/","title":{"rendered":"MARANTZ REFERENCE PM10 S1 Gold Amplificador Integrado MM MC Phono Dual Mono 200 watts"},"content":{"rendered":"<p>Os amplificadores est\u00e3o no cerne da hist\u00f3ria da Marantz: seu primeiro produto foi um pr\u00e9-amplificador de alta qualidade projetado para aproveitar ao m\u00e1ximo o ent\u00e3o novo formato LP. E com uma hist\u00f3ria que se estende at\u00e9 o nov\u00edssimo Audio Consolette \u2013 que Saul B Marantz come\u00e7ou a fabricar em 1952, e que logo se tornou o primeiro produto real Marantz, o modelo 1 preamplificador \u2013 n\u00e3o \u00e9 nenhuma surpresa que a mais recente s\u00e9rie Premium da empresa Modelo, o PM-10, \u00e9 um amplificador integrado constru\u00eddo para definir novos padr\u00f5es com todos os formatos de m\u00fasica de hoje.Na verdade, este amplificador integrado massivamente poderoso \u00e9 constru\u00eddo mais como um pr\u00e9-amplificador separado high-end e um par de amplificadores de pot\u00eancia monobloco, mas tudo em um caso bem acabado, projetado para maximizar o desempenho e criar uma declara\u00e7\u00e3o visual forte.Fazendo um amplificador integrado com dupla montagem monobloco montagem em um gabinete de tamanho normal \u00e9 poss\u00edvel atrav\u00e9s da utiliza\u00e7\u00e3o de um amplificador de comuta\u00e7\u00e3o est\u00e9reo. Seu objetivo? Para revelar o envolvimento musical m\u00e1ximo de tudo, desde LPs at\u00e9 os mais recentes arquivos de \u00e1udio de alta resolu\u00e7\u00e3o e al\u00e9m, e com todo o poder e controle necess\u00e1rios para conduzir os alto-falantes mais exigentes, permitindo que eles executem no seu melhor.<br \/>\nProjeto OtimizadoAlcan\u00e7ar essa qualidade, ao mesmo tempo em que oferece uma pot\u00eancia l\u00edder da classe, significa otimizar cada se\u00e7\u00e3o do amplificador para sua tarefa, assim como seria feito em um projeto usando um pr\u00e9-amplificador separado e amplificadores de pot\u00eancia monobloco.Comumente, os amplificadores usam um \u00fanico transformador, com a regula\u00e7\u00e3o de fonte de alimenta\u00e7\u00e3o separada para as se\u00e7\u00f5es do amplificador de pot\u00eancia e do pr\u00e9-amplificador; O PM-10 leva as coisas muito mais longe. Um design dual-mono, tem fontes de alimenta\u00e7\u00e3o separadas para o pr\u00e9-amplificador e cada um dos canais do amplificador de pot\u00eancia, com um transformador dedicado ao pr\u00e9-amplificador para garantir que os sinais delicados que passam por essa se\u00e7\u00e3o do amplificador n\u00e3o s\u00e3o afetados pelas demandas do De alta pot\u00eancia. H\u00e1 tamb\u00e9m um fornecimento dedicado para o microprocessador controlar o ajuste de volume, sele\u00e7\u00e3o de entrada e assim por diante, garantindo que nenhum ru\u00eddo da se\u00e7\u00e3o de controle encontra seu caminho para o caminho de \u00e1udio.<br \/>\nAnal\u00f3gico puroOutra parte importante da redu\u00e7\u00e3o de ru\u00eddo aqui \u00e9 o fato de que o PM-10 \u00e9 um amplificador puramente anal\u00f3gico: muitos projetos rivais s\u00e3o hoje incluindo convers\u00e3o digital para anal\u00f3gico, ou adotando amplifica\u00e7\u00e3o digital e controle de volume, mas Marantz mant\u00e9m as coisas limpas E simples como poss\u00edvel com seu design totalmente anal\u00f3gico altamente desenvolvido.Por qu\u00ea? Bem, embora possa parecer conveniente ter um DAC no amplificador, os circuitos digitais s\u00e3o, por sua pr\u00f3pria natureza, barulhentos (no sentido el\u00e9trico) e podem interferir com os delicados sinais anal\u00f3gicos que passam pelo amplificador. \u00c9 por isso que a Marantz escolhe projetar sua gama Premium Series com qualquer convers\u00e3o digital para anal\u00f3gico em seu Super Audio CD ou players de m\u00fasica em rede, mantendo seus amplificadores t\u00e3o puros e limpos quanto poss\u00edvel.Al\u00e9m disso, para aproveitar ao m\u00e1ximo essa pureza de design, o PM-10 tamb\u00e9m foi projetado com a op\u00e7\u00e3o de trabalhar em \u2018Purest Mode\u2019: quando ativado, isso desativa quaisquer circuitos sup\u00e9rfluos, dando ao sinal o caminho mais limpo poss\u00edvel atrav\u00e9s do amplificador. H\u00e1 tamb\u00e9m uma entrada Power Amp, levando o sinal diretamente da se\u00e7\u00e3o de entrada para o est\u00e1gio de pot\u00eancia para permitir que a unidade funcione como um amplificador de pot\u00eancia pura.<br \/>\nTotalmente equilibrado, da entrada para a se\u00e7\u00e3o de pot\u00eancia finalOs benef\u00edcios do layout de \u00e1udio balanceado t\u00eam sido entendidos h\u00e1 muito tempo: ao contr\u00e1rio de um layout convencional, metade do caminho do sinal est\u00e1 no plano de terra de um amplificador ou um cabo, o funcionamento balanceado usa dois condutores ou caminhos \u2013 um para positivo e outro para Negativo \u2013 e um terreno totalmente separado para proteg\u00ea-los.O benef\u00edcio nos cabos \u00e9 que qualquer interfer\u00eancia externa afetar\u00e1 tanto os condutores positivo quanto negativo, mas como os sinais que eles est\u00e3o carregando s\u00e3o a imagem espelhada uns dos outros, eles v\u00e3o mutuamente cancelar qualquer efeito \u2013 raz\u00e3o pela qual tais cabos s\u00e3o amplamente utilizados em pro \u00c1udio e aplica\u00e7\u00f5es de est\u00fadio, onde as fontes de zumbido s\u00e3o comuns, e os mais longos cabos envolvidos torna-os particularmente propensos a pegar interfer\u00eancia.O mesmo \u00e9 verdadeiro quando se aplica o funcionamento equilibrado ao circuito de \u00e1udio: n\u00e3o s\u00f3 esta imagem espelhada do esquema, na qual componentes id\u00eanticos est\u00e3o a manipular as \u201cpernas\u201d positivas e negativas do sinal, anula qualquer interfer\u00eancia potencial, tamb\u00e9m significa Qualquer ru\u00eddo ou erros introduzidos nos circuitos tamb\u00e9m ser\u00e3o cancelados.Um benef\u00edcio adicional \u00e9 que o trabalho equilibrado tamb\u00e9m usa sinais mais fortes do que os projetos desequilibrados, simples porque ambas as metades do circuito est\u00e3o ativas \u2013 ao inv\u00e9s de apenas ter um meio de empurrar e outro apenas fornecendo o solo, aqui temos uma opera\u00e7\u00e3o de \u2018push pull\u2019. E um sinal mais forte significa um menos suscet\u00edvel a qualquer interfer\u00eancia externa: quanto mais sinal houver, menos \u00f3bvio ser\u00e1 qualquer ru\u00eddo.O PM-10 usa um layout totalmente balanceado, desde a se\u00e7\u00e3o de entrada at\u00e9 a se\u00e7\u00e3o final do amplificador de pot\u00eancia: tem dois conjuntos de entradas balanceadas e tamb\u00e9m entradas de n\u00edvel de linha desequilibradas convencionais (al\u00e9m de um est\u00e1gio phono de alta qualidade) , O sinal destas entradas sendo convertido em trabalho equilibrado antes de ser passado atrav\u00e9s do amplificador.Mantendo o sinal equilibrado todo o modo atrav\u00e9s do amplificador, e combinando isso com design otimizado de fonte de alimenta\u00e7\u00e3o, os engenheiros da Marantz s\u00e3o capazes de alcan\u00e7ar rejei\u00e7\u00e3o de ru\u00eddo m\u00e1ximo em todo o caminho de \u00e1udio, ea pureza de sinal mais alto poss\u00edvel.<br \/>\nAmplifica\u00e7\u00e3o de Pot\u00eancia Balanceada, Bridged<br \/>\nPara o PM-10, Marantz queria o som mais puro poss\u00edvel, al\u00e9m do poder e din\u00e2mica para dirigir e controlar alguns dos alto-falantes mais exigentes do mundo. Para conseguir isso, eles continuaram o trabalho equilibrado encontrado na fase de pr\u00e9-amplifica\u00e7\u00e3o o caminho at\u00e9 o est\u00e1gio do amplificador de pot\u00eancia para suas sa\u00eddas de alto-falante, e tamb\u00e9m adotou o trabalho em ponte para desenvolver a energia necess\u00e1ria, mantendo esse design equilibrado. Este True Balanced Concept realiza um gerenciamento de sinal livre do solo da entrada para a sa\u00edda.Sobre o que \u00e9 o amplificador em ponte? Em um amplificador convencional, um alto-falante \u00e9 acionado pela parte positiva e negativa de um \u00fanico est\u00e1gio de sa\u00edda por canal, mas um amplificador em ponte faz as coisas de maneira diferente, usando dois est\u00e1gios de amplificador separados por canal para conduzir um alto-falante. Para simplificar muito as coisas: um amp empurra o alto-falante cones e c\u00fapulas, enquanto o outro puxa-los de volta.Esse controle muito maior sobre a forma como as unidades de unidade de alto-falante se comportam, em que o amplificador pode faz\u00ea-los come\u00e7ar a se mover, e parar, muito mais precisamente \u00e9 muito importante para a defini\u00e7\u00e3o ea \u201cvelocidade\u201d do sistema, o que significa que pode tocar m\u00fasica com muito Melhores controles r\u00edtmicos e espaciais, para n\u00e3o mencionar fazer vozes e sons de instrumentos mais realistas.No PM-10, os amplificadores em ponte no est\u00e1gio de pot\u00eancia \u2013 um total de quatro canais amplificadores \u2013 permitem combinar este controle com uma enorme sa\u00edda de energia: ele fornece 2x200W em uma carga de 8ohm e pode lidar facilmente com alto-falantes exigentes ou aqueles Cuja imped\u00e2ncia varia amplamente com a freq\u00fc\u00eancia, gra\u00e7as a uma sa\u00edda de 2x400W em 4ohms.Isso garante n\u00e3o apenas o poder de conduzir at\u00e9 mesmo os alto-falantes poderosos para n\u00edveis altos, mantendo o som limpo e sem distor\u00e7\u00e3o, mas tamb\u00e9m o \u201caperto\u201d para garantir que esses alto-falantes est\u00e3o fazendo exatamente o que a m\u00fasica exige. Tudo isso \u00e9 poss\u00edvel gra\u00e7as ao uso da tecnologia de amplifica\u00e7\u00e3o de comuta\u00e7\u00e3o mais recente, permitindo um design de amplificador integrado compacto e ainda cumprindo os requisitos de desempenho da Marantz.<br \/>\nComponentes cuidadosamente selecionadosA Marantz h\u00e1 muito construiu uma reputa\u00e7\u00e3o de escolher os melhores componentes poss\u00edveis para seus produtos da S\u00e9rie Premium \u2013 e se n\u00e3o conseguir encontrar o que quer, projeta e constr\u00f3i a pe\u00e7a necess\u00e1ria.Esse pensamento informou o projeto do M\u00f3dulo de Amplificador Hiper Din\u00e2mico (ou HDAM): infeliz com a qualidade de \u00e1udio dispon\u00edvel a partir de componentes de IC \u2018amplificador em um chip\u2019, a empresa projetou sua pr\u00f3pria alternativa, sob a forma de um m\u00f3dulo de amplificador miniatura inteiramente constru\u00eddo Componentes discretos. Como com todas essas decis\u00f5es de projeto, os engenheiros selecionaram e otimizaram o HDAM atrav\u00e9s de extensa escuta em instala\u00e7\u00f5es dedicadas da Marantz na Europa e no Jap\u00e3o e, desde sua introdu\u00e7\u00e3o, esse componente foi desenvolvido e tamb\u00e9m encontrado em uma gama cada vez maior de produtos . No PM-10, a HDAM SA3 de \u00faltima gera\u00e7\u00e3o \u00e9 usada, como parte de uma topologia de realimenta\u00e7\u00e3o atual projetada para a maior freq\u00fc\u00eancia poss\u00edvel e gamas din\u00e2micas \u2013 apenas a coisa para os formatos de \u00e1udio ultra-alta resolu\u00e7\u00e3o de hoje \u2013 e auxiliada por ultra- Capacitores de blocos feitos sob encomenda r\u00e1pidos para a resposta o mais r\u00e1pida poss\u00edvel \u00e0s demandas para a corrente elevada.O mesmo projeto de realimenta\u00e7\u00e3o de corrente \u00e9 aplicado ao est\u00e1gio phono no PM-10, que \u00e9 configur\u00e1vel para uso com bobina m\u00f3vel ou cartuchos magn\u00e9ticos em movimento para a melhor reprodu\u00e7\u00e3o poss\u00edvel desses LPs favoritos. Este n\u00e3o \u00e9 um caso de Marantz responder ao atual \u2018revival de vinil\u2019: ao longo dos anos, ao desenvolver e aperfei\u00e7oar suas compet\u00eancias digitais, a empresa permaneceu totalmente comprometida com o excelente som poss\u00edvel de LPs e singles. H\u00e1 muito tempo est\u00e1 se adequando seus produtos com fases phono de alta qualidade \u2013 mesmo antes do vinil voltar \u00e0 moda!<br \/>\nConstru\u00eddo para executarTal como o leitor de CD \/ CD Super Audio \/ DAC Partnering SA-10, o PM-10 \u00e9 constru\u00eddo para os mais altos padr\u00f5es poss\u00edveis, com um chassi de cobre dupla camada banhado para excelente rejei\u00e7\u00e3o de interfer\u00eancias mec\u00e2nicas e el\u00e9tricas e casework constru\u00eddo a partir de espessura , Pesados, pain\u00e9is de alum\u00ednio n\u00e3o magn\u00e9tico. Ambos os produtos tamb\u00e9m se sentam em alum\u00ednio usinagem p\u00e9s.Mesmo os terminais de alto-falante aqui s\u00e3o especiais: os rivais de maior audi\u00eancia tendem a usar componentes comprados em empresas terceirizadas, ou projetados tanto para \u2018show\u2019 como \u2018go\u2019, mas o PM-10 tem o novo e exclusivo Marantz SPKT -100 + terminais, feitos de cobre s\u00f3lido de alta pureza.Em comum com todos os outros projetos e decis\u00f5es de engenharia por tr\u00e1s deste novo amplificador de classe de refer\u00eancia, esses terminais est\u00e3o l\u00e1 por uma raz\u00e3o muito simples.<\/p>\n<p>Especifica\u00e7\u00f5es<br \/>\nPot\u00eancia de sa\u00edda RMS:  200 W x 2 (8 \u03a9, 1 kHz, THD 0,05%), 400 W x 2 (4 \u03a9, 1 kHz, THD 0,1%)<br \/>\nDistor\u00e7\u00e3o harm\u00f4nica total (1 kHz, acionamento simult\u00e2neo de ambos os canais, 100 W, 8 \u03a9): 0,005%<br \/>\nResposta de frequ\u00eancia (CD, 1 W, 8 \u03a9): 5 Hz \u2013 50 kHz \u00b13 dB<br \/>\nFator de amortecimento (8 \u03a9, 20 Hz \u2013 20 kHz): 500<br \/>\nSensibilidade de entrada\/Imped\u00e2ncia de entrada<br \/>\nPhono (MC baixo): 280 \u03bcV\/10 \u03a9<br \/>\nPhono (MC alto): 280 \u03bcV\/49 \u03a9<br \/>\nPhono (MM): 2,6 mV\/47 k\u03a9<br \/>\nBalanceado: 880 mV\/40 k\u03a9<br \/>\nRCA: 440 mV\/20 k\u03a9<br \/>\nAmplificador de pot\u00eancia: 1,5 V\/20 k\u03a9<br \/>\nN\u00edvel m\u00e1ximo de entrada de phono permitido (1 kHz) MC \/ MM:  8 mV \/ 80 mV<br \/>\nDesvio RIAA (20 Hz \u2013 20 kHz): \u00b10,5 dB<br \/>\nS\/N (IHF-A, carga de 8 \u03a9\/ohms)<br \/>\nPhono (MC): 76 dB (entrada de 0,5 mV, sa\u00edda de 1 W)<br \/>\nPhono (MM): 88 dB (entrada de 5 mV, sa\u00edda de 1 W)<br \/>\nBalanceado: 111 dB (entrada de 4 V, nominal sa\u00edda)<br \/>\nRCA:  111 dB (entrada de 2 V, sa\u00edda nominal)<br \/>\nConsumo de energia:  270 W<br \/>\nConsumo de energia em modo de espera:  0,3 W<br \/>\nDimens\u00f5es (WHD): 17,3&#8243; x 6,6&#8243; x 17,8&#8243;<br \/>\nPeso: 49,9 lb<\/p>\n","protected":false},"excerpt":{"rendered":"<p>Os amplificadores est\u00e3o no cerne da hist\u00f3ria da Marantz: seu primeiro produto foi um pr\u00e9-amplificador de alta qualidade projetado para aproveitar ao m\u00e1ximo o ent\u00e3o novo formato LP. E com uma hist\u00f3ria que se estende at\u00e9 o nov\u00edssimo Audio Consolette \u2013 que Saul B Marantz come\u00e7ou a fabricar em 1952, e que logo se tornou [&hellip;]<\/p>\n","protected":false},"featured_media":20360,"template":"","meta":{"_acf_changed":false},"product_brand":[],"product_cat":[27,51,92],"product_tag":[],"class_list":{"0":"post-20359","1":"product","2":"type-product","3":"status-publish","4":"has-post-thumbnail","6":"product_cat-amplificador","7":"product_cat-integrado","8":"product_cat-marantz","10":"first","11":"instock","12":"sold-individually","13":"shipping-taxable","14":"purchasable","15":"product-type-simple"},"acf":[],"aioseo_notices":[],"_links":{"self":[{"href":"https:\/\/hificlub.com.br\/loja\/wp-json\/wp\/v2\/product\/20359","targetHints":{"allow":["GET"]}}],"collection":[{"href":"https:\/\/hificlub.com.br\/loja\/wp-json\/wp\/v2\/product"}],"about":[{"href":"https:\/\/hificlub.com.br\/loja\/wp-json\/wp\/v2\/types\/product"}],"wp:featuredmedia":[{"embeddable":true,"href":"https:\/\/hificlub.com.br\/loja\/wp-json\/wp\/v2\/media\/20360"}],"wp:attachment":[{"href":"https:\/\/hificlub.com.br\/loja\/wp-json\/wp\/v2\/media?parent=20359"}],"wp:term":[{"taxonomy":"product_brand","embeddable":true,"href":"https:\/\/hificlub.com.br\/loja\/wp-json\/wp\/v2\/product_brand?post=20359"},{"taxonomy":"product_cat","embeddable":true,"href":"https:\/\/hificlub.com.br\/loja\/wp-json\/wp\/v2\/product_cat?post=20359"},{"taxonomy":"product_tag","embeddable":true,"href":"https:\/\/hificlub.com.br\/loja\/wp-json\/wp\/v2\/product_tag?post=20359"}],"curies":[{"name":"wp","href":"https:\/\/api.w.org\/{rel}","templated":true}]}}