{"id":20177,"date":"2025-02-18T07:14:17","date_gmt":"2025-02-18T10:14:17","guid":{"rendered":"https:\/\/hificlub.com.br\/loja\/?post_type=product&#038;p=20177"},"modified":"2026-03-03T22:18:10","modified_gmt":"2026-03-04T01:18:10","slug":"luxman-pd-191a-toca-disco-belt-drive","status":"publish","type":"product","link":"https:\/\/hificlub.com.br\/loja\/produto\/luxman-pd-191a-toca-disco-belt-drive\/","title":{"rendered":"LUXMAN PD-191A Toca Disco Belt Drive"},"content":{"rendered":"<p>A LUXMAN apresenta o PD-191A, um sistema de toca-discos premium projetado para substituir a s\u00e9rie PD-171 de longa dura\u00e7\u00e3o.<\/p>\n<p>Saboreie o calor infinitamente rico de uma pe\u00e7a musical e aquela sensa\u00e7\u00e3o especial de tempo fluindo de forma diferente quando voc\u00ea toca uma grava\u00e7\u00e3o anal\u00f3gica querida. O PD-191A \u00e9 um tocador soberbo capaz de proporcionar a excel\u00eancia das experi\u00eancias de reprodu\u00e7\u00e3o de grava\u00e7\u00f5es em vinil. Nosso bra\u00e7o original rec\u00e9m-desenvolvido, com sensibilidade inicial extremamente alta, usa um sistema de rolamento vertical de ponta de faca para realizar aqueles movimentos sens\u00edveis que comp\u00f5em as nuances mais finas de um momento musical. Combinando um sistema de transmiss\u00e3o por correia de motor DC silencioso e refinado suportado por uma fonte de alimenta\u00e7\u00e3o robusta; o PD-191A oferece uma experi\u00eancia de audi\u00e7\u00e3o de vinil verdadeiramente de alta fidelidade e emocional.<\/p>\n<p>Bra\u00e7o de tom completamente original e rec\u00e9m-desenvolvido<br \/>\nEspecialmente desenvolvido para o PD-191A est\u00e1 nosso bra\u00e7o est\u00e1tico balanceado LTA-710 que emprega tecnologia de rolamento de ponta de faca para excelente sensibilidade de movimento inicial. Um desenvolvimento conjunto com a marca de \u00e1udio SAEC, que projeta bra\u00e7os h\u00e1 mais de 40 anos, o LTA-710 traz muitas tecnologias altamente conceituadas para a fam\u00edlia de toca-discos LUXMAN. Um design de bra\u00e7o original completo que levou dois anos e meio para ser desenvolvido. Ao definir o comprimento efetivo do bra\u00e7o para 10 polegadas, os erros de rastreamento s\u00e3o ainda mais suprimidos e a resist\u00eancia aos efeitos de vibra\u00e7\u00e3o da superf\u00edcie do vinil \u00e9 aprimorada. Mesmo os sinais musicais mais suaves captados pelo cartucho phono das ranhuras do disco s\u00e3o reproduzidos fielmente. Al\u00e9m disso, o LTA-710 suporta configura\u00e7\u00f5es detalhadas, como press\u00e3o da agulha, antiderrapante, ajuste de altura de acordo com o cartucho a ser instalado, etc., o que s\u00f3 \u00e9 poss\u00edvel porque o bra\u00e7o \u00e9 montado com alta precis\u00e3o mec\u00e2nica para manter completamente a fidelidade da reprodu\u00e7\u00e3o.<\/p>\n<p>*A marca SAEC \u00e9 propriedade da Saec Commerce Co., Ltd.<\/p>\n<p>Motor DC sem escovas e fonte de alimenta\u00e7\u00e3o de alta capacidade<br \/>\nO motor de acionamento \u00e9 um componente fundamental de um tocador anal\u00f3gico de acionamento por correia, onde a rota\u00e7\u00e3o potente e est\u00e1vel do prato \u00e9 de suma import\u00e2ncia. O PD-191A apresenta um motor DC sem escovas original, de alta precis\u00e3o e alto torque, suportado por um transformador de pot\u00eancia de grande capacidade, altamente est\u00e1vel e totalmente regulado, montado em flutuador, que foi atualizado para especifica\u00e7\u00f5es mais altas para os pratos de alta massa favoritos de hoje. Nossa programa\u00e7\u00e3o de controle de velocidade de rota\u00e7\u00e3o PWM\/PID de onda senoidal* atinge controle de rota\u00e7\u00e3o constante e preciso sob v\u00e1rias demandas e um rel\u00f3gio de refer\u00eancia de alto desempenho para corre\u00e7\u00e3o de velocidade, usando um oscilador MEMS com excelentes caracter\u00edsticas de temperatura, \u00e9 implantado. Como resultado, velocidades precisas e acionamento silencioso do prato s\u00e3o garantidos.<\/p>\n<p>Um prato pesado e de alta massa com um enorme momento de in\u00e9rcia<br \/>\nO prato escolhido para o PD-191A \u00e9 um disco pesado de 35 mm de espessura e 5,2 kg, usinado a partir de um \u00fanico tarugo de alum\u00ednio extremamente espesso, precisamente cortado com diamante e finalizado em superf\u00edcies exatas que refletem a luz lindamente. O prato atua como um volante com um enorme momento de in\u00e9rcia de 0,7 t\u00b7cm2, proporcionando rota\u00e7\u00e3o suave e confiante. O fuso que suporta o prato ostenta especifica\u00e7\u00f5es de alta rigidez com seu eixo de a\u00e7o inoxid\u00e1vel de alta resist\u00eancia \u00e0 tra\u00e7\u00e3o (di\u00e2metro de 16 mm) e um sistema de suporte de rolamento personalizado. Esta estrutura combina um rolamento de impulso PEEK*, com sua excelente resist\u00eancia ao calor e resili\u00eancia ao desgaste, a um rolamento radial de lat\u00e3o correspondente preenchido com \u00f3leo de molibd\u00eanio org\u00e2nico que mant\u00e9m a lubrifica\u00e7\u00e3o est\u00e1vel mesmo sob altas cargas, ao mesmo tempo em que suporta firmemente o prato. A energia do motor \u00e9 transferida para o prato por meio de uma correia de transmiss\u00e3o EPDM* que \u00e9 resistente ao envelhecimento e suporta com precis\u00e3o a sa\u00edda do motor CC sem escovas de alto torque sem perdas.<\/p>\n<p>Design industrial LUXMAN elegante e atemporal, com painel frontal de madeira e chassi de baixo centro de gravidade<br \/>\nNossa sele\u00e7\u00e3o e acabamento dos materiais externos e estruturais que comp\u00f5em o produto final s\u00e3o muito importantes para n\u00f3s, pois acreditamos que a opera\u00e7\u00e3o de um tocador anal\u00f3gico pelo ouvinte deve ser uma experi\u00eancia t\u00e1til e visualmente satisfat\u00f3ria. Um banquete para os olhos, o PD-191A \u00e9 elegante e sofisticado, com um painel frontal de madeira natural s\u00f3lida tingida de jacarand\u00e1 com um belo acabamento brilhante, contrastando com o painel superior de alum\u00ednio com tratamento de linha fina. Al\u00e9m disso, ao deslocar a montagem do motor dentro do chassi inferior, percebemos uma forma elegante e de baixo centro de gravidade com uma altura total 12 mm menor do que o PD-171A anterior. Al\u00e9m disso, ao focar nos sistemas operacionais, como fonte de alimenta\u00e7\u00e3o, partida\/parada do toca-discos, comuta\u00e7\u00e3o e ajuste da velocidade de rota\u00e7\u00e3o no painel superior, buscamos a beleza utilit\u00e1ria e funcional. Vendida separadamente est\u00e1 uma capa de acr\u00edlico contra poeira de 4 mm de espessura, dispon\u00edvel e altamente recomendada, constru\u00edda para esse fim, equipada com dobradi\u00e7as de suporte de came\/mola para f\u00e1cil abertura e fechamento suave.<\/p>\n<p>M\u00faltiplas estruturas integradas de amortecimento de vibra\u00e7\u00e3o<br \/>\nA estrutura de suspens\u00e3o suspensa, na qual os principais componentes s\u00e3o fixados a uma placa de alum\u00ednio de 15 mm de espessura, conseguiu atingir alta rigidez e desempenho de amortecimento. Al\u00e9m disso, ao montar o sistema de acionamento do motor e o transformador de pot\u00eancia em uma placa de fundo extra grossa, isolada com borracha de amortecimento, a capta\u00e7\u00e3o delicada do sinal \u00e9 protegida de vibra\u00e7\u00f5es externas, melhorando muito a rela\u00e7\u00e3o S\/N mec\u00e2nica (ru\u00eddo) e a resist\u00eancia ao feedback.<\/p>\n<p>Tr\u00eas velocidades de rota\u00e7\u00e3o selecion\u00e1veis \u200b\u200bcom controle de passo e indicador estrobosc\u00f3pico<br \/>\nO PD-191A suporta 3 velocidades de rota\u00e7\u00e3o, 33 1\/3, 45 e 78 RPM. Para visualizar a velocidade de rota\u00e7\u00e3o, adotamos um estrobosc\u00f3pio de LED refletido, que foi bem recebido com a s\u00e9rie PD-171 anterior. O novo padr\u00e3o de faixa refletora estrobosc\u00f3pica melhorou a visibilidade e, ao utilizar um controle dedicado para cada velocidade de rota\u00e7\u00e3o individual, ajustes de velocidade de rota\u00e7\u00e3o mais confi\u00e1veis \u200b\u200be precisos s\u00e3o poss\u00edveis.<\/p>\n<p>Design antivibra\u00e7\u00e3o original<br \/>\nPara manter o alinhamento horizontal, o PD-191A incorpora borracha de amortecimento especial com excelentes caracter\u00edsticas de temperatura e resist\u00eancia \u00e0 deteriora\u00e7\u00e3o a longo prazo em nossas pernas isolantes de grande di\u00e2metro, projetadas originalmente, que podem ser ajustadas em at\u00e9 5 mm de altura para evitar a transmiss\u00e3o de feedback e vibra\u00e7\u00f5es externas.<\/p>\n<p>Headshell e cabo phono<br \/>\nNosso headshell de alum\u00ednio leve original com o logotipo LUXMAN tem especifica\u00e7\u00f5es exclusivas e apresenta condutores DUCC para os fios de liga\u00e7\u00e3o. Um adaptador EP de alum\u00ednio e um cabo phono padr\u00e3o de 5 pinos (tipo DIN) para RCA usando fio OFC de qualidade de \u00e1udio tamb\u00e9m est\u00e3o inclu\u00eddos. Atualiza\u00e7\u00f5es de substitui\u00e7\u00e3o de cabos de reposi\u00e7\u00e3o s\u00e3o poss\u00edveis.<\/p>\n<p>Muitas op\u00e7\u00f5es para montagem do bra\u00e7o<br \/>\nAo tornar a base do bra\u00e7o independente, \u00e9 f\u00e1cil instalar v\u00e1rios bra\u00e7os (9 a 10 polegadas) de diferentes fabricantes (bases de bra\u00e7o vendidas separadamente s\u00e3o comuns para o PD-171A\/AL). Na parte traseira da unidade principal, uma base de bra\u00e7o externa que suporta um bra\u00e7o de 12 polegadas (inicialmente projetado para o SME 3012) tamb\u00e9m est\u00e1 dispon\u00edvel (vendida separadamente) para expandir seu prazer na reprodu\u00e7\u00e3o de discos de vinil.<\/p>\n<p>Especifica\u00e7\u00e3o<br \/>\n\u25cfSe\u00e7\u00e3o de acionamento da plataforma girat\u00f3ria<br \/>\nSistema de acionamento\tSistema de transmiss\u00e3o por correia<br \/>\nMotor\tMotor DC sem escovas com controle PID<br \/>\nMaterial\tAlum\u00ednio usinado, Acabamento de superf\u00edcie: Corte de diamante<br \/>\nRevolu\u00e7\u00e3o\t33 1\/3rpm, 45rpm, 78rpm (3 velocidades selecion\u00e1veis)<br \/>\nFaixa de ajuste de revolu\u00e7\u00e3o\t\u00b16% (cada velocidade de rota\u00e7\u00e3o ajust\u00e1vel independentemente)<br \/>\nUau e vibra\u00e7\u00e3o\t0,04% ou menos (WRMS)<br \/>\nPeso\t5,2 kg (prato)<br \/>\n\u25cfSe\u00e7\u00e3o do bra\u00e7o<br \/>\nTipo\tBalanceado estaticamente, em forma de S, tipo universal<br \/>\nConsequ\u00eancia\tL\u00e2mina de faca vertical oculta<br \/>\nComprimento efetivo\t256 mm<br \/>\nSali\u00eancia\t16 mm<br \/>\n\u00c2ngulo de erro de rastreamento\t+1,07\u00b0 a -1,52\u00b0<br \/>\nPeso do cartucho aplic\u00e1vel\t4 a 11g (incluindo headshell 17 a 24g)<br \/>\nFaixa de altura ajust\u00e1vel\t22mm<br \/>\nAnti-patinagem\t0 a 4g<br \/>\n\u25cfUnidade principal<br \/>\nFonte de energia\t230 V \uff5e 50 Hz \/ 115 V \uff5e 60 Hz<br \/>\nConsumo de energia\t5W<br \/>\nDimens\u00f5es\t491(L) \u00d7 128(para a superf\u00edcie superior do prato) (A)\u00d7 399(P) mm<br \/>\nPeso l\u00edquido\t24,8 kg (unidade principal), 26,4 kg (com capa contra poeira)<br \/>\nAcess\u00f3rios\tPrato, Headshell (fio de liga\u00e7\u00e3o DUCC inclu\u00eddo), tapete de borracha, correia de borracha, al\u00e7a de montagem do prato (2 pe\u00e7as), adaptador EP, contrapeso, peso antiderrapante, conjunto de chaves sextavadas para ajuste do bra\u00e7o (2 tipos), chave de fenda de ponta chata para ajuste da velocidade de rota\u00e7\u00e3o, chave sextavada para remo\u00e7\u00e3o da base do bra\u00e7o, cabo fono (DIN\u2192 RCA: j\u00e1 instalado na unidade), cabo de alimenta\u00e7\u00e3o<\/p>\n","protected":false},"excerpt":{"rendered":"<p>A LUXMAN apresenta o PD-191A, um sistema de toca-discos premium projetado para substituir a s\u00e9rie PD-171 de longa dura\u00e7\u00e3o. Saboreie o calor infinitamente rico de uma pe\u00e7a musical e aquela sensa\u00e7\u00e3o especial de tempo fluindo de forma diferente quando voc\u00ea toca uma grava\u00e7\u00e3o anal\u00f3gica querida. O PD-191A \u00e9 um tocador soberbo capaz de proporcionar a [&hellip;]<\/p>\n","protected":false},"featured_media":20193,"template":"","meta":{"_acf_changed":false},"product_brand":[],"product_cat":[78,192,98],"product_tag":[],"class_list":{"0":"post-20177","1":"product","2":"type-product","3":"status-publish","4":"has-post-thumbnail","6":"product_cat-analogico-audio","7":"product_cat-luxman","8":"product_cat-toca-discos","10":"first","11":"instock","12":"sold-individually","13":"shipping-taxable","14":"purchasable","15":"product-type-simple"},"acf":[],"aioseo_notices":[],"_links":{"self":[{"href":"https:\/\/hificlub.com.br\/loja\/wp-json\/wp\/v2\/product\/20177","targetHints":{"allow":["GET"]}}],"collection":[{"href":"https:\/\/hificlub.com.br\/loja\/wp-json\/wp\/v2\/product"}],"about":[{"href":"https:\/\/hificlub.com.br\/loja\/wp-json\/wp\/v2\/types\/product"}],"wp:featuredmedia":[{"embeddable":true,"href":"https:\/\/hificlub.com.br\/loja\/wp-json\/wp\/v2\/media\/20193"}],"wp:attachment":[{"href":"https:\/\/hificlub.com.br\/loja\/wp-json\/wp\/v2\/media?parent=20177"}],"wp:term":[{"taxonomy":"product_brand","embeddable":true,"href":"https:\/\/hificlub.com.br\/loja\/wp-json\/wp\/v2\/product_brand?post=20177"},{"taxonomy":"product_cat","embeddable":true,"href":"https:\/\/hificlub.com.br\/loja\/wp-json\/wp\/v2\/product_cat?post=20177"},{"taxonomy":"product_tag","embeddable":true,"href":"https:\/\/hificlub.com.br\/loja\/wp-json\/wp\/v2\/product_tag?post=20177"}],"curies":[{"name":"wp","href":"https:\/\/api.w.org\/{rel}","templated":true}]}}