{"id":19925,"date":"2025-02-03T07:16:36","date_gmt":"2025-02-03T10:16:36","guid":{"rendered":"https:\/\/hificlub.com.br\/loja\/?post_type=product&#038;p=19925"},"modified":"2026-03-03T22:18:12","modified_gmt":"2026-03-04T01:18:12","slug":"elac-sub1015-bk-subwoofer-ativo-10-120-watts","status":"publish","type":"product","link":"https:\/\/hificlub.com.br\/loja\/produto\/elac-sub1015-bk-subwoofer-ativo-10-120-watts\/","title":{"rendered":"ELAC SUB1015 BK Subwoofer Ativo 10&#8243; 120 watts"},"content":{"rendered":"<p>Descri\u00e7\u00e3o:<br \/>\nO ELAC SUB1015 \u00e9 um subwoofer de alto desempenho projetado para fornecer graves potentes e profundos para uma experi\u00eancia de \u00e1udio verdadeiramente envolvente. Com um cone de polipropileno de 10&#8243;, este subwoofer pode lidar com baixas frequ\u00eancias com clareza e precis\u00e3o, adicionando profundidade \u00e0 sua configura\u00e7\u00e3o de \u00e1udio. Embora acess\u00edvel e ideal para aqueles que est\u00e3o come\u00e7ando a construir seu sistema de \u00e1udio dom\u00e9stico, o SUB1015 oferece excelente desempenho gra\u00e7as \u00e0 sua constru\u00e7\u00e3o s\u00f3lida, componentes confi\u00e1veis \u200b\u200be design otimizado. Seu processo de instala\u00e7\u00e3o f\u00e1cil, com entradas de n\u00edvel de linha RCA e n\u00edvel de alto-falante, garante integra\u00e7\u00e3o suave com uma variedade de sistemas.<\/p>\n<p>Principais caracter\u00edsticas:<\/p>\n<p>Woofer de cone de polipropileno de 10&#8243; : fornece resposta de graves s\u00f3lida e baixa distor\u00e7\u00e3o, tornando-o a escolha ideal para uma variedade de configura\u00e7\u00f5es de \u00e1udio.<br \/>\nResposta de frequ\u00eancia : 36 Hz a 150 Hz, permitindo uma reprodu\u00e7\u00e3o de graves profundos e ricos que aprimoram trilhas sonoras de m\u00fasicas e filmes.<br \/>\nPot\u00eancia : 60 W RMS e 100 W de pico de pot\u00eancia, acionados por um amplificador Classe D para uso eficiente de energia.<br \/>\nEntradas : Inclui entradas RCA de n\u00edvel de linha e de n\u00edvel de alto-falante, tornando-o compat\u00edvel com a maioria dos receptores e amplificadores de \u00e1udio.<br \/>\nAcabamento do gabinete : Acabamento em preto acinzentado, dando ao subwoofer uma apar\u00eancia elegante e moderna que combina bem com v\u00e1rias configura\u00e7\u00f5es de home theater.<br \/>\nAcess\u00f3rios inclu\u00eddos : grade e cabo de alimenta\u00e7\u00e3o CA para configura\u00e7\u00e3o conveniente.<br \/>\nBaixo consumo de energia em espera : menos de 0,5 W para reduzir o uso de energia quando o subwoofer n\u00e3o estiver em uso.<br \/>\nEspecifica\u00e7\u00f5es:<\/p>\n<p>Tipo de alto-falante : Subwoofer (Woofer)<br \/>\nResposta de frequ\u00eancia : 36 Hz a 150 Hz<br \/>\nCrossover : Crossover passa-baixo, ajust\u00e1vel de 50 Hz a 150 Hz<br \/>\nPot\u00eancia m\u00e1xima\/pico : 60 W RMS, pico de 100 W<br \/>\nTopologia do amplificador : Classe D<br \/>\nConsumo de energia em espera : &lt; 0,5 W<br \/>\nEntradas : N\u00edvel de linha RCA, N\u00edvel de alto-falante<br \/>\nAcabamento do gabinete : Cinza preto<br \/>\nAcess\u00f3rios inclu\u00eddos : grelha, cabo de alimenta\u00e7\u00e3o CA<br \/>\nDimens\u00f5es :<br \/>\nAltura : 325 mm<br \/>\nLargura : 310 mm<br \/>\nProfundidade : 368 mm<br \/>\nPeso l\u00edquido : 9,8 kg<br \/>\nPeso bruto : 11,5 kg<\/p>\n","protected":false},"excerpt":{"rendered":"<p>Descri\u00e7\u00e3o: O ELAC SUB1015 \u00e9 um subwoofer de alto desempenho projetado para fornecer graves potentes e profundos para uma experi\u00eancia de \u00e1udio verdadeiramente envolvente. Com um cone de polipropileno de 10&#8243;, este subwoofer pode lidar com baixas frequ\u00eancias com clareza e precis\u00e3o, adicionando profundidade \u00e0 sua configura\u00e7\u00e3o de \u00e1udio. Embora acess\u00edvel e ideal para aqueles [&hellip;]<\/p>\n","protected":false},"featured_media":19926,"template":"","meta":{"_acf_changed":false},"product_brand":[],"product_cat":[17,149,36],"product_tag":[],"class_list":{"0":"post-19925","1":"product","2":"type-product","3":"status-publish","4":"has-post-thumbnail","6":"product_cat-caixas","7":"product_cat-elac","8":"product_cat-subwoofer","10":"first","11":"instock","12":"sold-individually","13":"shipping-taxable","14":"purchasable","15":"product-type-simple"},"acf":[],"aioseo_notices":[],"_links":{"self":[{"href":"https:\/\/hificlub.com.br\/loja\/wp-json\/wp\/v2\/product\/19925","targetHints":{"allow":["GET"]}}],"collection":[{"href":"https:\/\/hificlub.com.br\/loja\/wp-json\/wp\/v2\/product"}],"about":[{"href":"https:\/\/hificlub.com.br\/loja\/wp-json\/wp\/v2\/types\/product"}],"wp:featuredmedia":[{"embeddable":true,"href":"https:\/\/hificlub.com.br\/loja\/wp-json\/wp\/v2\/media\/19926"}],"wp:attachment":[{"href":"https:\/\/hificlub.com.br\/loja\/wp-json\/wp\/v2\/media?parent=19925"}],"wp:term":[{"taxonomy":"product_brand","embeddable":true,"href":"https:\/\/hificlub.com.br\/loja\/wp-json\/wp\/v2\/product_brand?post=19925"},{"taxonomy":"product_cat","embeddable":true,"href":"https:\/\/hificlub.com.br\/loja\/wp-json\/wp\/v2\/product_cat?post=19925"},{"taxonomy":"product_tag","embeddable":true,"href":"https:\/\/hificlub.com.br\/loja\/wp-json\/wp\/v2\/product_tag?post=19925"}],"curies":[{"name":"wp","href":"https:\/\/api.w.org\/{rel}","templated":true}]}}