{"id":19666,"date":"2025-01-20T06:56:01","date_gmt":"2025-01-20T09:56:01","guid":{"rendered":"https:\/\/hificlub.com.br\/loja\/?post_type=product&#038;p=19666"},"modified":"2025-01-20T07:03:16","modified_gmt":"2025-01-20T10:03:16","slug":"xlo-limited-edition-le-1-rca-1-metro","status":"publish","type":"product","link":"https:\/\/hificlub.com.br\/loja\/produto\/xlo-limited-edition-le-1-rca-1-metro\/","title":{"rendered":"XLO LIMITED EDITION LE-1  RCA  1 metro"},"content":{"rendered":"<p>ESTADO 9\/10<\/p>\n<p>Os cabos de interliga\u00e7\u00e3o t\u00eam muitas caracter\u00edsticas, mas a mais importante \u00e9 que devem estar no nosso sistema. Porque se tivermos componentes separados, ou seja, um reprodutor, um amplificador e dispositivos semelhantes, ent\u00e3o \u00e9 natural que tenhamos que conect\u00e1-los de alguma forma. Numa situa\u00e7\u00e3o ideal, a qualidade do cabo de liga\u00e7\u00e3o, desde que os par\u00e2metros el\u00e9ctricos b\u00e1sicos tenham sido respeitados, n\u00e3o deveria ter qualquer influ\u00eancia no som. Mas isso \u00e9 apenas uma ilus\u00e3o e um pesadelo para os fabricantes de cabos. Na realidade, a interconex\u00e3o pode alterar drasticamente o som de um determinado sistema. E \u201cmelhor\u201d \u00e9 na maioria das vezes \u201cmais caro\u201d no vocabul\u00e1rio dos audi\u00f3filos. As principais ofertas atingem pre\u00e7os absurdos, n\u00e3o refletidos nos custos de materiais ou de pesquisa. Mas&#8230; aqui, como em todas as outras se\u00e7\u00f5es de \u00e1udio, pagamos pelo CONHECIMENTO, por quem sabe qual bot\u00e3o apertar. Mas isso nos d\u00f3i mais, porque no caso de um amplificador ou tocador, sem falar no gramofone, vemos o que pagamos, e com cabos o que vemos parece um pouco esquizofr\u00eanico. E realmente \u00e9. Na minha opini\u00e3o, quase todos os cabos deveriam custar muitas vezes menos. Assim como os carros. Mas uns e outros custam o que custam, e n\u00e3o h\u00e1 nenhuma mudan\u00e7a nisso num futuro pr\u00f3ximo. Ent\u00e3o, para ter o melhor, devemos pagar.<\/p>\n<p>Esses pensamentos s\u00e3o direcionados principalmente ao cabo da empresa americana XLO Electric . S\u00e3o acad\u00eamicos, na forma como nos melhores sistemas s\u00e3o usados \u200b\u200b\u200b\u200besses ou outros cabos igualmente caros, baseados quase apenas em testes de audi\u00e7\u00e3o e em um c\u00e1lculo bacana: soa melhor ou n\u00e3o e se a mudan\u00e7a vale o dinheiro. <\/p>\n<p>XLO LE-1<br \/>\nO XLO faz parte da linha top da empresa, a Limited. Todos os exemplos est\u00e3o numerados. Os condutores s\u00e3o feitos de fio de cobre polido com 99,99997% de pureza, enrolados em tubos AF de Teflon usados \u200b\u200bna tecnologia de avia\u00e7\u00e3o. Como todos os cabos XLO o LE-1 \u00e9 fabricado em tecnologia multi-Litz, numa configura\u00e7\u00e3o pseudo-sim\u00e9trica, semelhante ao Pink-Faun.<br \/>\nDesta vez por\u00e9m, n\u00e3o temos nenhuma blindagem, pois a empresa acredita que ela influencia o som de forma negativa, e seu papel \u00e9 mantido por um terceiro condutor do maestro. Os conectores s\u00e3o fabricados pela pr\u00f3pria empresa, a partir do mesmo cobre, s\u00f3 que revestidos de ouro e sem substratos.<\/p>\n","protected":false},"excerpt":{"rendered":"<p>ESTADO 9\/10 Os cabos de interliga\u00e7\u00e3o t\u00eam muitas caracter\u00edsticas, mas a mais importante \u00e9 que devem estar no nosso sistema. Porque se tivermos componentes separados, ou seja, um reprodutor, um amplificador e dispositivos semelhantes, ent\u00e3o \u00e9 natural que tenhamos que conect\u00e1-los de alguma forma. Numa situa\u00e7\u00e3o ideal, a qualidade do cabo de liga\u00e7\u00e3o, desde que [&hellip;]<\/p>\n","protected":false},"featured_media":19668,"template":"","meta":{"_acf_changed":false},"product_brand":[],"product_cat":[61,71,116],"product_tag":[],"class_list":{"0":"post-19666","1":"product","2":"type-product","3":"status-publish","4":"has-post-thumbnail","6":"product_cat-cabos","7":"product_cat-interconnect-rca","8":"product_cat-xlo","10":"first","11":"instock","12":"sold-individually","13":"shipping-taxable","14":"purchasable","15":"product-type-simple"},"acf":[],"aioseo_notices":[],"_links":{"self":[{"href":"https:\/\/hificlub.com.br\/loja\/wp-json\/wp\/v2\/product\/19666","targetHints":{"allow":["GET"]}}],"collection":[{"href":"https:\/\/hificlub.com.br\/loja\/wp-json\/wp\/v2\/product"}],"about":[{"href":"https:\/\/hificlub.com.br\/loja\/wp-json\/wp\/v2\/types\/product"}],"wp:featuredmedia":[{"embeddable":true,"href":"https:\/\/hificlub.com.br\/loja\/wp-json\/wp\/v2\/media\/19668"}],"wp:attachment":[{"href":"https:\/\/hificlub.com.br\/loja\/wp-json\/wp\/v2\/media?parent=19666"}],"wp:term":[{"taxonomy":"product_brand","embeddable":true,"href":"https:\/\/hificlub.com.br\/loja\/wp-json\/wp\/v2\/product_brand?post=19666"},{"taxonomy":"product_cat","embeddable":true,"href":"https:\/\/hificlub.com.br\/loja\/wp-json\/wp\/v2\/product_cat?post=19666"},{"taxonomy":"product_tag","embeddable":true,"href":"https:\/\/hificlub.com.br\/loja\/wp-json\/wp\/v2\/product_tag?post=19666"}],"curies":[{"name":"wp","href":"https:\/\/api.w.org\/{rel}","templated":true}]}}