{"id":1955,"date":"2023-10-17T19:58:28","date_gmt":"2023-10-17T22:58:28","guid":{"rendered":"https:\/\/hificlub.com.br\/loja2\/produto\/audioquest-vodka-4k-3-metros\/"},"modified":"2026-03-03T22:20:57","modified_gmt":"2026-03-04T01:20:57","slug":"audioquest-vodka-4k-3-metros","status":"publish","type":"product","link":"https:\/\/hificlub.com.br\/loja\/produto\/audioquest-vodka-4k-3-metros\/","title":{"rendered":"AUDIOQUEST VODKA  Cabo HDMI 4K  3 metros"},"content":{"rendered":"<h1><span style=\"font-size: small\"><strong>Cabo HDMI AudioQuest Vodka<\/strong><\/span><\/h1>\n<p><strong>Vodka HDMI<\/strong>\u00a0adiciona 10% de revestimento prateado aos condutores de n\u00facleo s\u00f3lido de seus antecessores.\u00a0Como todos os cabos AudioQuest HDMI, o Vodka usa isolamento s\u00f3lido de polietileno de alta densidade e geometria precisa.\u00a0Foi dada aten\u00e7\u00e3o espec\u00edfica \u00e0 maximiza\u00e7\u00e3o do desempenho do HDMI e, de fato, os cabos HDMI da AudioQuest levam o desempenho sonoro a novos n\u00edveis.<\/p>\n<p><strong><span class=\"red\">CONDUTORES S\u00d3LIDOS DE PRATA 10%:<\/span>\u00a0<\/strong>Os condutores s\u00f3lidos eliminam a distor\u00e7\u00e3o da intera\u00e7\u00e3o do fio e reduzem o jitter.\u00a0Condutores s\u00f3lidos folheados a prata s\u00e3o excelentes para aplica\u00e7\u00f5es de frequ\u00eancia muito alta, como \u00e1udio e v\u00eddeo HDMI.\u00a0Esses sinais, sendo de frequ\u00eancia t\u00e3o alta, viajam quase exclusivamente na superf\u00edcie do condutor.\u00a0Como a superf\u00edcie \u00e9 feita de prata de alta pureza, o desempenho \u00e9 muito pr\u00f3ximo ao de um cabo de prata s\u00f3lida, mas tem um pre\u00e7o muito mais pr\u00f3ximo do de um cabo de cobre s\u00f3lido.\u00a0Esta \u00e9 uma maneira incrivelmente econ\u00f4mica de fabricar cabos HDMI de alta qualidade.<\/p>\n<p><strong>ISOLAMENTO DE ESPUMA DE POLIETILENO:<\/strong>\u00a0Qualquer material s\u00f3lido adjacente a um condutor \u00e9, na verdade, parte de um circuito imperfeito.\u00a0Todos os materiais de isolamento de fios e placas de circuito absorvem energia (perda).\u00a0Parte dessa energia \u00e9 armazenada e depois liberada como distor\u00e7\u00e3o.\u00a0Vodka HDMI usa isolamento de espuma de polietileno cheio de ar porque o ar quase n\u00e3o absorve energia e o polietileno tem baixa perda e tem um perfil de distor\u00e7\u00e3o benigno.\u00a0Gra\u00e7as a todo o ar do PE Espumado, ele causa muito menos efeito desfocado comum em outros materiais.<\/p>\n<p><strong>SISTEMA DE DISSIPA\u00c7\u00c3O DE RU\u00cdDO DE 3 CAMADAS BASEADO EM CARBONO (NDS):<\/strong>\u00a0100% de cobertura de blindagem \u00e9 f\u00e1cil.\u00a0Impedir que a interfer\u00eancia de RF capturada module a refer\u00eancia de aterramento do equipamento requer o Sistema de Dissipa\u00e7\u00e3o de Ru\u00eddo da AQ.\u00a0Os materiais sint\u00e9ticos carregados de metal e carbono evitam que a maior parte da RFI atinja o plano de aterramento do equipamento.<\/p>\n<p><strong>CAPACIDADE DE DADOS DE ALTA VELOCIDADE:<\/strong>\u00a0Os padr\u00f5es e recursos HDMI melhoraram significativamente desde que o DVI evoluiu para HDMI.\u00a0Todas as gera\u00e7\u00f5es s\u00e3o compat\u00edveis com vers\u00f5es anteriores.\u00a0No entanto, nem todos os cabos HDMI anteriores podem transmitir os 18 Gbps completos de dados necess\u00e1rios para otimizar os equipamentos HDMI 2.0 atuais.\u00a0Embora atualmente n\u00e3o exista software 4K\/60 4:4:4 que exija a capacidade total de 18 Gbps do HDMI 2.0, algumas fontes (players Blu-ray UHD) podem ser configuradas para upsample, exigindo capacidade de 18 Gbps.\u00a0(O upsampling geralmente deve ser feito na TV e n\u00e3o em um componente anterior &#8211; mas a decis\u00e3o \u00e9 sua.) A coisa mais importante a saber e compreender \u00e9 que todos os cabos HDMI AudioQuest de at\u00e9 8 metros t\u00eam garantia de exceder os requisitos<b>\u00a0para todos os HDMI poss\u00edveis. Fluxos de dados 2.0\/HDCP 2.2, incluindo 4K UltraHD, HDR e Blu-ray Ultra HD.<\/b><\/p>\n<p><strong>ETHERNET E CANAL DE RETORNO DE \u00c1UDIO ATIVADOS:<\/strong>\u00a0Todos os cabos AudioQuest HDMI de at\u00e9 10 metros s\u00e3o classificados como alta velocidade com Ethernet.\u00a0De 12 a 20 metros, os cabos AudioQuest HDMI s\u00e3o de velocidade padr\u00e3o com Ethernet.<\/p>\n<p><strong>DIRECIONALIDADE:<\/strong>\u00a0Todos os cabos de \u00e1udio s\u00e3o direcionais.\u00a0A dire\u00e7\u00e3o correta \u00e9 determinada ouvindo cada lote de condutores met\u00e1licos usados \u200b\u200bem cada cabo de \u00e1udio AudioQuest.\u00a0Todos os condutores de sinal s\u00e3o controlados para dire\u00e7\u00e3o de \u00e1udio digital em cabos AudioQuest HDMI, e \u00e9 tomado cuidado para passar os condutores usados \u200b\u200bno Canal de Retorno de \u00c1udio na dire\u00e7\u00e3o oposta para garantir o melhor desempenho para essa aplica\u00e7\u00e3o.\u00a0As setas est\u00e3o claramente marcadas nos conectores para garantir uma qualidade de som superior<\/p>\n","protected":false},"excerpt":{"rendered":"<p>Cabo HDMI AudioQuest Vodka Vodka HDMI\u00a0adiciona 10% de revestimento prateado aos condutores de n\u00facleo s\u00f3lido de seus antecessores.\u00a0Como todos os cabos AudioQuest HDMI, o Vodka usa isolamento s\u00f3lido de polietileno de alta densidade e geometria precisa.\u00a0Foi dada aten\u00e7\u00e3o espec\u00edfica \u00e0 maximiza\u00e7\u00e3o do desempenho do HDMI e, de fato, os cabos HDMI da AudioQuest levam o [&hellip;]<\/p>\n","protected":false},"featured_media":1953,"template":"","meta":{"_acf_changed":false},"product_brand":[],"product_cat":[68,61,75],"product_tag":[],"class_list":{"0":"post-1955","1":"product","2":"type-product","3":"status-publish","4":"has-post-thumbnail","6":"product_cat-audioquest","7":"product_cat-cabos","8":"product_cat-hdmi","10":"first","11":"instock","12":"sold-individually","13":"shipping-taxable","14":"purchasable","15":"product-type-simple"},"acf":[],"aioseo_notices":[],"_links":{"self":[{"href":"https:\/\/hificlub.com.br\/loja\/wp-json\/wp\/v2\/product\/1955","targetHints":{"allow":["GET"]}}],"collection":[{"href":"https:\/\/hificlub.com.br\/loja\/wp-json\/wp\/v2\/product"}],"about":[{"href":"https:\/\/hificlub.com.br\/loja\/wp-json\/wp\/v2\/types\/product"}],"wp:featuredmedia":[{"embeddable":true,"href":"https:\/\/hificlub.com.br\/loja\/wp-json\/wp\/v2\/media\/1953"}],"wp:attachment":[{"href":"https:\/\/hificlub.com.br\/loja\/wp-json\/wp\/v2\/media?parent=1955"}],"wp:term":[{"taxonomy":"product_brand","embeddable":true,"href":"https:\/\/hificlub.com.br\/loja\/wp-json\/wp\/v2\/product_brand?post=1955"},{"taxonomy":"product_cat","embeddable":true,"href":"https:\/\/hificlub.com.br\/loja\/wp-json\/wp\/v2\/product_cat?post=1955"},{"taxonomy":"product_tag","embeddable":true,"href":"https:\/\/hificlub.com.br\/loja\/wp-json\/wp\/v2\/product_tag?post=1955"}],"curies":[{"name":"wp","href":"https:\/\/api.w.org\/{rel}","templated":true}]}}