{"id":19408,"date":"2025-01-07T06:47:51","date_gmt":"2025-01-07T09:47:51","guid":{"rendered":"https:\/\/hificlub.com.br\/loja\/?post_type=product&#038;p=19408"},"modified":"2026-03-03T22:18:15","modified_gmt":"2026-03-04T01:18:15","slug":"klipsch-rp-5000f-ii-ebony","status":"publish","type":"product","link":"https:\/\/hificlub.com.br\/loja\/produto\/klipsch-rp-5000f-ii-ebony\/","title":{"rendered":"KLIPSCH RP-5000F II Ebony"},"content":{"rendered":"<p>Atualize seu home cinema com o poderoso alto- falante de piso de 2,5 vias Reference Premiere RP-5000F II , pronto para Atmos, da Klipsch em um atraente acabamento em \u00e9bano. Este alto-falante de segunda gera\u00e7\u00e3o \u00e9 capaz de produzir uma pot\u00eancia cont\u00ednua de 100 W atrav\u00e9s de dois woofers de cone Cerametallic de 5,25\u2033 e um tweeter de tit\u00e2nio LTS ventilado de 1\u2033 com corneta Tractrix. A buzina maior e as bobinas de voz 70% maiores nos woofers do RP-5000F II preenchem seu espa\u00e7o com um amplo palco sonoro e uma diretividade de som mais precisa. Quando usado em uma configura\u00e7\u00e3o de home theater, voc\u00ea pode colocar os surrounds Atmos opcionais na parte superior, conectando-os de forma limpa ao RP-5000F II por meio de conex\u00f5es discretas e ocultas na parte traseira do alto-falante.<\/p>\n<p>90 x 90\u00b0 Silicone Composite Hybrid Tractrix Horn<br \/>\nA geometria Tractrix propriet\u00e1ria da Klipsch na buzina \u00e9 especificamente criada para transferir com efici\u00eancia as altas frequ\u00eancias do tweeter para o ouvinte. Esta buzina Tractrix de segunda gera\u00e7\u00e3o \u00e9 maior para melhor diretividade e um palco sonoro geral mais amplo. A buzina Tractrix pode atingir esse n\u00edvel de fidelidade de \u00e1udio e resposta de frequ\u00eancia suave ao ser combinada com um plugue de fase e uma face de silicone moldada comprimida.<br \/>\nTweeter de diafragma de tit\u00e2nio LTS<br \/>\nParte da linha de refer\u00eancia da Klipsch, o LTS (Linear Travel Suspension) trabalha para minimizar a distor\u00e7\u00e3o para uma reprodu\u00e7\u00e3o de \u00e1udio mais detalhada.<br \/>\nDesign de tweeter ventilado<br \/>\nA caixa do tweeter neste alto-falante de ch\u00e3o esclarece o sinal de alta frequ\u00eancia, reduzindo as ondas estacion\u00e1rias que, de outra forma, criariam harm\u00f4nicos indesejados.<br \/>\nWoofers de cer\u00e2mica<br \/>\nOutro aspecto caracter\u00edstico dos alto-falantes Reference Premiere da Klipsch s\u00e3o os woofers Cerametallic. Este alto-falante de piso \u00e9 equipado com woofers duplos de 5,25\u2033 e a constru\u00e7\u00e3o Cerametallic os mant\u00e9m leves, mas r\u00edgidos, para maximizar a efici\u00eancia ac\u00fastica e minimizar a distor\u00e7\u00e3o. Na segunda gera\u00e7\u00e3o, as bobinas de voz s\u00e3o 70% maiores em di\u00e2metro para garantir uma reprodu\u00e7\u00e3o impec\u00e1vel com melhor manuseio de pot\u00eancia, controle de cone e linearidade.A adi\u00e7\u00e3o de an\u00e9is de curto-circuito de alum\u00ednio aumenta o manuseio de pot\u00eancia aprimorado e reduz a distor\u00e7\u00e3o, enquanto a pr\u00f3pria estrutura do motor melhora a resposta de tr\u00e2nsito e adiciona mais controle com maior velocidade e precis\u00e3o aprimorada.<br \/>\nPortas Tractrix<br \/>\nSe voc\u00ea preferir um baixo mais profundo de seus alto-falantes, as portas integradas do RP-5000F II utilizam a geometria Tractrix da Klipsch para produzir frequ\u00eancias graves limpas e fortes. A geometria permite que o ar saia do alto-falante de forma r\u00e1pida e eficiente, o que tamb\u00e9m reduz o ru\u00eddo da porta. Os alargamentos internos personalizados reduzem ainda mais o ru\u00eddo, reduzindo a turbul\u00eancia do ar que entra na porta.<br \/>\nBi-Fia\u00e7\u00e3o e Bi-Amplifica\u00e7\u00e3o<br \/>\nOs terminais de entrada dupla na parte de tr\u00e1s do alto-falante permitem bi-fia\u00e7\u00e3o e bi-amp com cabeamento adicional (opcional). A fia\u00e7\u00e3o dupla permite separar as frequ\u00eancias altas e baixas de cada cabo. Ao separ\u00e1-los, as interfer\u00eancias e distor\u00e7\u00f5es s\u00e3o minimizadas, proporcionando um som mais claro e com mais precis\u00e3o em seu ambiente de audi\u00e7\u00e3o. A bi-amplifica\u00e7\u00e3o pode gerar mais pot\u00eancia para seus alto-falantes usando crossovers externos com amplificadores separados (opcionais).<br \/>\nDesign Avan\u00e7ado de Gabinete<br \/>\nKlipsch incorpora suporte adicional e construiu um gabinete dividido para ajudar na qualidade ac\u00fastica. Juntos, eles minimizam resson\u00e2ncias e vibra\u00e7\u00f5es para melhorar especificamente a transpar\u00eancia e clareza do som que produz.<br \/>\nPainel de entrada aprimorado<br \/>\nO RP-5000F II possui fia\u00e7\u00e3o de n\u00edvel audi\u00f3filo e postes de liga\u00e7\u00e3o de alum\u00ednio facilmente acess\u00edveis para qualquer tipo de conex\u00e3o.<br \/>\nConstru\u00e7\u00e3o Premium<br \/>\nA Klipsch usa MDF de qualidade para m\u00f3veis com refor\u00e7o interno para uma apar\u00eancia dur\u00e1vel e atraente. O acabamento em vinil \u00e9bano inclui defletores pintados acetinados com revestimento resistente a arranh\u00f5es.<br \/>\nP\u00e9s de alum\u00ednio fundido<br \/>\nAl\u00e9m de sua apar\u00eancia elegante e moderna, os p\u00e9s de alum\u00ednio fundido do RP-5000F II fornecem menos resson\u00e2ncia do que madeira ou pl\u00e1stico. Esses p\u00e9s foram projetados para minimizar a \u00e1rea da superf\u00edcie que est\u00e1 em contato com o ch\u00e3o, proporcionando a voc\u00ea o benef\u00edcio extra de baixas frequ\u00eancias mais r\u00e1pidas e precisas e mais detalhes de \u00e1udio.<br \/>\nGrade Magn\u00e9tica<br \/>\nVoc\u00ea tem a op\u00e7\u00e3o de expor os woofers e tweeter de cor cobre ou cobri-los com uma grade de alto-falante discreta. A grade se conecta magneticamente \u00e0 frente do RP-5000F II.<\/p>\n<p>Sistema de auto-falantes<br \/>\nConfigura\u00e7\u00e3o do alto-falante Frente:<br \/>\n2,5 vias<br \/>\nManipula\u00e7\u00e3o de potencia 100 W RMS<br \/>\n400 W Pico<br \/>\nCapacidade Bi-Amp Sim<br \/>\nmotoristas 1 x Tweeter de chifre de tit\u00e2nio de 1\u2033\/25,4 mm (disparo frontal) Woofer de cone cer\u00e2mico met\u00e1lico de<br \/>\n2 x 5,25\u2033\/133,35 mm (disparo frontal)<br \/>\nTipo de Gabinete Bass Reflex<br \/>\nResposta de frequ\u00eancia 40 Hz a 25 kHz (\u00b13 dB)<br \/>\nImped\u00e2ncia 8 ohms<br \/>\nConectividade com fio 2 x entrada de par de clipe de mola<br \/>\nCruzamento 1900 Hz<br \/>\nSensibilidade 95 dB<br \/>\nF\u00edsico<br \/>\nOp\u00e7\u00f5es de posicionamento e montagem Piso<br \/>\nContatos do andar Espigas de metal<br \/>\nMaterial do Gabinete MDF<br \/>\nGrade Pano (remov\u00edvel)<br \/>\nDimens\u00f5es 8,1 x 36,1 x 14,8\u2033 \/ 20,7 x 91,7 x 37,5 cm<br \/>\nPeso 38,7 lb \/ 17,6 kg<\/p>\n","protected":false},"excerpt":{"rendered":"<p>Atualize seu home cinema com o poderoso alto- falante de piso de 2,5 vias Reference Premiere RP-5000F II , pronto para Atmos, da Klipsch em um atraente acabamento em \u00e9bano. Este alto-falante de segunda gera\u00e7\u00e3o \u00e9 capaz de produzir uma pot\u00eancia cont\u00ednua de 100 W atrav\u00e9s de dois woofers de cone Cerametallic de 5,25\u2033 e [&hellip;]<\/p>\n","protected":false},"featured_media":19409,"template":"","meta":{"_acf_changed":false},"product_brand":[],"product_cat":[17,114,18],"product_tag":[],"class_list":{"0":"post-19408","1":"product","2":"type-product","3":"status-publish","4":"has-post-thumbnail","6":"product_cat-caixas","7":"product_cat-klipsch","8":"product_cat-torres","10":"first","11":"instock","12":"sold-individually","13":"shipping-taxable","14":"purchasable","15":"product-type-simple"},"acf":[],"aioseo_notices":[],"_links":{"self":[{"href":"https:\/\/hificlub.com.br\/loja\/wp-json\/wp\/v2\/product\/19408","targetHints":{"allow":["GET"]}}],"collection":[{"href":"https:\/\/hificlub.com.br\/loja\/wp-json\/wp\/v2\/product"}],"about":[{"href":"https:\/\/hificlub.com.br\/loja\/wp-json\/wp\/v2\/types\/product"}],"wp:featuredmedia":[{"embeddable":true,"href":"https:\/\/hificlub.com.br\/loja\/wp-json\/wp\/v2\/media\/19409"}],"wp:attachment":[{"href":"https:\/\/hificlub.com.br\/loja\/wp-json\/wp\/v2\/media?parent=19408"}],"wp:term":[{"taxonomy":"product_brand","embeddable":true,"href":"https:\/\/hificlub.com.br\/loja\/wp-json\/wp\/v2\/product_brand?post=19408"},{"taxonomy":"product_cat","embeddable":true,"href":"https:\/\/hificlub.com.br\/loja\/wp-json\/wp\/v2\/product_cat?post=19408"},{"taxonomy":"product_tag","embeddable":true,"href":"https:\/\/hificlub.com.br\/loja\/wp-json\/wp\/v2\/product_tag?post=19408"}],"curies":[{"name":"wp","href":"https:\/\/api.w.org\/{rel}","templated":true}]}}