{"id":19205,"date":"2024-12-23T07:13:16","date_gmt":"2024-12-23T10:13:16","guid":{"rendered":"https:\/\/hificlub.com.br\/loja\/?post_type=product&#038;p=19205"},"modified":"2026-04-20T14:40:39","modified_gmt":"2026-04-20T17:40:39","slug":"dali-euphonia-ms5","status":"publish","type":"product","link":"https:\/\/hificlub.com.br\/loja\/produto\/dali-euphonia-ms5\/","title":{"rendered":"DALI EUPHONIA MS5"},"content":{"rendered":"<p>ESTADO 9\/10<\/p>\n<p>A EUPHONIA MS5 \u00e9 o carro-chefe da S\u00e9rie EUPHONIA.<br \/>\nCom 124 cm de altura e um peso morto de 69 kg, este \u00e9 um gigante de alto-falante que esmaga armaduras.<br \/>\nEssencialmente, o EUPHONIA MS5 \u00e9 um alto-falante bass reflex de tr\u00eas vias<br \/>\ncom 2 woofers de graves de 8&#8243;, 1 driver de m\u00e9dio alcance de 6,5&#8243; e<br \/>\nm\u00f3dulo tweeter h\u00edbrido de fita\/domo macio propriet\u00e1rio da DALI.<br \/>\nNa verdade, \u00e9 mais um design de tr\u00eas vias e meia, pois a c\u00fapula e<br \/>\na fita n\u00e3o cobrem a mesma faixa de frequ\u00eancia. O M\u00f3dulo Tweeter H\u00edbrido e os drivers de cone de papel\/fibra de madeira s\u00e3o as principais<br \/>\ntecnologias DALI e o cora\u00e7\u00e3o da S\u00e9rie EUPHONIA.<br \/>\nAs mesmas tecnologias principais s\u00e3o empregadas em toda a linha de alto-falantes DALI.<\/p>\n<p>SPECIFICATIONS<br \/>\nFrequency range (+\/- 3dB) [Hz]: 31,0 &#8211; 28.000,0<br \/>\nSensitivity (2,83 V\/1 m) [dB]: 89,0<br \/>\nNominal impedance [ohms]: 4<br \/>\nMaximum SPL [dB]: 115,0<br \/>\nRecommended amplifier power [W]: 50,0 &#8211; 500,0<br \/>\nCrossover frequencies: 690 \/ 3.300 \/ (15.000)<br \/>\nHybrid tweeter module, Super high frequency driver:Ribbon<br \/>\nHybrid tweeter module, High frequency driver: Soft textile dome<br \/>\nMidrange frequency driver: Wood fibre cone<br \/>\nLow frequency driver: Wood fibre cone<br \/>\nEnclosure type: Bass reflex<br \/>\nBass reflex tuning frequency [Hz]: 24,0<br \/>\nConnection input(s): Tri-wire<br \/>\nRecommended placement: Floor<br \/>\nRecommended distance from wall: 250,0<br \/>\nLoudspeaker type: Front<br \/>\nMax loudspeaker dimensions incl. base and grille (HxWxD) [mm]: 1245 X 280 X 552<br \/>\nLoudspeaker weight including base and grille [kg]: 69,0<\/p>\n","protected":false},"excerpt":{"rendered":"<p>ESTADO 9\/10 A EUPHONIA MS5 \u00e9 o carro-chefe da S\u00e9rie EUPHONIA. Com 124 cm de altura e um peso morto de 69 kg, este \u00e9 um gigante de alto-falante que esmaga armaduras. Essencialmente, o EUPHONIA MS5 \u00e9 um alto-falante bass reflex de tr\u00eas vias com 2 woofers de graves de 8&#8243;, 1 driver de m\u00e9dio [&hellip;]<\/p>\n","protected":false},"featured_media":19213,"template":"","meta":{"_acf_changed":false},"product_brand":[],"product_cat":[17,233,18],"product_tag":[],"class_list":{"0":"post-19205","1":"product","2":"type-product","3":"status-publish","4":"has-post-thumbnail","6":"product_cat-caixas","7":"product_cat-dali","8":"product_cat-torres","10":"first","11":"instock","12":"sold-individually","13":"shipping-taxable","14":"purchasable","15":"product-type-simple"},"acf":[],"aioseo_notices":[],"_links":{"self":[{"href":"https:\/\/hificlub.com.br\/loja\/wp-json\/wp\/v2\/product\/19205","targetHints":{"allow":["GET"]}}],"collection":[{"href":"https:\/\/hificlub.com.br\/loja\/wp-json\/wp\/v2\/product"}],"about":[{"href":"https:\/\/hificlub.com.br\/loja\/wp-json\/wp\/v2\/types\/product"}],"wp:featuredmedia":[{"embeddable":true,"href":"https:\/\/hificlub.com.br\/loja\/wp-json\/wp\/v2\/media\/19213"}],"wp:attachment":[{"href":"https:\/\/hificlub.com.br\/loja\/wp-json\/wp\/v2\/media?parent=19205"}],"wp:term":[{"taxonomy":"product_brand","embeddable":true,"href":"https:\/\/hificlub.com.br\/loja\/wp-json\/wp\/v2\/product_brand?post=19205"},{"taxonomy":"product_cat","embeddable":true,"href":"https:\/\/hificlub.com.br\/loja\/wp-json\/wp\/v2\/product_cat?post=19205"},{"taxonomy":"product_tag","embeddable":true,"href":"https:\/\/hificlub.com.br\/loja\/wp-json\/wp\/v2\/product_tag?post=19205"}],"curies":[{"name":"wp","href":"https:\/\/api.w.org\/{rel}","templated":true}]}}