{"id":19085,"date":"2024-12-08T23:49:49","date_gmt":"2024-12-09T02:49:49","guid":{"rendered":"https:\/\/hificlub.com.br\/loja\/?post_type=product&#038;p=19085"},"modified":"2026-03-02T14:39:21","modified_gmt":"2026-03-02T17:39:21","slug":"jbl-lsr32-monitor-de-estudio","status":"publish","type":"product","link":"https:\/\/hificlub.com.br\/loja\/produto\/jbl-lsr32-monitor-de-estudio\/","title":{"rendered":"JBL LSR32 Caixa Monitor de Estudio"},"content":{"rendered":"<p>ESTADO 9\/10<\/p>\n<p>Os LSR32s s\u00e3o os primeiros de uma nova linha de alto-falantes de monitor baseados na nova abordagem da JBL para design de alto-falantes, que envolve an\u00e1lise cuidadosa e controle do som irradiado total do alto-falante, n\u00e3o apenas do som no eixo. Essa aten\u00e7\u00e3o \u00e0 resposta espacial do sistema de alto-falantes como um todo levou ao apelido LSR ou &#8216;Linear Spatial Reference&#8217;, e representa um salto significativo na qualidade sonora percebida.<\/p>\n<p>O objetivo do design \u00e9 duplo e foi definido em um white paper dispon\u00edvel no site de produtos profissionais da JBL, www.jblpro.com , na se\u00e7\u00e3o &#8216;Notas t\u00e9cnicas&#8217; (Volume 3, N\u00famero 2). O objetivo principal era criar uma &#8216;janela de audi\u00e7\u00e3o&#8217; na qual o usu\u00e1rio pudesse se movimentar e receber qualidade de som consistente, idealmente com imagem est\u00e9reo est\u00e1vel e precisa. O segundo objetivo \u00e9 que o som fora do eixo projetado acima, abaixo e nas laterais do alto-falante tenha uma resposta de frequ\u00eancia t\u00e3o suave e consistente quanto poss\u00edvel com uma adapta\u00e7\u00e3o suave dos n\u00edveis de energia de HF. Essa adapta\u00e7\u00e3o \u00e9 baseada na psicoac\u00fastica de como reagimos \u00e0 combina\u00e7\u00e3o de campos sonoros diretos, refletidos e reverberantes em um ambiente de audi\u00e7\u00e3o. O som fora do eixo atinge as paredes laterais, o teto e o ch\u00e3o e salta para o ouvinte como as primeiras reflex\u00f5es fortes, antes de criar o som reverberante. Consequentemente, o equil\u00edbrio espectral desses sons refletidos pode ter um efeito muito significativo na percep\u00e7\u00e3o da qualidade geral e da clareza de um sistema de alto-falantes.<\/p>\n<p>N\u00e3o h\u00e1 nada de novo e surpreendente nessa abordagem ao design de alto-falantes \u2014 muitos dos fabricantes de alta fidelidade mais respeit\u00e1veis \u200b\u200be os melhores construtores de monitores profissionais est\u00e3o cientes da import\u00e2ncia das contribui\u00e7\u00f5es fora do eixo de seus alto-falantes h\u00e1 muito tempo e projetaram e constru\u00edram seus modelos de acordo. De fato, a maioria das refer\u00eancias citadas no white paper LSR da JBL listam artigos AES dos anos 70 e 80. No entanto, as t\u00e9cnicas anal\u00edticas melhoraram enormemente desde ent\u00e3o, e a an\u00e1lise e a modelagem de computador permitem o teste de teorias e a otimiza\u00e7\u00e3o do design antes da constru\u00e7\u00e3o de prot\u00f3tipos mec\u00e2nicos para o ajuste fino.<\/p>\n<p>A vantagem real da abordagem LSR de obter a pot\u00eancia espectral total emitida pelo alto-falante balanceada corretamente \u00e9 que os alto-falantes resultantes funcionam melhor em salas reais. Eles tendem a ter menos colora\u00e7\u00e3o percebida, \u00e1reas de audi\u00e7\u00e3o utiliz\u00e1veis \u200b\u200bmaiores com boa consist\u00eancia de som e imagem est\u00e9reo mais ampla e est\u00e1vel \u2014 todas qualidades cr\u00edticas em um design de alto-falante de monitor.<\/p>\n<p>LSR32<br \/>\nJBL LSR32<\/p>\n<p>Ent\u00e3o, para o primeiro dos novos produtos LSR da JBL, o LSR32. Este \u00e9 um sistema passivo de tr\u00eas vias, descrito pelo fabricante como um monitor de campo m\u00e9dio. Ele \u00e9 certamente grande demais para ser usado como um campo pr\u00f3ximo, com dimens\u00f5es de gabinete de 635x394x292 mm e pesando mais de 21 kg (47 lbs). Com caixas deste tipo, e com drivers espa\u00e7ados como estes, uma certa dist\u00e2ncia m\u00ednima \u00e9 necess\u00e1ria para que o som dos drivers se torne totalmente integrado \u2014 da\u00ed o r\u00f3tulo de campo m\u00e9dio.<\/p>\n<p>O gabinete retangular simples encerra um volume de 50 litros que \u00e9 ventilado para a frente atrav\u00e9s do que parece ser uma porta el\u00edptica alargada, mas que o white paper da JBL se refere como uma &#8220;abertura din\u00e2mica linear&#8221;! O design de alargamento duplo \u00e9 reivindicado para reduzir a compress\u00e3o da porta e eliminar o ru\u00eddo da porta (um ru\u00eddo de respira\u00e7\u00e3o que acompanha os picos de LF e conhecido no mercado como &#8216;chuffing&#8217;).<\/p>\n<p>Mover e reposicionar os LSR32s n\u00e3o \u00e9 uma tarefa trivial devido ao seu tamanho e peso. No entanto, descobri rapidamente que a porta na frente e o painel de terminais rebaixado na parte traseira forneciam excelentes apoios para os dedos para levantar o gabinete. N\u00e3o sei se foi por design ou acidente, mas o equil\u00edbrio do gabinete e o posicionamento dos pontos de apoio s\u00e3o quase ideais para o prop\u00f3sito!<\/p>\n<p>O gabinete \u00e9 uma caixa retangular convencional de MDF com acabamento em uma &#8216;textura de areia&#8217; preta fosca. Ele incorpora algum refor\u00e7o interno e uma pequena quantidade de enchimento de fibra de vidro em todas as superf\u00edcies laterais e traseiras. O crossover \u00e9 montado atr\u00e1s do woofer no painel traseiro e componentes e fia\u00e7\u00e3o de boa qualidade s\u00e3o usados \u200b\u200bpor toda parte. Um aspecto incomum do design \u00e9 que o defletor frontal \u00e9 feito de fibra de carbono de 38 mm de espessura. Afirma-se que ele \u00e9 virtualmente livre de resson\u00e2ncia e tem bordas arredondadas para minimizar a difra\u00e7\u00e3o do som das descontinuidades das laterais do gabinete. N\u00e3o h\u00e1 provis\u00e3o para uma grade frontal, nem qualquer prote\u00e7\u00e3o para os drivers, embora todos sejam recuados at\u00e9 certo ponto e n\u00e3o devam sofrer danos acidentais em uso normal.<\/p>\n<p>Os LSRs s\u00e3o entregues \u2014 eles s\u00e3o fornecidos como pares com os tweeters e unidades de m\u00e9dio alcance em lados opostos. As caixas de embalagem denotam os alto-falantes como LSR32L e LSR32R, o que implica que as unidades de acionamento devem estar nas bordas externas quando configuradas para audi\u00e7\u00e3o est\u00e9reo, mas os pr\u00f3prios alto-falantes n\u00e3o parecem ter nenhuma designa\u00e7\u00e3o. Nem o folheto fornecido com cada alto-falante fornece qualquer conselho sobre a localiza\u00e7\u00e3o recomendada (em rela\u00e7\u00e3o \u00e0 parede traseira ou eixo de audi\u00e7\u00e3o ideal, por exemplo). Surpreendentemente, o par de revis\u00e3o nem mesmo tinha n\u00fameros de s\u00e9rie consecutivos ou relacionados. No entanto, eles certamente funcionaram muito bem como um par est\u00e9reo, o que \u00e9 presumivelmente uma boa indica\u00e7\u00e3o da consist\u00eancia da linha de produ\u00e7\u00e3o.<\/p>\n<p>O tweeter, o driver de m\u00e9dio alcance e a porta s\u00e3o todos montados em um subbaffle quadrado de alum\u00ednio fundido que pode ser removido e girado para permitir que os alto-falantes sejam montados vertical ou horizontalmente, mantendo o alinhamento vertical do m\u00e9dio alcance e do tweeter (para imagens est\u00e9reo precisas) e os \u00e2ngulos de dispers\u00e3o corretos para a distribui\u00e7\u00e3o de energia fora do eixo. Aparentemente, a resposta do sistema permanece quase id\u00eantica \u00e0s configura\u00e7\u00f5es de gabinete horizontal ou vertical.<\/p>\n<p>Conforme entregues, os alto-falantes foram configurados para uso horizontal, mas oito minutos e 16 parafusos de cabe\u00e7a cruzada os realinharam para meu arranjo vertical preferido e os colocaram em um par de suportes muito resistentes. Posicionei os LSRs com suas frentes a cerca de 18 polegadas da parede traseira e os aproximei para cruzar os eixos ligeiramente na frente da posi\u00e7\u00e3o de audi\u00e7\u00e3o. Embora eu tenha experimentado o posicionamento depois que me familiarizei com os alto-falantes, descobri que esse ponto de partida era o melhor arranjo na minha sala de audi\u00e7\u00e3o.<\/p>\n<p>Drivers e Crossovers<br \/>\nJBL LSR32<\/p>\n<p>O LSR32 ostenta tr\u00eas drivers &#8216;avan\u00e7ados&#8217;. O woofer 252G de 12 polegadas emprega um cone composto de fibra de carbono e polipropileno, apoiado na borda externa por um envolt\u00f3rio de rolo de borracha but\u00edlica macia. O conjunto do motor \u00e9 baseado na tecnologia DCD patenteada da JBL, que \u00e9 muito incomum em seu uso de tr\u00eas bobinas de voz \u2014 as duas externas fornecem a for\u00e7a motriz, enquanto a bobina central \u00e9 encurtada (seus terminais conectados juntos) e atua como um freio din\u00e2mico, limitando a excurs\u00e3o m\u00e1xima do cone para proteger o driver sem aumentar a distor\u00e7\u00e3o em altos n\u00edveis de som.<\/p>\n<p>A maioria dos projetistas de alto-falantes segue a teoria de que a linearidade decorre da garantia de que a bobina de voz permane\u00e7a dentro de um fluxo magn\u00e9tico uniforme \u2014 da\u00ed a preval\u00eancia da bobina de voz curta em uma longa lacuna magn\u00e9tica. A JBL seguiu, em vez disso, um caminho radical em que cada uma das duas bobinas de voz \u00e9 deliberadamente organizada para come\u00e7ar na metade do caminho para fora da lacuna magn\u00e9tica. O fluxo do \u00edm\u00e3 de neod\u00edmio \u00e9 organizado para passar em dire\u00e7\u00f5es opostas atrav\u00e9s das duas bobinas (olhando para o diagrama de corte da unidade de acionamento, acima, o campo magn\u00e9tico flui efetivamente no sentido hor\u00e1rio, da esquerda para a direita atrav\u00e9s da bobina 1 e da direita para a esquerda atrav\u00e9s da bobina 2), mas como as bobinas s\u00e3o conectadas em polaridades opostas, seus esfor\u00e7os mec\u00e2nicos se somam para mover o cone do alto-falante conforme necess\u00e1rio.<\/p>\n<p>Embora aparentemente complicado, a JBL alega uma s\u00e9rie de vantagens para essa nova abordagem para uma dada especifica\u00e7\u00e3o de acoplamento el\u00e9trico-mec\u00e2nico. Como h\u00e1 o dobro da \u00e1rea de superf\u00edcie da bobina, a dissipa\u00e7\u00e3o de calor \u00e9 muito melhor, permitindo um aumento de 3 dB no manuseio de energia e uma redu\u00e7\u00e3o na compress\u00e3o din\u00e2mica. Como as duas bobinas s\u00e3o enroladas em fases opostas, sua indut\u00e2ncia m\u00fatua \u00e9 reduzida, ajudando a fornecer uma curva de imped\u00e2ncia mais plana para o amplificador, tornando o alto-falante mais f\u00e1cil de acionar. Al\u00e9m disso, todo o conjunto de \u00edm\u00e3 e bobina de voz pode ser feito mais compacto e requer menos ferro no caminho magn\u00e9tico do que a maioria dos projetos, tornando-o mais leve. Esses se combinam para permitir maior efici\u00eancia na dissipa\u00e7\u00e3o de calor e melhor manuseio de energia.<\/p>\n<p>A bobina central em curto n\u00e3o faz nada na maior parte do tempo, pois est\u00e1 bem longe das duas lacunas magn\u00e9ticas. No entanto, durante excurs\u00f5es altas do cone, a terceira bobina entra no campo magn\u00e9tico e uma corrente \u00e9 induzida dentro dela. Isso configura uma for\u00e7a magn\u00e9tica oposta que atua contra o movimento do cone, amortecendo assim o movimento e agindo como um freio. O design \u00e9 certamente inteligente, e aparentemente a introdu\u00e7\u00e3o da terceira bobina na lacuna magn\u00e9tica ajuda a cancelar os artefatos de distor\u00e7\u00e3o inerentes causados \u200b\u200bpela instabilidade do campo magn\u00e9tico conforme as bobinas de voz principais alcan\u00e7am as bordas externas!<\/p>\n<p>O driver de m\u00e9dio alcance C500G \u00e9 um design mais convencional com um cone de kevlar de duas polegadas, novamente apoiado em um entorno de borracha but\u00edlica. A bobina de voz tem o mesmo di\u00e2metro do cone e funciona com um \u00edm\u00e3 de neod\u00edmio para alta pot\u00eancia. A unidade \u00e9 alojada em uma c\u00e2mara de metal cil\u00edndrica e \u00e9 projetada para cobrir uma faixa de frequ\u00eancia de 250 Hz a 2,2 kHz. O tweeter 053ti emprega uma c\u00fapula de tit\u00e2nio de uma polegada amortecida com uma subst\u00e2ncia chamada Aquaplas, bem como uma &#8220;espuma exclusiva de baixa recupera\u00e7\u00e3o&#8221; na c\u00e2mara traseira. Este driver de alta frequ\u00eancia \u00e9 montado no defletor por meio de um &#8216;Elliptical Oblate Spheroidal Waveguide&#8217; (felizmente abreviado para EOS!), que controla as caracter\u00edsticas de dispers\u00e3o horizontal e vertical do tweeter para 100&#215;60 graus, respectivamente. O tweeter foi projetado para cobrir a faixa de 2,2 kHz a bem mais de 20 kHz.<\/p>\n<p>A rede crossover apresenta uma carga nominal de 4\u03a9 e permite bi-fia\u00e7\u00e3o por meio de dois pares de postes de liga\u00e7\u00e3o de 4 mm\/5 vias no painel traseiro. Conforme fornecido, os links de metal fazem um curto-circuito nas se\u00e7\u00f5es alta e baixa, mas s\u00e3o facilmente removidos se necess\u00e1rio. Eu testei os LSR32s no modo bi-fia\u00e7\u00e3o simplesmente porque meus monitores normais (PMC AB1s) tamb\u00e9m s\u00e3o configurados para bi-fia\u00e7\u00e3o (certa vez consegui me convencer de que poderia ouvir uma melhora com um cabo bi-fia\u00e7\u00e3o ridiculamente caro&#8230;).<\/p>\n<p>O crossover emprega filtros Linkwitz-Riley de quarta ordem (24dB\/oitava) que supostamente minimizam o lobing nos pontos de crossover. O lobing \u00e9 um efeito colateral inerente, mas prejudicial, da divis\u00e3o da faixa de frequ\u00eancia entre v\u00e1rios drivers e pode ter um efeito adverso no equil\u00edbrio de energia fora do eixo do alto-falante. Os crossovers incorporam corre\u00e7\u00e3o de magnitude e fase nos pontos de crossover, e uma op\u00e7\u00e3o de ajuste de n\u00edvel muito suave de -1dB est\u00e1 dispon\u00edvel para o tweeter, se necess\u00e1rio, por meio de links no painel traseiro. Componentes de crossover de qualidade decente s\u00e3o organizados cuidadosamente em uma grande placa de circuito montada na parte interna do painel traseiro do gabinete e conectada com um fio respeitavelmente robusto aos drivers. Os gr\u00e1ficos publicados pela JBL da imped\u00e2ncia e fase do sistema s\u00e3o louvavelmente controlados e meu amplificador n\u00e3o teve nenhum problema em acionar os LSRs.<\/p>\n<p>A JBL LSR32 \u00e9 um monitor de est\u00fadio de tr\u00eas vias com 12 polegadas, que possui as seguintes caracter\u00edsticas:<br \/>\nResposta de frequ\u00eancia: 54 Hz a 22 kHz<br \/>\nDispers\u00e3o: 50\u00b0x100\u00b0 rotatable EOS Elliptical Oblate Spheroidal waveguide<br \/>\nSensibilidade: 90 dB@1w\/1m<br \/>\nSPL de pico m\u00e1ximo calculado: 119 dB\/1m<br \/>\nCapacidade de pot\u00eancia cont\u00ednua: 200 W, pico: 800 W<br \/>\nPeso: 21,3 kg<br \/>\nOs componentes da JBL LSR32 s\u00e3o:<br \/>\nDriver LF JBL 252G 12&#8243; neodymium magnetic shielded Differential Drive\u00ae LF transducer<br \/>\nDriver MF JBL C500G 2&#8243; voice coil neodymium Kevlar\u2122 cone MF transducer<br \/>\nDriver HF JBL 053Ti 1&#8243; HF driver on EOS waveguide<\/p>\n","protected":false},"excerpt":{"rendered":"<p>ESTADO 9\/10 Os LSR32s s\u00e3o os primeiros de uma nova linha de alto-falantes de monitor baseados na nova abordagem da JBL para design de alto-falantes, que envolve an\u00e1lise cuidadosa e controle do som irradiado total do alto-falante, n\u00e3o apenas do som no eixo. Essa aten\u00e7\u00e3o \u00e0 resposta espacial do sistema de alto-falantes como um todo [&hellip;]<\/p>\n","protected":false},"featured_media":19086,"template":"","meta":{"_acf_changed":false},"product_brand":[],"product_cat":[25,17,46,47],"product_tag":[],"class_list":{"0":"post-19085","1":"product","2":"type-product","3":"status-publish","4":"has-post-thumbnail","6":"product_cat-bookshelf","7":"product_cat-caixas","8":"product_cat-jbl","9":"product_cat-linha-profissional","11":"first","12":"instock","13":"sold-individually","14":"shipping-taxable","15":"purchasable","16":"product-type-simple"},"acf":[],"aioseo_notices":[],"_links":{"self":[{"href":"https:\/\/hificlub.com.br\/loja\/wp-json\/wp\/v2\/product\/19085","targetHints":{"allow":["GET"]}}],"collection":[{"href":"https:\/\/hificlub.com.br\/loja\/wp-json\/wp\/v2\/product"}],"about":[{"href":"https:\/\/hificlub.com.br\/loja\/wp-json\/wp\/v2\/types\/product"}],"wp:featuredmedia":[{"embeddable":true,"href":"https:\/\/hificlub.com.br\/loja\/wp-json\/wp\/v2\/media\/19086"}],"wp:attachment":[{"href":"https:\/\/hificlub.com.br\/loja\/wp-json\/wp\/v2\/media?parent=19085"}],"wp:term":[{"taxonomy":"product_brand","embeddable":true,"href":"https:\/\/hificlub.com.br\/loja\/wp-json\/wp\/v2\/product_brand?post=19085"},{"taxonomy":"product_cat","embeddable":true,"href":"https:\/\/hificlub.com.br\/loja\/wp-json\/wp\/v2\/product_cat?post=19085"},{"taxonomy":"product_tag","embeddable":true,"href":"https:\/\/hificlub.com.br\/loja\/wp-json\/wp\/v2\/product_tag?post=19085"}],"curies":[{"name":"wp","href":"https:\/\/api.w.org\/{rel}","templated":true}]}}