{"id":18893,"date":"2024-11-20T20:44:18","date_gmt":"2024-11-20T23:44:18","guid":{"rendered":"https:\/\/hificlub.com.br\/loja\/?post_type=product&#038;p=18893"},"modified":"2026-04-08T04:44:09","modified_gmt":"2026-04-08T07:44:09","slug":"accuphase-ad-60-placa-de-phono-mm-mc","status":"publish","type":"product","link":"https:\/\/hificlub.com.br\/loja\/produto\/accuphase-ad-60-placa-de-phono-mm-mc\/","title":{"rendered":"ACCUPHASE AD-60  Placa de Phono MM MC"},"content":{"rendered":"<p>Placa de entrada de disco anal\u00f3gico AD-60<\/p>\n<p>Placa Phono MM\/MC para pr\u00e9-amplificadores Accuphase e amplificadores integrados equipados com slots de expans\u00e3o padr\u00e3o \u2013 est\u00e1gio de amplifica\u00e7\u00e3o diferencial MC com 4 transistores bipolares acionados em paralelo, est\u00e1gio de amplifica\u00e7\u00e3o diferencial MM com par de JFETs paralelos \u2013 n\u00edvel de ganho (Gain): MC 66 dB \/ MM 40 dB \u2013 imped\u00e2ncia de carga de entrada: MC 30, 100, 200, 300 Ohm \/ MM 47 kOhm \u2013 sensibilidade: MC 0,126 mV \/ MM 2,5 mV \u2013 filtro subs\u00f4nico 25 Hz -12 dB\/oitava \u2013 Interruptores internos DIP para sele\u00e7\u00e3o de n\u00edvel de hardware de est\u00e1gios MM\/MC, imped\u00e2ncia de carga de entrada MC, ativa\u00e7\u00e3o\/desativa\u00e7\u00e3o de filtro subs\u00f4nico, todas as fun\u00e7\u00f5es convenientemente ajust\u00e1veis \u200b\u200bpor meio de um conjunto completo (do modelo C2300 em diante) ou parcial de bot\u00f5es de controle pr\u00e9-alocados no painel frontal de eletr\u00f4nicos Accuphase recentes ou de pr\u00f3xima gera\u00e7\u00e3o &#8211; compat\u00edvel com os seguintes eletr\u00f4nicos Accuphase (lista atualiz\u00e1vel e a ser estendida para eletr\u00f4nicos de uma gera\u00e7\u00e3o posterior aos modelos listados): C2300 (todos os ajustes acess\u00edveis diretamente atrav\u00e9s dos bot\u00f5es pr\u00e9-localizados no painel frontal) \/ C-2150, C-2120, C-2110, E-800, E-5000, E-650, E-600, E-560, E-550, E-4000, E-480, E-470, E-460, E-450, E-380, E-370, E-360, E-350, E-280, E-270, E-260, E-250 (sele\u00e7\u00e3o MM \/MC pr\u00e9-alocado no painel frontal dos eletr\u00f4nicos, ajustes de carga e filtro subs\u00f4nico a serem operados atrav\u00e9s dos DIP Switches na placa AD-60) \/ C-2000, C-265, C-245, CX-260, E- 530, E-408, E-407, E-406V, E-308, E-307, E-306V, E-213, E-212, E-211 (todos os ajustes devem ser feitos atrav\u00e9s dos DIP Switches na placa AD-60)<\/p>\n<p>Amplificador equalizador phono de alto desempenho para reprodu\u00e7\u00e3o de discos anal\u00f3gicos.<br \/>\nA comuta\u00e7\u00e3o MC\/MM \u00e9 poss\u00edvel no painel frontal do dispositivo habilitado.<br \/>\nInterruptores DIP internos controlam a imped\u00e2ncia de entrada MC e o filtro subs\u00f4nico ligado\/desligado.<\/p>\n<p>MC: Tipo de bobina m\u00f3vel<br \/>\nGanho : 66 dB<br \/>\nImped\u00e2ncia de entrada: 30\/100\/200\/300 ohms (selecion\u00e1vel)<br \/>\nMM: Tipo de \u00edm\u00e3 m\u00f3vel<br \/>\nGanho : 40 dB<br \/>\nImped\u00e2ncia de entrada: 47 quilohms<br \/>\nFiltro subs\u00f4nico: 25Hz -12dB\/oitava<\/p>\n<p>ESPECIFICA\u00c7\u00d5ES GARANTIDAS ( Medido de acordo com IEC 60268-3 )<br \/>\nQuando conectado ao C-2300.<br \/>\nPosi\u00e7\u00e3o do interruptor Sensibilidade<br \/>\nMM 2,5 mV 80 dB<br \/>\nMC 0,126 mV 68 dB<br \/>\nFILTRO SUBS\u00d4NICO: 25Hz -12dB \/ oitava<\/p>\n","protected":false},"excerpt":{"rendered":"<p>Placa de entrada de disco anal\u00f3gico AD-60 Placa Phono MM\/MC para pr\u00e9-amplificadores Accuphase e amplificadores integrados equipados com slots de expans\u00e3o padr\u00e3o \u2013 est\u00e1gio de amplifica\u00e7\u00e3o diferencial MC com 4 transistores bipolares acionados em paralelo, est\u00e1gio de amplifica\u00e7\u00e3o diferencial MM com par de JFETs paralelos \u2013 n\u00edvel de ganho (Gain): MC 66 dB \/ MM [&hellip;]<\/p>\n","protected":false},"featured_media":18894,"template":"","meta":{"_acf_changed":false},"product_brand":[],"product_cat":[229,78,79],"product_tag":[],"class_list":{"0":"post-18893","1":"product","2":"type-product","3":"status-publish","4":"has-post-thumbnail","6":"product_cat-accuphase","7":"product_cat-analogico-audio","8":"product_cat-pre-de-phono","10":"first","11":"instock","12":"sold-individually","13":"shipping-taxable","14":"purchasable","15":"product-type-simple"},"acf":[],"aioseo_notices":[],"_links":{"self":[{"href":"https:\/\/hificlub.com.br\/loja\/wp-json\/wp\/v2\/product\/18893","targetHints":{"allow":["GET"]}}],"collection":[{"href":"https:\/\/hificlub.com.br\/loja\/wp-json\/wp\/v2\/product"}],"about":[{"href":"https:\/\/hificlub.com.br\/loja\/wp-json\/wp\/v2\/types\/product"}],"wp:featuredmedia":[{"embeddable":true,"href":"https:\/\/hificlub.com.br\/loja\/wp-json\/wp\/v2\/media\/18894"}],"wp:attachment":[{"href":"https:\/\/hificlub.com.br\/loja\/wp-json\/wp\/v2\/media?parent=18893"}],"wp:term":[{"taxonomy":"product_brand","embeddable":true,"href":"https:\/\/hificlub.com.br\/loja\/wp-json\/wp\/v2\/product_brand?post=18893"},{"taxonomy":"product_cat","embeddable":true,"href":"https:\/\/hificlub.com.br\/loja\/wp-json\/wp\/v2\/product_cat?post=18893"},{"taxonomy":"product_tag","embeddable":true,"href":"https:\/\/hificlub.com.br\/loja\/wp-json\/wp\/v2\/product_tag?post=18893"}],"curies":[{"name":"wp","href":"https:\/\/api.w.org\/{rel}","templated":true}]}}