{"id":18883,"date":"2024-11-20T20:19:51","date_gmt":"2024-11-20T23:19:51","guid":{"rendered":"https:\/\/hificlub.com.br\/loja\/?post_type=product&#038;p=18883"},"modified":"2026-04-08T04:46:00","modified_gmt":"2026-04-08T07:46:00","slug":"accuphase-dac-60","status":"publish","type":"product","link":"https:\/\/hificlub.com.br\/loja\/produto\/accuphase-dac-60\/","title":{"rendered":"ACCUPHASE DAC-60  Placa Conversor Digital Analogico DSD"},"content":{"rendered":"<p>O DAC-60 \u00e9 a placa de entrada digital dedicada de 6\u00aa gera\u00e7\u00e3o que pode inserir sinais digitais diretamente em unidades amplificadoras quando instalada em pr\u00e9-amplificadores Accuphase e<br \/>\namplificadores integrados.<\/p>\n<p>DAC-60O DAC-60 \u00e9 uma placa de entrada digital que pode inserir sinais digitais diretamente em unidades amplificadoras quando instalada em pr\u00e9-amplificadores Accuphase e amplificadores integrados (listados abaixo). Tr\u00eas tipos de entrada s\u00e3o fornecidos (USB, \u00d3PTICO, COAXIAL) para conex\u00e3o a uma ampla gama de dispositivos digitais. O conversor D\/A adota o &#8220;princ\u00edpio do conversor 2MDS+ (Multiple Delta Sigma)&#8221; com ES9016K2M (ESS Technologies) montado em paralelo para converter sinais anal\u00f3gicos que permanecem extremamente fi\u00e9is ao som da fonte original. Nascido de tecnologias de \u00e1udio de ponta, o DAC-60 \u00e9 uma placa opcional que fornece performances verdadeiramente de alta qualidade e totalmente expressivas.<\/p>\n<p>Fun\u00e7\u00e3o<br \/>\nUma mudan\u00e7a autom\u00e1tica da entrada coaxial \/ fibra \u00f3ptica \/ entrada USB<br \/>\nReconhecimento autom\u00e1tico do n\u00famero de frequ\u00eancia de amostragem \/bit \/MHz de-\u00eanfase<br \/>\nEspecifica\u00e7\u00f5es garantidas<br \/>\nUSB \uff1aUSB 2.0 de alta velocidade \uff08480Mbps\uff09 compat\u00edvel<br \/>\n\uff1aFrequ\u00eancia de amostragem DSD\/2.8224MHz,5.6448MHz,11.2896MHz(1bit)<br \/>\n*11.2896MHz(apenas ASIO)<br \/>\n\uff1aPCM\/ 32kHz\uff5e384kHz,32bit<br \/>\n\u00d3PTICO: Compat\u00edvel com JEITA CP-1212<br \/>\n: Frequ\u00eancia de amostragem 32kHz \uff5e 96kHz, 24 bits<br \/>\nCOAXIAL: compat\u00edvel com IEC 60958\/AES-3<br \/>\n: frequ\u00eancia de amostragem 32 kHz \uff5e 192 kHz, 24 bits<\/p>\n<p>Sobre a exibi\u00e7\u00e3o da frequ\u00eancia de amostragem<br \/>\nquando o DAC-60 \u00e9 instalado em C-2120, E-600, E-470, E-370, E-270, E-4000, E-5000, E-700, E-800<\/p>\n<p>As frequ\u00eancias de amostragem de at\u00e9 192 kHz s\u00e3o mostradas como est\u00e3o.<br \/>\nOs sinais com as seguintes frequ\u00eancias de amostragem s\u00e3o manipulados sem problemas,<br \/>\nmas a indica\u00e7\u00e3o \u00e9 sempre &#8220;192,0 kHz&#8221;:<br \/>\n\u3010DSD\u3011 2,8224 MHz, 5,6448 MHz, 11,2896 MHz<br \/>\n\u3010PCM\u3011 352,8 kHz \u2013 384 kHz<\/p>\n<p>* A reprodu\u00e7\u00e3o de dados musicais pelo USB depende do sistema operacional do PC e do software de reprodu\u00e7\u00e3o musical.* Consulte o manual do PC para obter informa\u00e7\u00f5es sobre a configura\u00e7\u00e3o e o m\u00e9todo de conex\u00e3o do PC em rela\u00e7\u00e3o ao USB.<br \/>\nAcess\u00f3rios fornecidos<br \/>\nCD-ROM de utilit\u00e1rio USB<\/p>\n<p>Conex\u00e3o<br \/>\n* Se v\u00e1rios sinais de entrada forem fornecidos ao mesmo tempo, a unidade bloqueia automaticamente um sinal quando &#8220;OP\u00c7\u00c3O 1&#8221; \u00e9 selecionado, usando a seguinte sequ\u00eancia de prioridade: COAXIAL \u2192 \u00d3PTICO \u2192 USB<\/p>\n","protected":false},"excerpt":{"rendered":"<p>O DAC-60 \u00e9 a placa de entrada digital dedicada de 6\u00aa gera\u00e7\u00e3o que pode inserir sinais digitais diretamente em unidades amplificadoras quando instalada em pr\u00e9-amplificadores Accuphase e amplificadores integrados. DAC-60O DAC-60 \u00e9 uma placa de entrada digital que pode inserir sinais digitais diretamente em unidades amplificadoras quando instalada em pr\u00e9-amplificadores Accuphase e amplificadores integrados (listados [&hellip;]<\/p>\n","protected":false},"featured_media":18884,"template":"","meta":{"_acf_changed":false},"product_brand":[],"product_cat":[229,43,41],"product_tag":[],"class_list":{"0":"post-18883","1":"product","2":"type-product","3":"status-publish","4":"has-post-thumbnail","6":"product_cat-accuphase","7":"product_cat-dac","8":"product_cat-digital","10":"first","11":"instock","12":"sold-individually","13":"shipping-taxable","14":"purchasable","15":"product-type-simple"},"acf":[],"aioseo_notices":[],"_links":{"self":[{"href":"https:\/\/hificlub.com.br\/loja\/wp-json\/wp\/v2\/product\/18883","targetHints":{"allow":["GET"]}}],"collection":[{"href":"https:\/\/hificlub.com.br\/loja\/wp-json\/wp\/v2\/product"}],"about":[{"href":"https:\/\/hificlub.com.br\/loja\/wp-json\/wp\/v2\/types\/product"}],"wp:featuredmedia":[{"embeddable":true,"href":"https:\/\/hificlub.com.br\/loja\/wp-json\/wp\/v2\/media\/18884"}],"wp:attachment":[{"href":"https:\/\/hificlub.com.br\/loja\/wp-json\/wp\/v2\/media?parent=18883"}],"wp:term":[{"taxonomy":"product_brand","embeddable":true,"href":"https:\/\/hificlub.com.br\/loja\/wp-json\/wp\/v2\/product_brand?post=18883"},{"taxonomy":"product_cat","embeddable":true,"href":"https:\/\/hificlub.com.br\/loja\/wp-json\/wp\/v2\/product_cat?post=18883"},{"taxonomy":"product_tag","embeddable":true,"href":"https:\/\/hificlub.com.br\/loja\/wp-json\/wp\/v2\/product_tag?post=18883"}],"curies":[{"name":"wp","href":"https:\/\/api.w.org\/{rel}","templated":true}]}}