{"id":18400,"date":"2024-10-16T08:05:48","date_gmt":"2024-10-16T11:05:48","guid":{"rendered":"https:\/\/hificlub.com.br\/loja\/?post_type=product&#038;p=18400"},"modified":"2026-03-18T17:00:19","modified_gmt":"2026-03-18T20:00:19","slug":"accuphase-e-270-120-watts","status":"publish","type":"product","link":"https:\/\/hificlub.com.br\/loja\/produto\/accuphase-e-270-120-watts\/","title":{"rendered":"ACCUPHASE E-270 Amplificador Integrado 90 watts 220v"},"content":{"rendered":"<p>ESTADO 9\/10<\/p>\n<p>Revolucion\u00e1rio controle de volume AAVA. Uma se\u00e7\u00e3o de amplificador de pot\u00eancia com transistores de alta pot\u00eancia em configura\u00e7\u00e3o push-pull paralela, complementada por uma fonte de alimenta\u00e7\u00e3o robusta e um est\u00e1gio de sa\u00edda de baixa imped\u00e2ncia. 120 watts de pot\u00eancia de qualidade em 4 ohms, com um fator de amortecimento de 400. A topologia do amplificador de realimenta\u00e7\u00e3o de corrente garante excelentes caracter\u00edsticas de fase na faixa alta eo princ\u00edpio do amplificador de instrumenta\u00e7\u00e3o permite caminhos de sinal totalmente balanceados. Os interruptores MOS-FET de pot\u00eancia nos circuitos de prote\u00e7\u00e3o eliminam a necessidade de contatos mec\u00e2nicos.<br \/>\nA busca de desempenho e qualidade de som resulta em capacidade bem al\u00e9m de sua classe, aproximando-se do n\u00edvel de amplificadores de tipo separado.<\/p>\n<p>Revolucion\u00e1rio controle de volume AAVA<br \/>\nEst\u00e1gio de sa\u00edda com transistores de alta pot\u00eancia em paralelo-pull arranjo oferece alta qualidade de energia: 90 watts x 2 em 8 ohms<br \/>\nO est\u00e1gio do amplificador de poder caracteriza a configura\u00e7\u00e3o do amplificador da instrumenta\u00e7\u00e3o para a transmiss\u00e3o equilibrada do sinal<br \/>\nRel\u00e9s de controle l\u00f3gico para caminhos de sinal mais curtos<br \/>\nForte fonte de alimenta\u00e7\u00e3o com transformador maci\u00e7o de alta efici\u00eancia e grandes capacitores de filtragem<br \/>\nO bot\u00e3o MAIN IN permite o uso separado das se\u00e7\u00f5es do pr\u00e9-amplificador e do amplificador de pot\u00eancia<br \/>\nIndica\u00e7\u00e3o num\u00e9rica do n\u00edvel de volume<\/p>\n<p>Pot\u00eancia m\u00e9dia de sa\u00edda cont\u00ednua<br \/>\n120 W \/ ch 4 ohms carga de<br \/>\n90 W de carga \/ ch 8 ohms<br \/>\nDistor\u00e7\u00e3o Harm\u00f4nica Total<br \/>\n0,05% 4 a 16 ohm de carga<br \/>\nDistor\u00e7\u00e3o de Intermodula\u00e7\u00e3o<br \/>\n0,01%<br \/>\nCaracter\u00edsticas de Freq\u00fc\u00eancia<br \/>\nENTRADA DE ALTO N\u00cdVEL<br \/>\nA produ\u00e7\u00e3o m\u00e9dia nominal cont\u00ednua:<br \/>\n20 \u2013 20.000 Hz 0, -0.5 dB<br \/>\nPOWER IN<br \/>\nA pot\u00eancia nominal cont\u00ednua m\u00e9dia:<br \/>\n20 \u2013 20.000 Hz 0, -0.2 dB<br \/>\nEm 1 watt: 3 \u2013 150.000 Hz 0, -3.0 DB<br \/>\nFator de amortecimento<br \/>\n400 (com carga de 8 ohms, 50 Hz)<br \/>\nSensibilidade de Entrada, Imped\u00e2ncia de Entrada<br \/>\n134 mV \/ 40 k\u03a9<br \/>\nTens\u00e3o de Sa\u00edda, Imped\u00e2ncia de Sa\u00edda<br \/>\nPRE OUTPUT 1,07 V 50 ohm (com sa\u00edda m\u00e9dia cont\u00ednua nominal)<br \/>\nGanho<br \/>\nENTRADA DE ALTO N\u00cdVEL \u2192 SA\u00cdDA PRE: 18 dB<br \/>\nPOWER IN \u2192 SA\u00cdDA: 28 dB<br \/>\nControles de Tom<br \/>\nBASS: 300 Hz \u00b1 10 dB (50 Hz)<br \/>\nTREBLE: 3 kHz \u00b1 10 dB (20 kHz)<br \/>\nCompensa\u00e7\u00e3o de Loudness<br \/>\n+6 dB (100 Hz)<br \/>\nAtenuador<br \/>\n-20 dB<br \/>\nRela\u00e7\u00e3o S \/ N<br \/>\nALTO N\u00cdVEL DE ENTRADA: 106 dB<br \/>\nEQUILIBRADA DE ENTRADA: 91 dB<br \/>\nPOWER IN: 122 dB<br \/>\nMedidores de N\u00edvel de Pot\u00eancia<br \/>\nIndica\u00e7\u00e3o logar\u00edtmica do n\u00edvel de pico, mostrada em dB e%<br \/>\nImped\u00e2ncia de carga<br \/>\n4 \u2013 16 ohms (Terminais A ou B)<br \/>\nAuscultadores est\u00e9reo<br \/>\nImped\u00e2ncia adequada: 8 ohms ou superior<br \/>\nConsumo de energia<br \/>\n46 watts ociosos<br \/>\n245 watts, em conformidade com a norma IEC 60065<br \/>\nDimens\u00f5es m\u00e1ximas<br \/>\nLargura 465 mm (18,3 \u201c)<br \/>\nAltura 151 mm (5,9\u2033)<br \/>\nProfundidade 420 mm (16,5 \u201c)<br \/>\nPeso<br \/>\n20,0 kg (lbs) 44. l\u00edquidas<br \/>\n26,0 kg (57,3 lbs) na caixa de transporte<\/p>\n","protected":false},"excerpt":{"rendered":"<p>ESTADO 9\/10 Revolucion\u00e1rio controle de volume AAVA. Uma se\u00e7\u00e3o de amplificador de pot\u00eancia com transistores de alta pot\u00eancia em configura\u00e7\u00e3o push-pull paralela, complementada por uma fonte de alimenta\u00e7\u00e3o robusta e um est\u00e1gio de sa\u00edda de baixa imped\u00e2ncia. 120 watts de pot\u00eancia de qualidade em 4 ohms, com um fator de amortecimento de 400. A topologia [&hellip;]<\/p>\n","protected":false},"featured_media":18401,"template":"","meta":{"_acf_changed":false},"product_brand":[],"product_cat":[229,27,51],"product_tag":[],"class_list":{"0":"post-18400","1":"product","2":"type-product","3":"status-publish","4":"has-post-thumbnail","6":"product_cat-accuphase","7":"product_cat-amplificador","8":"product_cat-integrado","10":"first","11":"instock","12":"sold-individually","13":"shipping-taxable","14":"purchasable","15":"product-type-simple"},"acf":[],"aioseo_notices":[],"_links":{"self":[{"href":"https:\/\/hificlub.com.br\/loja\/wp-json\/wp\/v2\/product\/18400","targetHints":{"allow":["GET"]}}],"collection":[{"href":"https:\/\/hificlub.com.br\/loja\/wp-json\/wp\/v2\/product"}],"about":[{"href":"https:\/\/hificlub.com.br\/loja\/wp-json\/wp\/v2\/types\/product"}],"wp:featuredmedia":[{"embeddable":true,"href":"https:\/\/hificlub.com.br\/loja\/wp-json\/wp\/v2\/media\/18401"}],"wp:attachment":[{"href":"https:\/\/hificlub.com.br\/loja\/wp-json\/wp\/v2\/media?parent=18400"}],"wp:term":[{"taxonomy":"product_brand","embeddable":true,"href":"https:\/\/hificlub.com.br\/loja\/wp-json\/wp\/v2\/product_brand?post=18400"},{"taxonomy":"product_cat","embeddable":true,"href":"https:\/\/hificlub.com.br\/loja\/wp-json\/wp\/v2\/product_cat?post=18400"},{"taxonomy":"product_tag","embeddable":true,"href":"https:\/\/hificlub.com.br\/loja\/wp-json\/wp\/v2\/product_tag?post=18400"}],"curies":[{"name":"wp","href":"https:\/\/api.w.org\/{rel}","templated":true}]}}