{"id":18270,"date":"2024-10-08T07:05:16","date_gmt":"2024-10-08T10:05:16","guid":{"rendered":"https:\/\/hificlub.com.br\/loja\/?post_type=product&#038;p=18270"},"modified":"2026-03-03T22:18:20","modified_gmt":"2026-03-04T01:18:20","slug":"exposure-5010-amplificador-integrado-110-watts","status":"publish","type":"product","link":"https:\/\/hificlub.com.br\/loja\/produto\/exposure-5010-amplificador-integrado-110-watts\/","title":{"rendered":"EXPOSURE 5010 Amplificador Integrado  110 watts"},"content":{"rendered":"<p>Amplificador Integrado Exposure 3510<br \/>\nNossa s\u00e9rie 3510 \u00e9 uma aula de mestre em amplifica\u00e7\u00e3o. Criada por uma das marcas de Hi-Fi mais respeitadas do mundo, nossa s\u00e9rie 3510 transmitir\u00e1 sua m\u00fasica com uma precis\u00e3o e pot\u00eancia que voc\u00ea nunca esperaria de um produto com pre\u00e7o t\u00e3o competitivo.<\/p>\n<p>Projetado e constru\u00eddo no Reino Unido, ele ostenta seis entradas de linha RCA, com a op\u00e7\u00e3o de substituir uma ou duas delas para se adaptar aos m\u00f3dulos phono MC ou MM dispon\u00edveis opcionalmente, ou um DAC plug-in. A Exposure diz que, idealmente, eles devem ser instalados por um revendedor, mas quando isso n\u00e3o for poss\u00edvel, um &#8220;cliente competente&#8221; deve ser capaz de faz\u00ea-lo. O estilo \u00e9 muito semelhante, embora o arranjo de sele\u00e7\u00e3o de entrada tenha mudado, ent\u00e3o a entrada selecionada agora \u00e9 mostrada por um de uma fileira de LEDs montados centralmente no painel frontal.<\/p>\n<p>O novo amplificador mant\u00e9m a excelente conectividade de seu antecessor. O painel traseiro ostenta bornes de liga\u00e7\u00e3o de alto-falante duplos (para bi-fia\u00e7\u00e3o, se voc\u00ea tiver essa inclina\u00e7\u00e3o), uma sa\u00edda de pr\u00e9-amplificador (para bi-amplifica\u00e7\u00e3o ou para usar com um amplificador de pot\u00eancia separado \u2013 \u00fatil para muitos) e um novo soquete de fone de ouvido montado no painel central. A entrada AV pode ser definida para ganho fixo ou vari\u00e1vel, para que voc\u00ea possa us\u00e1-la como uma entrada est\u00e9reo padr\u00e3o ou uma entrada de home theater de ganho fixo.<\/p>\n<p>Por dentro, chegamos ao cerne do apelo do 3510 \u2014 e, de fato, do seu antecessor \u2014 uma se\u00e7\u00e3o robusta de amplificador de pot\u00eancia de estado s\u00f3lido Classe AB usando transistores de pot\u00eancia bipolares r\u00e1pidos no est\u00e1gio de sa\u00edda, conforme a tradi\u00e7\u00e3o da Exposure. Novamente, muitos rivais usam m\u00f3dulos de pot\u00eancia MOSFET, uma abordagem que tende a ser menos popular entre audi\u00f3filos obsessivos. A fonte de alimenta\u00e7\u00e3o tem suaviza\u00e7\u00e3o extra e usa um transformador toroidal robusto de 400 VA. O pr\u00e9-amplificador usa todos os transistores discretos no est\u00e1gio de ganho, com uma fonte de alimenta\u00e7\u00e3o projetada para minimizar o ru\u00eddo do trilho de alimenta\u00e7\u00e3o. A comuta\u00e7\u00e3o de entrada foi alterada para menor diafonia, e os caminhos de sinal e os caminhos da fonte de alimenta\u00e7\u00e3o foram encurtados.<\/p>\n<p>Caracter\u00edsticas:<br \/>\n110W RMS por canal em 8 Ohms<br \/>\nEntradas de seis linhas<br \/>\nOp\u00e7\u00e3o para instalar um m\u00f3dulo phono MC ou MM OU plugar na op\u00e7\u00e3o DAC<br \/>\nCompat\u00edvel com bi-cablagem<br \/>\nSa\u00edda de pr\u00e9-amplificador separada<br \/>\nCapacitores de alta qualidade usados \u200b\u200bno caminho do sinal<br \/>\nPCB de caminho de sinal curto e fonte de alimenta\u00e7\u00e3o com ajuste exclusivo<br \/>\nCircuito Cascade utilizado para melhorar a imunidade da fonte de alimenta\u00e7\u00e3o<br \/>\nEst\u00e1gio de sa\u00edda de transistor bipolar r\u00e1pido para desempenho din\u00e2mico e v\u00edvido<br \/>\nTodo o gabinete de alum\u00ednio e painel frontal extrudado para controlar resson\u00e2ncia e campos eletromagn\u00e9ticos dispersos<br \/>\nControle remoto<br \/>\nGarantia de tr\u00eas anos<br \/>\nDispon\u00edvel em preto ou tit\u00e2nio<\/p>\n","protected":false},"excerpt":{"rendered":"<p>Amplificador Integrado Exposure 3510 Nossa s\u00e9rie 3510 \u00e9 uma aula de mestre em amplifica\u00e7\u00e3o. Criada por uma das marcas de Hi-Fi mais respeitadas do mundo, nossa s\u00e9rie 3510 transmitir\u00e1 sua m\u00fasica com uma precis\u00e3o e pot\u00eancia que voc\u00ea nunca esperaria de um produto com pre\u00e7o t\u00e3o competitivo. Projetado e constru\u00eddo no Reino Unido, ele ostenta [&hellip;]<\/p>\n","protected":false},"featured_media":18271,"template":"","meta":{"_acf_changed":false},"product_brand":[],"product_cat":[27,240,51],"product_tag":[],"class_list":{"0":"post-18270","1":"product","2":"type-product","3":"status-publish","4":"has-post-thumbnail","6":"product_cat-amplificador","7":"product_cat-exposure","8":"product_cat-integrado","10":"first","11":"instock","12":"sold-individually","13":"shipping-taxable","14":"purchasable","15":"product-type-simple"},"acf":[],"aioseo_notices":[],"_links":{"self":[{"href":"https:\/\/hificlub.com.br\/loja\/wp-json\/wp\/v2\/product\/18270","targetHints":{"allow":["GET"]}}],"collection":[{"href":"https:\/\/hificlub.com.br\/loja\/wp-json\/wp\/v2\/product"}],"about":[{"href":"https:\/\/hificlub.com.br\/loja\/wp-json\/wp\/v2\/types\/product"}],"wp:featuredmedia":[{"embeddable":true,"href":"https:\/\/hificlub.com.br\/loja\/wp-json\/wp\/v2\/media\/18271"}],"wp:attachment":[{"href":"https:\/\/hificlub.com.br\/loja\/wp-json\/wp\/v2\/media?parent=18270"}],"wp:term":[{"taxonomy":"product_brand","embeddable":true,"href":"https:\/\/hificlub.com.br\/loja\/wp-json\/wp\/v2\/product_brand?post=18270"},{"taxonomy":"product_cat","embeddable":true,"href":"https:\/\/hificlub.com.br\/loja\/wp-json\/wp\/v2\/product_cat?post=18270"},{"taxonomy":"product_tag","embeddable":true,"href":"https:\/\/hificlub.com.br\/loja\/wp-json\/wp\/v2\/product_tag?post=18270"}],"curies":[{"name":"wp","href":"https:\/\/api.w.org\/{rel}","templated":true}]}}