{"id":18136,"date":"2024-10-02T05:53:14","date_gmt":"2024-10-02T08:53:14","guid":{"rendered":"https:\/\/hificlub.com.br\/loja\/?post_type=product&#038;p=18136"},"modified":"2024-10-07T16:51:19","modified_gmt":"2024-10-07T19:51:19","slug":"jamo-d8-cen-concert-center","status":"publish","type":"product","link":"https:\/\/hificlub.com.br\/loja\/produto\/jamo-d8-cen-concert-center\/","title":{"rendered":"JAMO D8 Cen Concert Center"},"content":{"rendered":"<p>ESTADO 9\/10<\/p>\n<p>O canal central JAMO D-8CEN (Concert Center) em excelente condi\u00e7\u00e3o funcional e est\u00e9tica deslumbrante! Um alto-falante de 3 vias e 4 drivers com som lindo, puro e claro. Pesado, s\u00f3lido e extremamente bem constru\u00eddo.<\/p>\n<p>Este \u00e9 um CC absolutamente lindo em todos os padr\u00f5es! (Apar\u00eancia, som, qualidade)<\/p>\n<p>Sonoramente ajustado para combinar com a linha Top D 8 (Concert) Series, as D870 Towers e as famosas CONCERT 8 \u200b\u200b(D830) Bookshelf&#8217;s. Estas s\u00e3o as incurs\u00f5es da JAMO em caixas ac\u00fasticas de refer\u00eancia verdadeiramente audi\u00f3filas!<\/p>\n<p>INFORMA\u00c7\u00d5ES:<\/p>\n<p>Quando nada al\u00e9m do melhor \u00e9 bom o suficiente para o seu sistema de entretenimento dom\u00e9stico, o JAMO D-8CEN \u00e9 o alto-falante que voc\u00ea precisa para a important\u00edssima fun\u00e7\u00e3o de canal central.<\/p>\n<p>Os dois woofers de alta tecnologia de 6\u00bd pol. s\u00e3o finamente ajustados para combinar com um tweeter de domo e uma unidade de m\u00e9dio alcance com \u00edm\u00e3s de neod\u00edmio altamente eficientes. O resultado \u00e9 uma reprodu\u00e7\u00e3o sensacional de vozes e detalhes, com um n\u00edvel de clareza que faz justi\u00e7a total \u00e0s trilhas sonoras discretas Dolby Digital e DTS.<\/p>\n<p>C\u00e2mara aperi\u00f3dica.<br \/>\nUma frequ\u00eancia de resson\u00e2ncia baixa \u00e9 indispens\u00e1vel para uma reprodu\u00e7\u00e3o de fala ideal. Para garantir isso, aplicamos nossa tecnologia aperi\u00f3dica especial ao D 8CEN. Esse arranjo torna poss\u00edvel instalar unidades de graves relativamente grandes em gabinetes pequenos. A parede traseira da c\u00e2mara aperi\u00f3dica \u00e9 ventilada atrav\u00e9s de aberturas cujas dimens\u00f5es s\u00e3o aproximadamente 20% da superf\u00edcie do diafragma dos woofers. Isso proporciona uma reprodu\u00e7\u00e3o mais direta e natural na faixa de frequ\u00eancia mais baixa.<\/p>\n<p>Terminais banhados a ouro.<br \/>\nPara garantir conex\u00e3o sem perdas, os terminais s\u00e3o equipados com bornes de liga\u00e7\u00e3o banhados a ouro, aceitando fios desencapados, bem como p\u00e1s, pinos etc.<\/p>\n<p>JAMO D 8CEN &#8211; Especifica\u00e7\u00f5es do alto-falante do canal central:<\/p>\n<p>Geral<br \/>\nTipo de produto Alto-falante de canal central<br \/>\nDimens\u00f5es (LxPxA) 21,9 pol x 11,2 pol x 8,5 pol<br \/>\nPeso 23,8 lbs<br \/>\nCor Cereja<br \/>\nRecursos do alto-falante<br \/>\nTipo de alto-falante 3 vias &#8211; Passivo<br \/>\nTamanho do woofer (polegadas) 1,5 pol Domo, 1,0 pol, 2x 6,5 pol<br \/>\nPot\u00eancia de sa\u00edda nominal (RMS) 110,0 watts<br \/>\nPot\u00eancia de sa\u00edda m\u00e1xima (RMS) 150,0 watts<br \/>\nLargura de banda de resposta 65 &#8211; 20000 Hz<br \/>\nImped\u00e2ncia de entrada 4,0 Ohm<br \/>\nSensibilidade 91,0 dB<br \/>\nTecnologia de conectividade Com fio Grades remov\u00edveis<br \/>\nSim<br \/>\nRecursos adicionais Conectores banhados a ouro<br \/>\nDetalhes do driver Alto-falante de canal central: 1 x driver de tweeter &#8211; 1,0 pol, 1 x domo de tweeter &#8211; 1,5 pol, 2x driver de woofer\/m\u00e9dio alcance &#8211; 6,5 pol<\/p>\n","protected":false},"excerpt":{"rendered":"<p>ESTADO 9\/10 O canal central JAMO D-8CEN (Concert Center) em excelente condi\u00e7\u00e3o funcional e est\u00e9tica deslumbrante! Um alto-falante de 3 vias e 4 drivers com som lindo, puro e claro. Pesado, s\u00f3lido e extremamente bem constru\u00eddo. Este \u00e9 um CC absolutamente lindo em todos os padr\u00f5es! (Apar\u00eancia, som, qualidade) Sonoramente ajustado para combinar com a [&hellip;]<\/p>\n","protected":false},"featured_media":18137,"template":"","meta":{"_acf_changed":false},"product_brand":[],"product_cat":[35,17,188],"product_tag":[],"class_list":{"0":"post-18136","1":"product","2":"type-product","3":"status-publish","4":"has-post-thumbnail","6":"product_cat-caixas-centrais","7":"product_cat-caixas","8":"product_cat-jamo","10":"first","11":"instock","12":"sold-individually","13":"shipping-taxable","14":"purchasable","15":"product-type-simple"},"acf":[],"aioseo_notices":[],"_links":{"self":[{"href":"https:\/\/hificlub.com.br\/loja\/wp-json\/wp\/v2\/product\/18136","targetHints":{"allow":["GET"]}}],"collection":[{"href":"https:\/\/hificlub.com.br\/loja\/wp-json\/wp\/v2\/product"}],"about":[{"href":"https:\/\/hificlub.com.br\/loja\/wp-json\/wp\/v2\/types\/product"}],"wp:featuredmedia":[{"embeddable":true,"href":"https:\/\/hificlub.com.br\/loja\/wp-json\/wp\/v2\/media\/18137"}],"wp:attachment":[{"href":"https:\/\/hificlub.com.br\/loja\/wp-json\/wp\/v2\/media?parent=18136"}],"wp:term":[{"taxonomy":"product_brand","embeddable":true,"href":"https:\/\/hificlub.com.br\/loja\/wp-json\/wp\/v2\/product_brand?post=18136"},{"taxonomy":"product_cat","embeddable":true,"href":"https:\/\/hificlub.com.br\/loja\/wp-json\/wp\/v2\/product_cat?post=18136"},{"taxonomy":"product_tag","embeddable":true,"href":"https:\/\/hificlub.com.br\/loja\/wp-json\/wp\/v2\/product_tag?post=18136"}],"curies":[{"name":"wp","href":"https:\/\/api.w.org\/{rel}","templated":true}]}}