{"id":18113,"date":"2024-10-01T06:51:11","date_gmt":"2024-10-01T09:51:11","guid":{"rendered":"https:\/\/hificlub.com.br\/loja\/?post_type=product&#038;p=18113"},"modified":"2026-03-03T22:18:22","modified_gmt":"2026-03-04T01:18:22","slug":"jbl-l42ms-sistema-de-musica-integrado-200-watts-bluetooth","status":"publish","type":"product","link":"https:\/\/hificlub.com.br\/loja\/produto\/jbl-l42ms-sistema-de-musica-integrado-200-watts-bluetooth\/","title":{"rendered":"JBL L42MS  Sistema de M\u00fasica Integrado 200 watts Bluetooth"},"content":{"rendered":"<p> JBL L42ms<br \/>\nSistema de M\u00fasica Integrado<\/p>\n<p>O JBL L42ms \u00e9 um Sistema de M\u00fasica Integrado que foi projetado para se adequar ao estilo de vida de entretenimento de hoje, exibindo o som ic\u00f4nico de um par de alto-falantes JBL em um \u00fanico sistema de gabinete. Atr\u00e1s da ic\u00f4nica grade JBL Quadrex h\u00e1 um par de woofers duplos de 4 polegadas (100 mm) e tweeters duplos de domo de alum\u00ednio de 0,75 polegadas (20 mm) com guias de onda posicionados \u00e0 esquerda e \u00e0 direita para criar um campo sonoro amplo e uniforme. Por fora, o L42ms vem com uma grade curva elegante, bordas laterais c\u00f4nicas e est\u00e1 dispon\u00edvel nos acabamentos cl\u00e1ssicos de folheado de madeira real JBL de nogueira preta ou nogueira natural. As conex\u00f5es de \u00e1udio incluem dois conjuntos de entradas est\u00e9reo anal\u00f3gicas (um par estilo RCA e uma entrada de 3,5 mm) junto com um HDMI-ARC para conex\u00e3o a uma TV com conex\u00e3o semelhante para sinal de \u00e1udio e controle. Al\u00e9m disso, o L42ms pode reproduzir conte\u00fado transmitido por meio de uma conex\u00e3o de rede com ou sem fio via Spotify Connect, Apple Airplay2\u2122 e Google Chromecast ou conectar-se a um dispositivo diretamente via Bluetooth. Todos os sinais de \u00e1udio s\u00e3o roteados por meio de um mecanismo DSP avan\u00e7ado, onde o conte\u00fado \u00e9 cuidadosamente contornado e enviado aos alto-falantes por meio de um amplificador de quatro canais que fornece 75 W RMS para cada woofer e 25 W RMS para cada tweeter. A pot\u00eancia total do amplificador de 200 W RMS do sistema pode ser controlada por meio de um painel de toque localizado no painel superior do gabinete, controle remoto Bluetooth inclu\u00eddo ou de um dos muitos aplicativos de m\u00fasica ou automa\u00e7\u00e3o. Projetado e desenvolvido no Harman Center of Acoustics Excellence em Northridge, Calif\u00f3rnia, o L42ms aproveita os \u00faltimos 75 anos de projetos de alto-falantes e eletr\u00f4nicos da JBL para fornecer som e conveni\u00eancia verdadeiramente excelentes, ao mesmo tempo em que supera a maioria dos sistemas de alta fidelidade de componentes tradicionais no processo. Com sua incr\u00edvel combina\u00e7\u00e3o de estilo, tamanho e desempenho, simplesmente n\u00e3o h\u00e1 nada como o Sistema de M\u00fasica L42ms.<\/p>\n<p>ESPECIFICA\u00c7\u00c3O TECNICA<br \/>\nTipo<br \/>\nSistema de m\u00fasica integrado compacto<br \/>\nBaixa frequ\u00eancia<br \/>\nWoofers de cone branco Pure Pulp duplos de 4 polegadas (100 mm)<br \/>\nAlta freq\u00fc\u00eancia<br \/>\nTweeters duplos de domo de alum\u00ednio de 0,75 pol. (20 mm) com guias de onda<br \/>\nPot\u00eancia do amplificador<br \/>\nPot\u00eancia total do sistema Classe D de 200 W RMS, amplifica\u00e7\u00e3o de 4 canais com 75 W RMS para cada woofer + 25 W RMS para cada tweeter Configurado para reprodu\u00e7\u00e3o est\u00e9reo<br \/>\nResposta de frequ\u00eancia<br \/>\n55Hz-25kHz (-6dB)<br \/>\nFrequ\u00eancia de Crossover<br \/>\n5kHz<br \/>\nSPL m\u00e1ximo<br \/>\n102 dB a 1 m<br \/>\nControles de som<br \/>\nCompensa\u00e7\u00e3o de limite de posicionamento do alto-falante<br \/>\nSa\u00edda de subwoofer<br \/>\nDetec\u00e7\u00e3o autom\u00e1tica com ativa\u00e7\u00e3o autom\u00e1tica do filtro passa-alta de 80 Hz<br \/>\nEntradas sem fio<br \/>\nTransmiss\u00e3o de Wi-Fi<br \/>\nEntradas com fio<br \/>\nHDMI ARCO<br \/>\nTaxas de amostragem de \u00e1udio digital suportadas (PCM 2CH)<br \/>\nTransmiss\u00e3o<br \/>\n\u00c1udio Bluetooth<br \/>\nPerfis da vers\u00e3o 4.2, SPP (Serial Port Profile), A2DP (Advanced Audio Distribution Profile), AVRCP (Audio\/Vido Remote Control Profile)<br \/>\nTipo de controle remoto<br \/>\nBTLE sem fio<br \/>\nGrade<br \/>\nGrelha Quadrex de espuma preta<br \/>\nGabinete<br \/>\nGabinete estilo mesa com porta frontal dispon\u00edvel em nogueira preta ou folheado de madeira de nogueira natural para m\u00f3veis<br \/>\nDimens\u00f5es l\u00edquidas do alto-falante (AxLxP)<br \/>\n6,4&#8243; x 24,3&#8243; x 9,2&#8243; (162 mm x 617 mm x 234 mm)<br \/>\nPeso l\u00edquido do produto<br \/>\n26,3 libras (11,9 kg)<br \/>\nUnidade de medida de envio<br \/>\nCada<br \/>\nDimens\u00f5es brutas de envio (AxLxP)<br \/>\n11,1\u201d x 27,0\u201d x 14,2\u201d (283 mm x 685 mm x 360 mm)<br \/>\nPeso bruto de envio<br \/>\n34,3 libras (15,6 kg)<br \/>\nTens\u00e3o de entrada CA<br \/>\n100 &#8211; 240 VCA (+\/-10%), 50\/60 Hz<\/p>\n","protected":false},"excerpt":{"rendered":"<p>JBL L42ms Sistema de M\u00fasica Integrado O JBL L42ms \u00e9 um Sistema de M\u00fasica Integrado que foi projetado para se adequar ao estilo de vida de entretenimento de hoje, exibindo o som ic\u00f4nico de um par de alto-falantes JBL em um \u00fanico sistema de gabinete. Atr\u00e1s da ic\u00f4nica grade JBL Quadrex h\u00e1 um par de [&hellip;]<\/p>\n","protected":false},"featured_media":18114,"template":"","meta":{"_acf_changed":false},"product_brand":[],"product_cat":[25,17,152,46],"product_tag":[],"class_list":{"0":"post-18113","1":"product","2":"type-product","3":"status-publish","4":"has-post-thumbnail","6":"product_cat-bookshelf","7":"product_cat-caixas","8":"product_cat-caixas-amplificadas","9":"product_cat-jbl","11":"first","12":"instock","13":"sold-individually","14":"shipping-taxable","15":"purchasable","16":"product-type-simple"},"acf":[],"aioseo_notices":[],"_links":{"self":[{"href":"https:\/\/hificlub.com.br\/loja\/wp-json\/wp\/v2\/product\/18113","targetHints":{"allow":["GET"]}}],"collection":[{"href":"https:\/\/hificlub.com.br\/loja\/wp-json\/wp\/v2\/product"}],"about":[{"href":"https:\/\/hificlub.com.br\/loja\/wp-json\/wp\/v2\/types\/product"}],"wp:featuredmedia":[{"embeddable":true,"href":"https:\/\/hificlub.com.br\/loja\/wp-json\/wp\/v2\/media\/18114"}],"wp:attachment":[{"href":"https:\/\/hificlub.com.br\/loja\/wp-json\/wp\/v2\/media?parent=18113"}],"wp:term":[{"taxonomy":"product_brand","embeddable":true,"href":"https:\/\/hificlub.com.br\/loja\/wp-json\/wp\/v2\/product_brand?post=18113"},{"taxonomy":"product_cat","embeddable":true,"href":"https:\/\/hificlub.com.br\/loja\/wp-json\/wp\/v2\/product_cat?post=18113"},{"taxonomy":"product_tag","embeddable":true,"href":"https:\/\/hificlub.com.br\/loja\/wp-json\/wp\/v2\/product_tag?post=18113"}],"curies":[{"name":"wp","href":"https:\/\/api.w.org\/{rel}","templated":true}]}}