{"id":18107,"date":"2024-10-01T06:22:25","date_gmt":"2024-10-01T09:22:25","guid":{"rendered":"https:\/\/hificlub.com.br\/loja\/?post_type=product&#038;p=18107"},"modified":"2026-03-03T22:18:22","modified_gmt":"2026-03-04T01:18:22","slug":"zen-stream-ifi-audio-media-player-roon-mqa-tidal-spotfy-via-wifi","status":"publish","type":"product","link":"https:\/\/hificlub.com.br\/loja\/produto\/zen-stream-ifi-audio-media-player-roon-mqa-tidal-spotfy-via-wifi\/","title":{"rendered":"ZEN Stream iFi Audio Media Player &#8211; Roon MQA Tidal Spotfy via WiFi"},"content":{"rendered":"<p>&#8216;Exclusivo&#8217; apenas para seus ouvidos<\/p>\n<p>iFi Audio: Melhore sua m\u00fasica<br \/>\nFabricante do premiado xDSD Gryphon Portable DAC, GO Bar e iFi Audio GO Blu DAC\/Amp, a iFi cria solu\u00e7\u00f5es de \u00e1udio de alta fidelidade para o audi\u00f3filo apaixonado que nunca abre m\u00e3o da qualidade do som. De streamers a DACs USB, Hip-DACs, adaptadores, amplificadores de fone de ouvido e muito mais, a iFi Audio produz equipamentos de \u00e1udio dom\u00e9stico e port\u00e1til a pre\u00e7os acess\u00edveis, que v\u00e3o desde amantes de m\u00fasica de n\u00edvel b\u00e1sico a intermedi\u00e1rio e audi\u00f3filos exigentes. Confira nossa cole\u00e7\u00e3o completa de produtos iFi Audio e an\u00e1lises dedicadas para mais.<\/p>\n<p>Caracter\u00edsticas<br \/>\nMicroprocessador ARM Cortex quad-core de 64 bits<br \/>\nPCM de 32 bits\/384 kHz, DSD256 e MQA suportados por rede Wi-Fi ou conex\u00e3o Ethernet<br \/>\nTransmita diretamente dos aplicativos Spotify e Tidal com o Spotify Connect e o Tidal Connect<br \/>\nAirPlay e Chromecast integrados<br \/>\nCompat\u00edvel com Roon, NAA e DLNA<br \/>\nInterfaces USB e S\/PDIF reguladas por rel\u00f3gio GMT de femtoprecis\u00e3o para erradicar jitter<br \/>\nAs tecnologias Active Noise Cancellation e iPurifier removem a distor\u00e7\u00e3o do sinal de \u00e1udio<br \/>\nRecep\u00e7\u00e3o Wi-Fi de banda dupla com suporte 802.1 1a\/b\/g\/n\/ac<\/p>\n<p>O ZEN Stream tem uma das plataformas de software mais otimizadas do mundo.<\/p>\n<p>Dos drivers do dispositivo ao kernel (o cora\u00e7\u00e3o do sistema operacional), ao shell (que faz interface com o kernel), aos aplicativos e \u00e0 interface do usu\u00e1rio \u2014 tudo \u00e9 totalmente otimizado para opera\u00e7\u00e3o perfeita e excelente desempenho sonoro.<\/p>\n<p>Uma parte engenhosa do design do ZEN Stream \u00e9 a capacidade de selecionar entre modos &#8216;Exclusivos&#8217; \u2013 configura\u00e7\u00f5es individuais dedicadas a modos espec\u00edficos de opera\u00e7\u00e3o para fornecer o desempenho mais puro poss\u00edvel. Todos os outros programas s\u00e3o desligados \u2013 para minimizar a &#8216;oscila\u00e7\u00e3o do software&#8217; \u2014 um aspecto frequentemente negligenciado que impacta negativamente a qualidade da reprodu\u00e7\u00e3o de \u00e1udio do computador.<\/p>\n<p>Isso garante que o ZEN Stream n\u00e3o seja apenas um &#8220;pau para toda obra&#8221;, mas tamb\u00e9m um mestre em tudo.<\/p>\n<p>Tudo em um (AIO) abrange todos os modos<br \/>\nPronto para ROON<br \/>\nCorrenteza de mar\u00e9<br \/>\nNAAtransmiss\u00e3o<br \/>\nDLNAtransmiss\u00e3o<br \/>\nObserve que as atualiza\u00e7\u00f5es de software podem levar de 2 a 3 minutos. N\u00e3o desconecte seu dispositivo. <\/p>\n<p>Quem \u00e9 quem do Streaming<br \/>\nAcabadinho de sair do forno, o ZEN Stream tem as seguintes op\u00e7\u00f5es de conectividade:<\/p>\n<p>Transmita diretamente dos aplicativos Spotify\/Tidal com o Spotify Connect e o Tidal Connect<br \/>\nFunciona com qualquer aplicativo de streaming certificado pela DLNA<br \/>\nAirplay 1 integrado \u2013 streaming f\u00e1cil de dispositivos Apple e Android<br \/>\nAgora ROON pronto<br \/>\nOpera\u00e7\u00e3o NAA em conjunto com o software HQPlayer da Sygnalist<\/p>\n<p>Conhecedor de tecnologia<br \/>\nPor tr\u00e1s do trabalho modesto, h\u00e1 uma pot\u00eancia consider\u00e1vel em termos de tecnologias e componentes:<\/p>\n<p>Poderoso microprocessador ARM Cortex quad-core de 64 bits<br \/>\nInterfaces USB e S\/PDIF reguladas por rel\u00f3gio GMT de femtoprecis\u00e3o para erradicar jitter<br \/>\nTecnologias Active Noise Cancellation II e iPurifier para interfaces USB e S\/PDIF, respectivamente<br \/>\nControlador de switch Ethernet inteligente<br \/>\nAlto PSRR,baixa corrente ociosa, reguladores de tens\u00e3o de baixa queda com partida suave<br \/>\nControlador de fonte de alimenta\u00e7\u00e3o de precis\u00e3o de alta velocidade s\u00edncrona de 1,6 MHz<br \/>\nCapacitores C0G e Taiyo Yuden e Murata baixo ESRindutores<\/p>\n","protected":false},"excerpt":{"rendered":"<p>&#8216;Exclusivo&#8217; apenas para seus ouvidos iFi Audio: Melhore sua m\u00fasica Fabricante do premiado xDSD Gryphon Portable DAC, GO Bar e iFi Audio GO Blu DAC\/Amp, a iFi cria solu\u00e7\u00f5es de \u00e1udio de alta fidelidade para o audi\u00f3filo apaixonado que nunca abre m\u00e3o da qualidade do som. De streamers a DACs USB, Hip-DACs, adaptadores, amplificadores de [&hellip;]<\/p>\n","protected":false},"featured_media":18108,"template":"","meta":{"_acf_changed":false},"product_brand":[],"product_cat":[41,142],"product_tag":[],"class_list":{"0":"post-18107","1":"product","2":"type-product","3":"status-publish","4":"has-post-thumbnail","6":"product_cat-digital","7":"product_cat-streamers","9":"first","10":"instock","11":"sold-individually","12":"shipping-taxable","13":"purchasable","14":"product-type-simple"},"acf":[],"aioseo_notices":[],"_links":{"self":[{"href":"https:\/\/hificlub.com.br\/loja\/wp-json\/wp\/v2\/product\/18107","targetHints":{"allow":["GET"]}}],"collection":[{"href":"https:\/\/hificlub.com.br\/loja\/wp-json\/wp\/v2\/product"}],"about":[{"href":"https:\/\/hificlub.com.br\/loja\/wp-json\/wp\/v2\/types\/product"}],"wp:featuredmedia":[{"embeddable":true,"href":"https:\/\/hificlub.com.br\/loja\/wp-json\/wp\/v2\/media\/18108"}],"wp:attachment":[{"href":"https:\/\/hificlub.com.br\/loja\/wp-json\/wp\/v2\/media?parent=18107"}],"wp:term":[{"taxonomy":"product_brand","embeddable":true,"href":"https:\/\/hificlub.com.br\/loja\/wp-json\/wp\/v2\/product_brand?post=18107"},{"taxonomy":"product_cat","embeddable":true,"href":"https:\/\/hificlub.com.br\/loja\/wp-json\/wp\/v2\/product_cat?post=18107"},{"taxonomy":"product_tag","embeddable":true,"href":"https:\/\/hificlub.com.br\/loja\/wp-json\/wp\/v2\/product_tag?post=18107"}],"curies":[{"name":"wp","href":"https:\/\/api.w.org\/{rel}","templated":true}]}}