{"id":1746,"date":"2023-10-17T19:57:37","date_gmt":"2023-10-17T22:57:37","guid":{"rendered":"https:\/\/hificlub.com.br\/loja2\/produto\/audio-research-reference-cd8-valvulado\/"},"modified":"2025-12-16T06:26:50","modified_gmt":"2025-12-16T09:26:50","slug":"audio-research-reference-cd8-valvulado","status":"publish","type":"product","link":"https:\/\/hificlub.com.br\/loja\/produto\/audio-research-reference-cd8-valvulado\/","title":{"rendered":"AUDIO RESEARCH REFERENCE CD8 CD Player Valvulado"},"content":{"rendered":"<p>&nbsp;<\/p>\n<p>Temos o orgulho de apresentar um modelo que pode ser o CD player de chassi \u00fanico mais musical e musicalmente preciso, o Reference CD8. Ele substitui um produto que ainda recebia avalia\u00e7\u00f5es cinco estrelas tr\u00eas anos ap\u00f3s seu lan\u00e7amento, o estimado Reference CD7.<\/p>\n<p>Com o advento do CD5 e DAC7 em 2008, sab\u00edamos que o DAC usado em nosso player de refer\u00eancia precisava de uma vers\u00e3o mais recente e de maior resolu\u00e7\u00e3o. (O novo chipset de 24 bits e 192 kHz n\u00e3o pode ser adaptado ao CD7.) E nossos engenheiros encontraram uma maneira de incorporar fisicamente a mesma regula\u00e7\u00e3o de fonte de alimenta\u00e7\u00e3o usada na Refer\u00eancia 3, usando um \u00fanico 6550C para substituir dois triodos 6H30 , proporcionando melhor desempenho e maior vida \u00fatil do tubo. Outras melhorias incluem nossos mais novos capacitores de acoplamento de sa\u00edda e ajustes especiais de amortecimento. O mecanismo de reprodu\u00e7\u00e3o continua a ser o insuper\u00e1vel Philips PRO2R &#8211; ainda o melhor mecanismo de CD dedicado dispon\u00edvel.<\/p>\n<p>O REFCD8 tamb\u00e9m apresenta um novo display regul\u00e1vel, permitindo cinco n\u00edveis de ilumina\u00e7\u00e3o ou totalmente desligado. Um pequeno indicador LED permanece aceso quando o reprodutor est\u00e1 ligado, como um lembrete para evitar que o reprodutor seja deixado ligado inadvertidamente. Em tamanho, configura\u00e7\u00e3o de entrada e sa\u00edda, \u2014 e em todas as outras fun\u00e7\u00f5es operacionais, o REFCD8 \u00e9 id\u00eantico ao REFCD7. Mas a\u00ed terminam as semelhan\u00e7as.<\/p>\n<p>Sonoramente, o REFCD8 est\u00e1 em uma classe pr\u00f3pria. Mantendo a exuberante e completa incorpora\u00e7\u00e3o do som do CD7, o CD8 adiciona novas dimens\u00f5es de transpar\u00eancia. Ele mostra imediatamente maior velocidade transit\u00f3ria de cima para baixo, resolu\u00e7\u00e3o mais pura de detalhes de baixo n\u00edvel e contrastes din\u00e2micos expandidos, com mais batida de graves, defini\u00e7\u00e3o e extens\u00e3o. O palco sonoro \u00e9 maior e mais hologr\u00e1fico devido \u00e0 maior capacidade do REFCD8 de incorporar e localizar instrumentos e vozes. Ritmicamente, o REFCD8 tamb\u00e9m pega o ritmo em compara\u00e7\u00e3o com o CD7, com dicas de tempo aprimoradas e melhor intera\u00e7\u00e3o r\u00edtmica. Voc\u00ea encontrar\u00e1 outras dimens\u00f5es s\u00f4nicas para se maravilhar enquanto passa o tempo com este jogador atraente.<\/p>\n<p>Simplesmente, o REFCD8 far\u00e1 com que voc\u00ea reorganize sua cole\u00e7\u00e3o de discos compactos enquanto redescobre e prioriza novos e antigos favoritos. \u00c9 realmente o CD player mais hipnotizante e musicalmente preciso que j\u00e1 experimentamos &#8211; e que melhor maneira de agregar valor a uma cole\u00e7\u00e3o de CDs crescente e cara!<\/p>\n<p>Especifica\u00e7\u00f5es<\/p>\n<p>Resposta de frequ\u00eancia 0,5\u201320.000Hz +0 -0,5dB.<br \/>\nDistor\u00e7\u00e3o 0,03% 1kHz<br \/>\nRela\u00e7\u00e3o S\/R 108dBA<br \/>\nLinearidade de fase<br \/>\nSepara\u00e7\u00e3o de canal 100dB 1kHz.<br \/>\nResolu\u00e7\u00e3o 24 BIT DAC.<br \/>\nImped\u00e2ncia de sa\u00edda 660 ohms BAL, 330 ohms SE.<br \/>\nSa\u00eddas anal\u00f3gicas XLR balanceado 3,6 V RMS (+11,1 dBv) m\u00e1x. 2. RCA de termina\u00e7\u00e3o \u00fanica 1,8 V RMS (+5,1 dBv) m\u00e1x.<br \/>\nSa\u00eddas digitais XLR Balanceado AES\/EBU 110-ohm 4V P-P.<br \/>\nBNC coaxial SPDIF 75 ohm 0,7 V P-P.<br \/>\nMecanismo de acionamento Discos: Aceita tamanhos de 5&#8243; (12cm) e 3&#8243; (8cm).<br \/>\nWow &amp; Flutter: imensur\u00e1vel (estabilidade de quartzo).<br \/>\nTipo de capta\u00e7\u00e3o \u00f3ptica: LDGU de 3 feixes (Laser Diode &amp; Grating Unit), com caneta de luz de difra\u00e7\u00e3o hologr\u00e1fica.<br \/>\nLaser: semicondutor GaAIAs, 780nm, sa\u00edda m\u00e1xima de 0,5mW.<br \/>\nServo: Atuador de posicionamento linear de baixa in\u00e9rcia controlado digitalmente.<br \/>\nFormato do sinal Frequ\u00eancia de amostragem: 44,1 kHz.<br \/>\nBit de quantiza\u00e7\u00e3o: linear de 16 bits por canal.<br \/>\nTaxa de bits do canal: 4,3218 Mb\/seg.<br \/>\nC\u00f3digo de modula\u00e7\u00e3o do canal: EFM (8 \u201314 modula\u00e7\u00e3o). Corre\u00e7\u00e3o de erros: CIRC (c\u00f3digo Reed Solomon de intercala\u00e7\u00e3o cruzada).<br \/>\nRequisitos de energia 100 &#8211; 135VAC 60Hz (200 &#8211; 270VAC 50\/60Hz), m\u00e1ximo de 120 watts. (m\u00e1ximo de 2 watts quando a unidade est\u00e1 desligada)<br \/>\nOutros Redu\u00e7\u00e3o de jitter: Reclock controlado por cristal de alta estabilidade para todas as sa\u00eddas.<br \/>\nVisor: Fluorescente a v\u00e1cuo de seis d\u00edgitos, com filtro \u00f3ptico.<br \/>\nComplemento de tubo: (4)-6H30P triodos duplos, mais (1 cada) 6550C e 6H30P na fonte de alimenta\u00e7\u00e3o.<br \/>\nConformidade: A interfer\u00eancia de RF est\u00e1 em conformidade com FCC e CE MARK.<br \/>\nDimens\u00f5es 19&#8243; (48 cm) L x 5 1\/4&#8243; (13,4 cm) A x 15 3\/8&#8243; (39,0 cm) P. As al\u00e7as se estendem 1 1\/2&#8243; (3,8 cm) \u00e0 frente do painel frontal. Conectores traseiros estender 3\/4&#8243; (1,9 cm).<br \/>\nPeso 32,5 libras. (14,8 kg) L\u00edquido; 43 libras. (19,5 kg) Frete.<\/p>\n","protected":false},"excerpt":{"rendered":"<p>&nbsp; Temos o orgulho de apresentar um modelo que pode ser o CD player de chassi \u00fanico mais musical e musicalmente preciso, o Reference CD8. Ele substitui um produto que ainda recebia avalia\u00e7\u00f5es cinco estrelas tr\u00eas anos ap\u00f3s seu lan\u00e7amento, o estimado Reference CD7. Com o advento do CD5 e DAC7 em 2008, sab\u00edamos que [&hellip;]<\/p>\n","protected":false},"featured_media":23463,"template":"","meta":{"_acf_changed":false},"product_brand":[],"product_cat":[29,42,41],"product_tag":[],"class_list":{"0":"post-1746","1":"product","2":"type-product","3":"status-publish","4":"has-post-thumbnail","6":"product_cat-audio-research","7":"product_cat-cd-players","8":"product_cat-digital","10":"first","11":"instock","12":"sold-individually","13":"shipping-taxable","14":"purchasable","15":"product-type-simple"},"acf":[],"aioseo_notices":[],"_links":{"self":[{"href":"https:\/\/hificlub.com.br\/loja\/wp-json\/wp\/v2\/product\/1746","targetHints":{"allow":["GET"]}}],"collection":[{"href":"https:\/\/hificlub.com.br\/loja\/wp-json\/wp\/v2\/product"}],"about":[{"href":"https:\/\/hificlub.com.br\/loja\/wp-json\/wp\/v2\/types\/product"}],"wp:featuredmedia":[{"embeddable":true,"href":"https:\/\/hificlub.com.br\/loja\/wp-json\/wp\/v2\/media\/23463"}],"wp:attachment":[{"href":"https:\/\/hificlub.com.br\/loja\/wp-json\/wp\/v2\/media?parent=1746"}],"wp:term":[{"taxonomy":"product_brand","embeddable":true,"href":"https:\/\/hificlub.com.br\/loja\/wp-json\/wp\/v2\/product_brand?post=1746"},{"taxonomy":"product_cat","embeddable":true,"href":"https:\/\/hificlub.com.br\/loja\/wp-json\/wp\/v2\/product_cat?post=1746"},{"taxonomy":"product_tag","embeddable":true,"href":"https:\/\/hificlub.com.br\/loja\/wp-json\/wp\/v2\/product_tag?post=1746"}],"curies":[{"name":"wp","href":"https:\/\/api.w.org\/{rel}","templated":true}]}}