{"id":1739,"date":"2023-10-17T19:57:36","date_gmt":"2023-10-17T22:57:36","guid":{"rendered":"https:\/\/hificlub.com.br\/loja2\/produto\/dcs-verdi-la-scala-cd-sacd-transport\/"},"modified":"2026-03-06T13:00:31","modified_gmt":"2026-03-06T16:00:31","slug":"dcs-network-bridge-audio-streamer","status":"publish","type":"product","link":"https:\/\/hificlub.com.br\/loja\/produto\/dcs-network-bridge-audio-streamer\/","title":{"rendered":"dCS NETWORK BRIDGE AUDIO STREAMER"},"content":{"rendered":"<p>CONDI\u00c7\u00c3O: 9\/10<\/p>\n<div class=\"wrapper \">\n<div class=\"container container--base\">\n<section class=\"section-dev section-dev--pb-base\">\n<div class=\"section__toggle-content\">\n<div class=\"section__content section__content--clear\">\n<div class=\"shell shell--small\">\n<div class=\"grid grid--primary\">\n<div class=\"grid__col grid__col--1of2\">\n<p><span class=\"\">O dCS Network Bridge atua como uma interface elegantemente simples, mas extremamente poderosa, entre sua m\u00fasica digital e seu DAC.<\/span><\/p>\n<p>A plataforma de hardware no Network Bridge permite que voc\u00ea transmita arquivos de m\u00fasica de alta resolu\u00e7\u00e3o de armazenamento conectado \u00e0 rede, unidades USB conectadas, servi\u00e7os de streaming on-line, bem como dispositivos Apple via Apple Airplay, produzindo \u00e1udio perfeito direto para o seu DAC.<\/p>\n<p><span class=\"\">O aplicativo Network Bridge nativo oferece controle total dos recursos de streaming, bem como das configura\u00e7\u00f5es de entrada, sa\u00edda e rel\u00f3gio. O aplicativo Network Bridge \u00e9 baseado na mesma tecnologia de streaming de rede e aplicativo usada em nossa principal s\u00e9rie Vivaldi \u2013 fornecendo uma interface intuitiva para voc\u00ea organizar e gerenciar de forma r\u00e1pida e f\u00e1cil toda a sua biblioteca de m\u00fasica digital.<\/span><\/p>\n<p>Projetado para ser simples, uma plataforma FPGA \u00fanica e poderosa \u00e9 o cora\u00e7\u00e3o da unidade e o Network Bridge est\u00e1 pronto para Roon\u2122, tamb\u00e9m suportando servi\u00e7os de streaming como TIDAL\u2122, Qobuz\u2122, Deezer\u2122 e Spotify\u2122.<\/p>\n<p><span class=\"VIpgJd-yAWNEb-VIpgJd-fmcmS-sn54Q\">Apresentando opera\u00e7\u00e3o limpa e perfeita, o Network Bridge atualmente reproduz arquivos amostrados em taxas de at\u00e9 24 bits, 384kS\/s, suportando todos os principais codecs sem perdas, al\u00e9m de DSD\/64 ou DSD\/128 em formatos nativos ou DoP.<\/span><\/p>\n<\/div>\n<div class=\"grid__col grid__col--1of2\">\n<p>A compatibilidade com DACs dCS legados \u00e9 garantida por um recurso de redu\u00e7\u00e3o de amostragem de n\u00famero inteiro. Este recurso de redu\u00e7\u00e3o da resolu\u00e7\u00e3o converte dados de alta resolu\u00e7\u00e3o (por exemplo, DXD ou DSD) em PCM de 24 bits a 176,4\/192kS\/s ou 88,2\/96kS\/s \u2013 colocando os dados dentro de uma faixa suportada pelo seu DAC.<\/p>\n<p>O Network Bridge tamb\u00e9m suporta a arquitetura simples, mas altamente eficaz, de \u201crel\u00f3gio autom\u00e1tico\u201d dCS usada em Vivaldi e Rossini, o que minimiza o jitter e melhora significativamente a qualidade do som.<\/p>\n<p>O firmware do Network Bridge pode ser atualizado facilmente pela Internet usando a se\u00e7\u00e3o de controle do aplicativo. Isso permite que o dCS adicione novos recursos ou melhore o desempenho do produto durante sua vida \u00fatil de produ\u00e7\u00e3o.<\/p>\n<p>Projetado e fabricado na Gr\u00e3-Bretanha de acordo com os mais altos padr\u00f5es, o chassi elegante do Network Bridge usa alum\u00ednio usinado de n\u00edvel aeroespacial para reduzir vibra\u00e7\u00f5es mec\u00e2nicas e efeitos magn\u00e9ticos que degradam o som. A regula\u00e7\u00e3o de pot\u00eancia em v\u00e1rios est\u00e1gios \u00e9 empregada para isolar o circuito de rel\u00f3gio sens\u00edvel do ru\u00eddo de processamento digital.<\/p>\n<\/div>\n<\/div>\n<\/div>\n<\/div>\n<\/div>\n<\/section>\n<section class=\"section-dev section--black section-dev--padding-def\">\n<div class=\"section__toggle-content section__toggle-content--alt\">\n<div class=\"section__content section__content--clear section__content--clear-mobile\">\n<div class=\"shell shell--small\">\n<h3 class=\"section__title\">Caracter\u00edsticas principais<\/h3>\n<div class=\"section__list\">\n<div class=\"grid grid--mobile\">\n<div class=\"grid__col grid__col--1of2\">\n<ul class=\"list-dots\">\n<li>Design simplificado baseado em FPGA.<\/li>\n<li>Aceita dados de UPnP, USB-on-the-Go ass\u00edncrono e Apple Airplay.<\/li>\n<li>Roon pronto.<\/li>\n<li>Down-sampling opcional para corresponder aos DACs legados.<\/li>\n<li>O sistema de rel\u00f3gio autom\u00e1tico melhora a facilidade de uso e minimiza o tremor.<\/li>\n<\/ul>\n<\/div>\n<div class=\"grid__col grid__col--1of2\">\n<ul class=\"list-dots\">\n<li>A regula\u00e7\u00e3o de pot\u00eancia em v\u00e1rios est\u00e1gios isola os circuitos de rel\u00f3gio digitais e sens\u00edveis.<\/li>\n<li>Firmware atualiz\u00e1vel pela Internet para futuras atualiza\u00e7\u00f5es de funcionalidade e desempenho.<\/li>\n<li>O MQA\u2122 Core Decoder desdobra o arquivo MQA\u2122 uma vez para oferecer qualidade ainda superior \u00e0 do CD. O primeiro desdobramento recupera todas as informa\u00e7\u00f5es diretas relacionadas \u00e0 m\u00fasica. A sa\u00edda \u00e9 88,2kHz ou 96kHz.<\/li>\n<\/ul>\n<\/div>\n<\/div>\n<\/div>\n<\/div>\n<\/div>\n<\/div>\n<\/section>\n<section class=\"section-dev section-dev--alt section-dev--base\">\n<div class=\"section__toggle-content section__toggle-content--alt\">\n<div class=\"visible section__body section__body--dev\">\n<div class=\"shell shell--small\">\n<h3 class=\"section__title section__title--alt\">Especifica\u00e7\u00f5es<\/h3>\n<div class=\"grid grid--primary\">\n<div class=\"grid__col grid__col--1of2\">\n<ul class=\"list-specs\">\n<li data-text=\"Colour\">Prata ou preto<\/li>\n<li data-text=\"Dimensions\">360 mm\/14,2\u201d de largura x 245 mm\/9,65\u201d de profundidade x 67 mm\/2,65\u201d de altura. Permita profundidade extra para conectores de cabos.<\/li>\n<li data-text=\"Weight\">4,6 kg\/10,2 libras.<\/li>\n<li data-text=\"Digital Inputs\">Interface de rede em um conector RJ45 Gigabit Ethernet \u2013 Atua como um renderizador UPnP\u2122 operando em modo ass\u00edncrono, transmitindo m\u00fasica digital de um NAS ou computador local atrav\u00e9s de uma rede Ethernet padr\u00e3o, decodificando todos os principais formatos. A rede aceita dados transmitidos de um iPod, iPhone ou iPad via Apple AirPlay\u2122. A m\u00fasica pode ser transmitida da Internet via Tidal\u2122, Qobuz\u2122 ou Spotify Connect\u2122, o Network Bridge est\u00e1 pronto para Roon\u2122. Interface USB 2.0 de alta velocidade no conector tipo A operando em modo ass\u00edncrono, transmite m\u00fasica digital de unidade externa.<\/li>\n<li data-text=\"Digital Outputs\">2x AES\/EBU em conectores XLR macho de 3 pinos, cada um com sa\u00edda PCM em at\u00e9 24 bits 192kS\/s ou DSD\/64 no formato DoP. Usada como um par Dual AES, a interface produz PCM em at\u00e9 384kS\/s, DSD\/64 &amp; DSD\/128 em formato DoP. 1x SPDIF em 1x conector RCA Phono, sa\u00edda PCM em at\u00e9 24 bits 192kS\/s ou DSD\/64 no formato DoP. 1x interface SDIF-2 em 2x conectores BNC, sa\u00edda PCM de at\u00e9 24 bits 96kS\/s ou SDIF-2 DSD\/64.<\/li>\n<\/ul>\n<\/div>\n<div class=\"grid__col grid__col--1of2\">\n<ul class=\"list-specs list-specs--alt\">\n<li data-text=\"Wordclock\">2 entradas de Word Clock em 2 conectores BNC, aceitam word clock padr\u00e3o em 44,1, 48, 88,2, 96, 176,4 ou 192kHz. A taxa de dados pode ser igual \u00e0 taxa de clock ou um m\u00faltiplo exato da taxa de clock. Sens\u00edvel aos n\u00edveis de TTL. Sa\u00edda Word Clock em 1x conector BNC, carrega Word Clock na mesma frequ\u00eancia que a taxa de dados de at\u00e9 96kHz.<\/li>\n<li data-text=\"File Formats\">FLAC, AIFF &amp; WAV \u2013 PCM de at\u00e9 24 bits a 44,1, 48, 88,2, 96, 176,4, 192, 352,8 ou 384kS\/s. ALAC \u2013 PCM de at\u00e9 24 bits em 44,1, 48, 88,2, 96, 176,4 &amp; 192kS\/s. AAC, MP3, WMA e WMA. OGG &#8211; PCM de at\u00e9 24 bits a 44,1 ou 48kS\/s. DFF, DSF e DoP \u2013 DSD\/64 &amp; DSD\/128. Apple AirPlay \u2013 44,1 ou 48kS\/s.<\/li>\n<li data-text=\"Conversions\">Down-sampling selecion\u00e1vel pelo usu\u00e1rio para corresponder aos DACs legados: &#8211; 176,4 e 176,4 &amp; 352,8&gt; 24\/176,4 ou 24\/88,2 &#8211; 192 &amp; 384&gt; 24\/192 ou 24\/96 &#8211; DSD\/64 &amp; DSD\/128&gt; 24\/176.4 ou 24\/88.2 Este recurso \u00e9 definido pelo aplicativo Network Bridge.<\/li>\n<li data-text=\"Software Updates\">Funcionalidade de download e atualiza\u00e7\u00e3o dispon\u00edvel por meio do aplicativo Network Bridge.<\/li>\n<li data-text=\"Local Control\">Aplicativo dCS Network Bridge para configura\u00e7\u00e3o de unidade e reprodu\u00e7\u00e3o de m\u00fasica ou aplicativo de controle compat\u00edvel com UPnP.<\/li>\n<\/ul>\n<\/div>\n<\/div>\n<\/div>\n<\/div>\n<\/div>\n<\/section>\n<\/div>\n<footer class=\"footer\">\n<div class=\"shell\">\n<div class=\"footer__inner\">\n<div class=\"footer__aside\"><\/div>\n<\/div>\n<\/div>\n<\/footer>\n<\/div>\n<div id=\"goog-gt-tt\" class=\"VIpgJd-suEOdc VIpgJd-yAWNEb-L7lbkb skiptranslate\" lang=\"pt-BR\" data-id=\"111\">\n<div id=\"goog-gt-vt\" class=\"VIpgJd-yAWNEb-hvhgNd\">\n<div class=\"VIpgJd-yAWNEb-hvhgNd-N7Eqid ltr\">\n<div class=\"VIpgJd-yAWNEb-hvhgNd-N7Eqid-B7I4Od ltr\" dir=\"ltr\">\n<div class=\"VIpgJd-yAWNEb-hvhgNd-UTujCb\"><\/div>\n<\/div>\n<\/div>\n<\/div>\n<\/div>\n","protected":false},"excerpt":{"rendered":"<p>CONDI\u00c7\u00c3O: 9\/10 O dCS Network Bridge atua como uma interface elegantemente simples, mas extremamente poderosa, entre sua m\u00fasica digital e seu DAC. A plataforma de hardware no Network Bridge permite que voc\u00ea transmita arquivos de m\u00fasica de alta resolu\u00e7\u00e3o de armazenamento conectado \u00e0 rede, unidades USB conectadas, servi\u00e7os de streaming on-line, bem como dispositivos Apple [&hellip;]<\/p>\n","protected":false},"featured_media":5851,"template":"","meta":{"_acf_changed":false},"product_brand":[],"product_cat":[137,41,142],"product_tag":[],"class_list":{"0":"post-1739","1":"product","2":"type-product","3":"status-publish","4":"has-post-thumbnail","6":"product_cat-dcs","7":"product_cat-digital","8":"product_cat-streamers","10":"first","11":"instock","12":"sold-individually","13":"shipping-taxable","14":"purchasable","15":"product-type-simple"},"acf":[],"aioseo_notices":[],"_links":{"self":[{"href":"https:\/\/hificlub.com.br\/loja\/wp-json\/wp\/v2\/product\/1739","targetHints":{"allow":["GET"]}}],"collection":[{"href":"https:\/\/hificlub.com.br\/loja\/wp-json\/wp\/v2\/product"}],"about":[{"href":"https:\/\/hificlub.com.br\/loja\/wp-json\/wp\/v2\/types\/product"}],"wp:featuredmedia":[{"embeddable":true,"href":"https:\/\/hificlub.com.br\/loja\/wp-json\/wp\/v2\/media\/5851"}],"wp:attachment":[{"href":"https:\/\/hificlub.com.br\/loja\/wp-json\/wp\/v2\/media?parent=1739"}],"wp:term":[{"taxonomy":"product_brand","embeddable":true,"href":"https:\/\/hificlub.com.br\/loja\/wp-json\/wp\/v2\/product_brand?post=1739"},{"taxonomy":"product_cat","embeddable":true,"href":"https:\/\/hificlub.com.br\/loja\/wp-json\/wp\/v2\/product_cat?post=1739"},{"taxonomy":"product_tag","embeddable":true,"href":"https:\/\/hificlub.com.br\/loja\/wp-json\/wp\/v2\/product_tag?post=1739"}],"curies":[{"name":"wp","href":"https:\/\/api.w.org\/{rel}","templated":true}]}}