{"id":17357,"date":"2024-08-19T05:58:18","date_gmt":"2024-08-19T08:58:18","guid":{"rendered":"https:\/\/hificlub.com.br\/loja\/?post_type=product&#038;p=17357"},"modified":"2026-03-03T22:18:23","modified_gmt":"2026-03-04T01:18:23","slug":"definitive-technology-descend-dn12-12-1500-watts","status":"publish","type":"product","link":"https:\/\/hificlub.com.br\/loja\/produto\/definitive-technology-descend-dn12-12-1500-watts\/","title":{"rendered":"DEFINITIVE TECHNOLOGY DESCEND DN12  12&#8243; 1500 watts"},"content":{"rendered":"<p>Adicione graves aprimorados \u00e0 sua experi\u00eancia de entretenimento dom\u00e9stico com o subwoofer Definitive Technology Descend Series DN12 de 12\u2033 1500 W preto meia-noite . Possui um woofer de longo alcance de 12\u2033 que produz at\u00e9 500 W de pot\u00eancia RMS para adicionar graves baixos a praticamente qualquer ambiente de audi\u00e7\u00e3o, e dois radiadores passivos de 12\u2033 aprimoram ainda mais o palco sonoro de baixo custo. Com uma resposta de frequ\u00eancia de 25 a 150 Hz, o DN12 est\u00e1 equipado para lidar com uma variedade de materiais de audi\u00e7\u00e3o.<\/p>\n<p>Arquitetura 3XR para pot\u00eancia de graves que desafia o tamanho<br \/>\nA arquitetura 3XR do DN12 fornece o triplo da \u00e1rea de superf\u00edcie radiante de produ\u00e7\u00e3o de graves de um subwoofer tradicional de 15\u2033. E como o 3XR n\u00e3o usa portas, o DN12 tamb\u00e9m fornece graves cristalinos sem distor\u00e7\u00e3o de ru\u00eddo de porta.<br \/>\nRadiadores passivos para graves mais altos, mais baixos e mais limpos<br \/>\nComo a tecnologia principal por tr\u00e1s da arquitetura 3XR da Descend, seus radiadores de graves passivos permitem que o DN12 toque t\u00e3o alto e baixo quanto um sub de 15\u2033 sem distor\u00e7\u00e3o de ru\u00eddo de porta indesejada. capacidade semelhante a uma porta para tocar mais alto e mais baixo em um gabinete menor. O que voc\u00ea obt\u00e9m \u00e9 o melhor dos dois mundos \u2013 graves mais altos e claros do que um sub com porta de um gabinete menor do que um sub selado.<br \/>\nDesempenho em n\u00edvel de refer\u00eancia<br \/>\nAlimentado por amplifica\u00e7\u00e3o digital Classe H e com um DSP avan\u00e7ado de 56 bits que inclui tr\u00eas modos de EQ personalizados, o DN12 reproduz graves excepcionalmente impactantes at\u00e9 25 Hz. Seu avan\u00e7ado amplificador digital Classe H de pico de 1500 W fornece energia cont\u00ednua para reproduzir de forma limpa os graves sustentados abaixo de 25 Hz. Com monitoramento em tempo real e ajustes para a tens\u00e3o do trilho deslizante, o DN12 oferece pot\u00eancia consideravelmente maior durante picos curtos e transit\u00f3rios, como bumbos e explos\u00f5es de artilharia na tela.<br \/>\nDSP avan\u00e7ado de 56 bits para longevidade sem distor\u00e7\u00e3o<br \/>\nO avan\u00e7ado processador de sinal digital de 56 bits (DSP) estende e melhora a resposta de graves do DN12. Ele monitora e controla rigidamente o sistema de woofer para evitar distor\u00e7\u00f5es e danos ao woofer em volumes ultra-altos com um m\u00ednimo de artefatos aud\u00edveis.<br \/>\nModos de equaliza\u00e7\u00e3o integrados<br \/>\nCom tr\u00eas modos de EQ de desempenho integrados, o DN12 pode ser otimizado para sua sala e prefer\u00eancias de audi\u00e7\u00e3o e ajustado para combinar com o que voc\u00ea estiver ouvindo.<br \/>\nFlat Mode: A configura\u00e7\u00e3o padr\u00e3o do DN12, o Flat Mode oferece o desempenho mais equilibrado, conforme determinado pelos especialistas em ac\u00fastica da Definitive Technology, proporcionando a harmonia perfeita entre extens\u00e3o de graves e sa\u00edda m\u00e1xima de espectro completo.<br \/>\nDeep Mode: Este modo fornece sa\u00edda low-end adicional, mas sacrifica algum SPL m\u00e1ximo para faz\u00ea-lo. Isso torna o Deep Mode excelente para m\u00fasica, onde a faixa de frequ\u00eancia \u00e9 t\u00e3o cr\u00edtica, de modo que instrumentos como um \u00f3rg\u00e3o de tubos ou um baixo vertical s\u00e3o reproduzidos total e uniformemente.<br \/>\nModo Alto: O oposto do Modo Profundo, o Modo Alto sacrifica alguma sa\u00edda de graves enquanto ganha sa\u00edda em todas as outras frequ\u00eancias. O Modo Alto \u00e9 excelente para home theater, para acentuar melhor as explos\u00f5es e outros efeitos especiais de \u00e1udio.<br \/>\nControle e personaliza\u00e7\u00e3o<br \/>\nCom tecnologias inovadoras, como Controle Inteligente de Fase, gerenciamento f\u00e1cil de configura\u00e7\u00f5es com seu controle remoto dedicado e recursos avan\u00e7ados de integra\u00e7\u00e3o personalizada, o DN12 \u00e9 facilmente otimizado para as especificidades do seu sistema.<br \/>\nControle de fase inteligente para mistura perfeita do sistema<br \/>\nO Controle Inteligente de Fase fornece um ajuste de fase personaliz\u00e1vel em 360\u00b0, sempre centrado nas configura\u00e7\u00f5es do filtro passa-baixa. Isso fornece a capacidade de ajustar o subwoofer para um atraso m\u00ednimo de grupo entre os alto-falantes e uma experi\u00eancia de combina\u00e7\u00e3o perfeita entre seus alto-falantes e o subwoofer.<br \/>\nControle remoto com display LED On-Sub<br \/>\nAjuste facilmente o n\u00edvel de volume, fase e EQ do DN12 com seu controle remoto fino. N\u00e3o h\u00e1 necessidade de se levantar constantemente para alterar manualmente as configura\u00e7\u00f5es ou se perguntar se voc\u00ea as acertou.<br \/>\nPronto para integra\u00e7\u00e3o personalizada<br \/>\nCom uma entrada de 12V e passagem IR, voc\u00ea tem a capacidade de emparelhar o subwoofer com a maioria dos sistemas de controle e colocar o subwoofer onde quiser na sala e ainda experimentar a funcionalidade completa.<br \/>\nCaracter\u00edsticas adicionais<br \/>\nWoofer de longo alcance de 12\u2033<br \/>\nP\u00e9s instalados permanentemente com almofadas de borracha<br \/>\nFonte de alimenta\u00e7\u00e3o interna<\/p>\n<p>Tipo de subwoofer Ativo<br \/>\nTipo de gabinete Selado<br \/>\nPot\u00eancia do Amplificador 500 W RMS<br \/>\n1500 W Pico<br \/>\nMotoristas 1 x 12\u2033 \/ 30,5 cm (disparo frontal)<br \/>\nRadiadores passivos 2 x 12\u2033 \/ 30,5 cm<br \/>\nPortas Nenhum<br \/>\nResposta de Frequ\u00eancia 25 a 150 Hz (\u00b13 dB)<br \/>\nClasse de amplificador Classe-H<br \/>\nConectividade 1 x entrada RCA (LFE)<br \/>\n1 x entrada RCA est\u00e9reo (\u00e1udio)<br \/>\n2 x entrada de par de poste de liga\u00e7\u00e3o (\u00e1udio)<br \/>\n1 x entrada de 1\/8\u2033 \/ 3,5 mm (gatilho de 12 V)<br \/>\n1 x entrada de 1\/8\u2033 \/ 3,5 mm ( RI)<br \/>\nFrequencia cruzada 40 a 120Hz<br \/>\nAjuste de fase 135 \/ 180\u00b0<br \/>\nPoder<br \/>\nPot\u00eancia de entrada CA 120 a 240 VCA, 50\/60 Hz<br \/>\nFisica<br \/>\nOp\u00e7\u00f5es de coloca\u00e7\u00e3o e montagem Piso<br \/>\nDimens\u00f5es 18 x 18,7 x 19,1\u2033 \/ 458,2 x 475,5 x 484,8 mm<\/p>\n","protected":false},"excerpt":{"rendered":"<p>Adicione graves aprimorados \u00e0 sua experi\u00eancia de entretenimento dom\u00e9stico com o subwoofer Definitive Technology Descend Series DN12 de 12\u2033 1500 W preto meia-noite . Possui um woofer de longo alcance de 12\u2033 que produz at\u00e9 500 W de pot\u00eancia RMS para adicionar graves baixos a praticamente qualquer ambiente de audi\u00e7\u00e3o, e dois radiadores passivos de [&hellip;]<\/p>\n","protected":false},"featured_media":17358,"template":"","meta":{"_acf_changed":false},"product_brand":[],"product_cat":[17,36],"product_tag":[],"class_list":{"0":"post-17357","1":"product","2":"type-product","3":"status-publish","4":"has-post-thumbnail","6":"product_cat-caixas","7":"product_cat-subwoofer","9":"first","10":"instock","11":"sold-individually","12":"shipping-taxable","13":"purchasable","14":"product-type-simple"},"acf":[],"aioseo_notices":[],"_links":{"self":[{"href":"https:\/\/hificlub.com.br\/loja\/wp-json\/wp\/v2\/product\/17357","targetHints":{"allow":["GET"]}}],"collection":[{"href":"https:\/\/hificlub.com.br\/loja\/wp-json\/wp\/v2\/product"}],"about":[{"href":"https:\/\/hificlub.com.br\/loja\/wp-json\/wp\/v2\/types\/product"}],"wp:featuredmedia":[{"embeddable":true,"href":"https:\/\/hificlub.com.br\/loja\/wp-json\/wp\/v2\/media\/17358"}],"wp:attachment":[{"href":"https:\/\/hificlub.com.br\/loja\/wp-json\/wp\/v2\/media?parent=17357"}],"wp:term":[{"taxonomy":"product_brand","embeddable":true,"href":"https:\/\/hificlub.com.br\/loja\/wp-json\/wp\/v2\/product_brand?post=17357"},{"taxonomy":"product_cat","embeddable":true,"href":"https:\/\/hificlub.com.br\/loja\/wp-json\/wp\/v2\/product_cat?post=17357"},{"taxonomy":"product_tag","embeddable":true,"href":"https:\/\/hificlub.com.br\/loja\/wp-json\/wp\/v2\/product_tag?post=17357"}],"curies":[{"name":"wp","href":"https:\/\/api.w.org\/{rel}","templated":true}]}}