{"id":169,"date":"2023-10-17T19:50:28","date_gmt":"2023-10-17T22:50:28","guid":{"rendered":"https:\/\/hificlub.com.br\/loja2\/produto\/mcintosh-mc462-450-watts\/"},"modified":"2026-03-03T22:21:17","modified_gmt":"2026-03-04T01:21:17","slug":"mcintosh-mc462-450-watts","status":"publish","type":"product","link":"https:\/\/hificlub.com.br\/loja\/produto\/mcintosh-mc462-450-watts\/","title":{"rendered":"MCINTOSH MC462 450 watts"},"content":{"rendered":"<p>Experimente a felicidade est\u00e9reo com o amplificador MC462.\u00a0O MC462 substitui o conceituado MC452 como o amplificador est\u00e9reo mais poderoso da McIntosh.\u00a0Assim como o MC452, ele apresenta uma sa\u00edda robusta de 450 Watts por canal.<\/p>\n<p>Com um McIntosh Autoformer\u2122 dedicado conectado a cada canal de \u00e1udio, os 450 Watts completos est\u00e3o dispon\u00edveis para qualquer alto-falante, independentemente de ter imped\u00e2ncia de 2, 4 ou 8 Ohm.\u00a0Apenas um amplificador MC462 pode alimentar sozinho um sistema est\u00e9reo de \u00e1udio dom\u00e9stico de classe mundial.<\/p>\n<div id=\"global-wrapper\" class=\"global-wrapper clearfix\">\n<div id=\"container\" class=\"main-content\">\n<div id=\"shopify-section-product-template\" class=\"shopify-section\">\n<div id=\"ProductSection-product-template\" class=\"container product-template__container page-width template-product\" data-section-id=\"product-template\" data-section-type=\"product-page\" data-enable-history-state=\"true\">\n<div class=\"col-sm-12\">\n<div class=\"product-description-tabs-product-template product-description-tabs\">\n<div class=\"resp-tabs-container pr-tab-product-template\">\n<div class=\"resp-tab-content pr-tab-product-template resp-tab-content-active\">\n<p><span class=\"VIpgJd-yAWNEb-VIpgJd-fmcmS-sn54Q\">O amplificador est\u00e9reo de nova gera\u00e7\u00e3o MC462 recebeu in\u00fameras atualiza\u00e7\u00f5es em rela\u00e7\u00e3o ao modelo anterior.\u00a0<\/span>O mais proeminente \u00e9 que a capacidade do filtro foi aumentada em quase 50%, o que resultou em um not\u00e1vel aumento de 66% no headroom din\u00e2mico de 1,8dB para 3,0dB.\u00a0Isso permite que o MC462 lide facilmente com oscila\u00e7\u00f5es dr\u00e1sticas na din\u00e2mica e reproduza sem esfor\u00e7o sua m\u00fasica favorita praticamente sem distor\u00e7\u00e3o.<\/p>\n<p>O desempenho dos graves tamb\u00e9m \u00e9 aprimorado como resultado do aumento da capacidade do filtro.\u00a0O sistema de gerenciamento de energia ecol\u00f3gico da McIntosh, que desligar\u00e1 o amplificador ap\u00f3s um determinado per\u00edodo de tempo quando nenhum sinal de entrada for detectado, foi adicionado.\u00a0A fia\u00e7\u00e3o interna e os componentes selecionados do circuito tamb\u00e9m foram atualizados.<\/p>\n<p>Esteticamente, o MC462 mant\u00e9m todas as caracter\u00edsticas de um amplificador McIntosh com alguns aprimoramentos modernos importantes.\u00a0O painel frontal agora utiliza retroilumina\u00e7\u00e3o LED direta que melhora a apar\u00eancia e a precis\u00e3o das cores.\u00a0Os dois autoformadores de \u00e1udio e o transformador de pot\u00eancia \u00fanico est\u00e3o alojados em novos gabinetes cobertos por uma \u00fanica tampa usinada com inser\u00e7\u00f5es de vidro.\u00a0A metade traseira do amplificador abriga quatro McIntosh Monogrammed Heatsinks\u2122 que se conectam a transistores avan\u00e7ados de sa\u00edda de alta corrente que ajudam a eliminar o tempo de atraso do equil\u00edbrio t\u00e9rmico.<\/p>\n<p>As sa\u00eddas balanceadas e n\u00e3o balanceadas facilitam a bi-amplifica\u00e7\u00e3o ou tri-amplifica\u00e7\u00e3o de seus alto-falantes;\u00a0eles tamb\u00e9m podem ser usados \u200b\u200bpara enviar o sinal de \u00e1udio para um sistema secund\u00e1rio se o seu pr\u00e9-amplificador n\u00e3o tiver sa\u00eddas suficientes ou para conectar um subwoofer amplificado.<\/p>\n<p>O MC462 fica em um belo chassi de a\u00e7o inoxid\u00e1vel polido e apresenta o atemporal painel frontal de vidro preto McIntosh, logotipo iluminado, bot\u00f5es de controle, al\u00e7as de alum\u00ednio e um par de Watt\u00edmetros azuis de resposta r\u00e1pida.<\/p>\n<\/div>\n<\/div>\n<\/div>\n<\/div>\n<\/div>\n<\/div>\n<div id=\"shopify-section-product-recommendations\" class=\"shopify-section\">\n<p>\u00a0Caracteristicas<\/p>\n<ul>\n<li>Power Guard\u00ae que monitora e ajusta o sinal de entrada na velocidade da luz e faz ajustes em tempo real para evitar sons \u00e1speros e cortes potencialmente prejudiciais aos alto-falantes<\/li>\n<li>Sentry Monitor\u2122 &#8211; nosso circuito de prote\u00e7\u00e3o contra curto-circuito sem fus\u00edvel que desativa o est\u00e1gio de sa\u00edda antes que a corrente exceda os n\u00edveis operacionais seguros e, em seguida, redefine automaticamente quando as condi\u00e7\u00f5es operacionais retornam ao normal<\/li>\n<li>Design Quad Balanced que cancela praticamente todos os ru\u00eddos e distor\u00e7\u00f5es que possam ter penetrado no sinal de \u00e1udio<\/li>\n<li>Controle de energia para enviar sinais de ligar\/desligar para outros componentes McIntosh conectados (como CD Players, toca-discos, sintonizadores e streamers de m\u00eddia) para f\u00e1cil inicializa\u00e7\u00e3o e desligamento do sistema<\/li>\n<li>Postes de liga\u00e7\u00e3o de alto-falante Solid Cinch\u2122 patenteados pela McIntosh que prendem os cabos de alto-falante com facilidade, mas com seguran\u00e7a, para evitar que se soltem e possivelmente causem um curto;\u00a0os postes de encaderna\u00e7\u00e3o tamb\u00e9m s\u00e3o banhados a ouro para evitar corros\u00e3o e garantir que um sinal de qualidade seja enviado pelos cabos do alto-falante.<\/li>\n<\/ul>\n<p>Especifica\u00e7\u00f5es<\/p>\n<ul>\n<li>SA\u00cdDA DE POT\u00caNCIA POR CANAL: 450W @ 2, 4 ou 8 Ohms<\/li>\n<li>N\u00daMERO DE CANAIS: 2<\/li>\n<li>DISTOR\u00c7\u00c3O HARM\u00d4NICA TOTAL: 0,005%<\/li>\n<li>S\/N ABAIXO DA SA\u00cdDA NOMINAL: 122dB<\/li>\n<li>HEADROOM DIN\u00c2MICO: 3,0dB<\/li>\n<li>FATOR DE AMORTECIMENTO: &gt;40 Banda larga<\/li>\n<li>BANDA DE POT\u00caNCIA NOMINAL: 20Hz a 20kHz<\/li>\n<li>RESPOSTA DE FREQU\u00caNCIA: +0, -0,25dB de 20Hz a 20.000Hz;\u00a0+0, -3,0dB de 10 Hz a 100.000 Hz<\/li>\n<li>CONTROLE DE ENERGIA REMOTO: Sim<\/li>\n<li>CONFIGURA\u00c7\u00c3O DO CIRCUITO: Quad Balanceado<\/li>\n<li>PROJETO DE CIRCUITO: Estado S\u00f3lido<\/li>\n<li>AUTOFORMADOR: Sim<\/li>\n<li>METROS: Sim<\/li>\n<li>INTERRUPTOR DA LUZ DO MEDIDOR: Sim<\/li>\n<li>ENTRADA BALANCEADA: 2<\/li>\n<li>PAINEL FRONTAL: Vidro com puxadores<\/li>\n<li>ILUMINA\u00c7\u00c3O: LED direto<\/li>\n<li>ESTILO DO CHASSIS: A\u00e7o inoxid\u00e1vel polido e a\u00e7o pintado de preto<\/li>\n<li>TIPO DE SPEAKER BINDING POST: Patenteado Solid Cinch\u2122 Speaker Binding Posts<\/li>\n<li>DIMENS\u00d5ES (LXAXP): 17-1\/2&#8243; (44,45 cm) x 9-7\/16&#8243; (23,97 cm) (incluindo p\u00e9s) x 22-1\/2&#8243; (57,2 cm) (incluindo painel frontal, al\u00e7as e cabos)<\/li>\n<li>PESO: 115 libras (52,3 kg) l\u00edquido;\u00a0148 (67,3 kg) de remessa<\/li>\n<\/ul>\n<\/div>\n<\/div>\n<\/div>\n","protected":false},"excerpt":{"rendered":"<p>Experimente a felicidade est\u00e9reo com o amplificador MC462.\u00a0O MC462 substitui o conceituado MC452 como o amplificador est\u00e9reo mais poderoso da McIntosh.\u00a0Assim como o MC452, ele apresenta uma sa\u00edda robusta de 450 Watts por canal. Com um McIntosh Autoformer\u2122 dedicado conectado a cada canal de \u00e1udio, os 450 Watts completos est\u00e3o dispon\u00edveis para qualquer alto-falante, independentemente [&hellip;]<\/p>\n","protected":false},"featured_media":155,"template":"","meta":{"_acf_changed":false},"product_brand":[],"product_cat":[27,28,39],"product_tag":[],"class_list":{"0":"post-169","1":"product","2":"type-product","3":"status-publish","4":"has-post-thumbnail","6":"product_cat-amplificador","7":"product_cat-estereo","8":"product_cat-mcintosh","10":"first","11":"instock","12":"sold-individually","13":"shipping-taxable","14":"product-type-simple"},"acf":[],"aioseo_notices":[],"_links":{"self":[{"href":"https:\/\/hificlub.com.br\/loja\/wp-json\/wp\/v2\/product\/169","targetHints":{"allow":["GET"]}}],"collection":[{"href":"https:\/\/hificlub.com.br\/loja\/wp-json\/wp\/v2\/product"}],"about":[{"href":"https:\/\/hificlub.com.br\/loja\/wp-json\/wp\/v2\/types\/product"}],"wp:featuredmedia":[{"embeddable":true,"href":"https:\/\/hificlub.com.br\/loja\/wp-json\/wp\/v2\/media\/155"}],"wp:attachment":[{"href":"https:\/\/hificlub.com.br\/loja\/wp-json\/wp\/v2\/media?parent=169"}],"wp:term":[{"taxonomy":"product_brand","embeddable":true,"href":"https:\/\/hificlub.com.br\/loja\/wp-json\/wp\/v2\/product_brand?post=169"},{"taxonomy":"product_cat","embeddable":true,"href":"https:\/\/hificlub.com.br\/loja\/wp-json\/wp\/v2\/product_cat?post=169"},{"taxonomy":"product_tag","embeddable":true,"href":"https:\/\/hificlub.com.br\/loja\/wp-json\/wp\/v2\/product_tag?post=169"}],"curies":[{"name":"wp","href":"https:\/\/api.w.org\/{rel}","templated":true}]}}