{"id":16701,"date":"2024-07-25T05:53:25","date_gmt":"2024-07-25T08:53:25","guid":{"rendered":"https:\/\/hificlub.com.br\/loja\/?post_type=product&#038;p=16701"},"modified":"2024-10-07T16:51:24","modified_gmt":"2024-10-07T19:51:24","slug":"yaqin-sd-35a-cd-hdcd-player-valvulado","status":"publish","type":"product","link":"https:\/\/hificlub.com.br\/loja\/produto\/yaqin-sd-35a-cd-hdcd-player-valvulado\/","title":{"rendered":"YAQIN SD-35A   CD \/ HDCD Player Valvulado"},"content":{"rendered":"<p>YAQIN SD-32A Tube CD\/HDCD Player<\/p>\n<p>Caracter\u00edsticas:<\/p>\n<p>1. Adota chips de alta precis\u00e3o SANYO no Jap\u00e3o e \u00e9 de excelente estabilidade e reconhecimento de CD.<\/p>\n<p>2. O circuito servo adota chips Philips SAA7824.<\/p>\n<p>3. Adota chips PCM1794U produzidos pela BB<\/p>\n<p>4. Adota circuito de filtro multicamadas de alta qualidade e pode limpar validamente o sinal digital, para trazer a voc\u00ea sa\u00edda de sinal de m\u00fasica de alta fidelidade.<\/p>\n<p>5. Adota dois circuitos amplificadores 6N8P com excelente ac\u00fastica e forte for\u00e7a motriz, juntamente com sa\u00edda de amplificador operacional de alta fidelidade. Os dois pares s\u00e3o alternativos.<\/p>\n<p>6. Adota sa\u00edda de sinal digital coaxial (pode se conectar com decodificador de \u00e1udio)<\/p>\n<p>7. O circuito autom\u00e1tico \u00e9 fabricado pela Philips (MKP) sem capacitor polar, eletr\u00f3lise especial de \u00e1udio popular como filtragem e resist\u00eancia de metal de alta precis\u00e3o.<\/p>\n<p>8. O transformador de pot\u00eancia \u00e9 feito de chapa de a\u00e7o sil\u00edcio (0,35 mm) especial para frequ\u00eancia de \u00e1udio e fio de cobre esmaltado sem oxig\u00eanio de alta tens\u00e3o em processo de fia\u00e7\u00e3o especial. Ent\u00e3o a m\u00e1quina tem menos interfer\u00eancia eletromagn\u00e9tica, for\u00e7a motriz forte e ac\u00fastica transparente e potente.<\/p>\n<p>Interface do usu\u00e1rio:<\/p>\n<p>Sa\u00edda1: Sa\u00edda de v\u00e1lvula<br \/>\nSa\u00edda2: Sa\u00edda de op-amp normal<br \/>\nSa\u00edda3: Sa\u00edda digital coaxial<br \/>\nControle remoto<br \/>\nControle do CD player no painel frontal<\/p>\n<p>Especifica\u00e7\u00f5es:<\/p>\n<p>N\u00edvel de sa\u00edda: 2,1 V<br \/>\nResposta de frequ\u00eancia: 10 Hz-30 kHz (\u00b1 0,5 dB)<br \/>\nSNR: \u2265 108 dB<br \/>\nDistor\u00e7\u00e3o: \u2264 0,005% (1 kHZ OPA)<br \/>\nFaixa din\u00e2mica: 110 dB<br \/>\nSa\u00edda anal\u00f3gica: uma sa\u00edda de v\u00e1lvula e uma sa\u00edda OPA<br \/>\nSa\u00edda digital: conjunto coaxial<br \/>\nV\u00e1lvula: 6N8P \u00d7 2<br \/>\nConsumo de energia: 90 W<br \/>\nDimens\u00e3o (C * L * A): 375 mm \u00d7 205 mm \u00d7 345 mm<br \/>\nPeso l\u00edquido: 10 kg<br \/>\nEntrada de energia: 110\/120 V ou 220\/230 V 50\/60 Hz<\/p>\n<p>Precau\u00e7\u00f5es:<\/p>\n<p>1. O amplificador valvulado deve ser conectado aos alto-falantes antes de ser ligado. Pro\u00edba estritamente o envio de sinais para o amplificador sem cargas conectadas (alto-falantes) ou curto-circuito de carga quando o interruptor estiver LIGADO.<\/p>\n<p>2. Tens\u00e3o de alimenta\u00e7\u00e3o muito alta ou muito baixa causa danos irrevers\u00edveis ao amplificador, de prefer\u00eancia menos de 5% da tens\u00e3o especificada. Se a tens\u00e3o da rede el\u00e9trica exceder esse valor, geralmente \u00e9 melhor usar com a fonte de alimenta\u00e7\u00e3o CA.<\/p>\n<p>3. A temperatura \u00e9 mais alta quando os amplificadores valvulados est\u00e3o funcionando, dando aten\u00e7\u00e3o \u00e0 ventila\u00e7\u00e3o e ao resfriamento.<\/p>\n<p>4. No porta-malas ou apenas desligado por um per\u00edodo de tempo (dentro de 30 minutos) N\u00e3o derrame l\u00edquidos nos tubos.<\/p>\n<p>5. Voc\u00ea deve levar cerca de 100 horas para operar o amplificador. O RUN-IN no amplificador oferece seu melhor e mais est\u00e1vel som. Portanto, durante as primeiras 100 horas de uso, o som pode n\u00e3o ser o melhor, voc\u00ea tamb\u00e9m pode usar seu pr\u00f3prio m\u00e9todo de run-in.<\/p>\n","protected":false},"excerpt":{"rendered":"<p>YAQIN SD-32A Tube CD\/HDCD Player Caracter\u00edsticas: 1. Adota chips de alta precis\u00e3o SANYO no Jap\u00e3o e \u00e9 de excelente estabilidade e reconhecimento de CD. 2. O circuito servo adota chips Philips SAA7824. 3. Adota chips PCM1794U produzidos pela BB 4. Adota circuito de filtro multicamadas de alta qualidade e pode limpar validamente o sinal digital, [&hellip;]<\/p>\n","protected":false},"featured_media":16705,"template":"","meta":{"_acf_changed":false},"product_brand":[],"product_cat":[42,41,193],"product_tag":[],"class_list":{"0":"post-16701","1":"product","2":"type-product","3":"status-publish","4":"has-post-thumbnail","6":"product_cat-cd-players","7":"product_cat-digital","8":"product_cat-yaquin","10":"first","11":"instock","12":"sold-individually","13":"shipping-taxable","14":"purchasable","15":"product-type-simple"},"acf":[],"aioseo_notices":[],"_links":{"self":[{"href":"https:\/\/hificlub.com.br\/loja\/wp-json\/wp\/v2\/product\/16701","targetHints":{"allow":["GET"]}}],"collection":[{"href":"https:\/\/hificlub.com.br\/loja\/wp-json\/wp\/v2\/product"}],"about":[{"href":"https:\/\/hificlub.com.br\/loja\/wp-json\/wp\/v2\/types\/product"}],"wp:featuredmedia":[{"embeddable":true,"href":"https:\/\/hificlub.com.br\/loja\/wp-json\/wp\/v2\/media\/16705"}],"wp:attachment":[{"href":"https:\/\/hificlub.com.br\/loja\/wp-json\/wp\/v2\/media?parent=16701"}],"wp:term":[{"taxonomy":"product_brand","embeddable":true,"href":"https:\/\/hificlub.com.br\/loja\/wp-json\/wp\/v2\/product_brand?post=16701"},{"taxonomy":"product_cat","embeddable":true,"href":"https:\/\/hificlub.com.br\/loja\/wp-json\/wp\/v2\/product_cat?post=16701"},{"taxonomy":"product_tag","embeddable":true,"href":"https:\/\/hificlub.com.br\/loja\/wp-json\/wp\/v2\/product_tag?post=16701"}],"curies":[{"name":"wp","href":"https:\/\/api.w.org\/{rel}","templated":true}]}}