{"id":16580,"date":"2024-07-22T07:25:50","date_gmt":"2024-07-22T10:25:50","guid":{"rendered":"https:\/\/hificlub.com.br\/loja\/?post_type=product&#038;p=16580"},"modified":"2026-03-03T22:18:25","modified_gmt":"2026-03-04T01:18:25","slug":"monitor-audio-gold-100-g4","status":"publish","type":"product","link":"https:\/\/hificlub.com.br\/loja\/produto\/monitor-audio-gold-100-g4\/","title":{"rendered":"MONITOR AUDIO GOLD 100 G4"},"content":{"rendered":"<p>Operando com o desempenho de um driver t\u00edpico de 8&#8243;, nosso design propriet\u00e1rio de 6,5&#8243; oferece maior efici\u00eancia geral com headroom din\u00e2mico para fornecer extens\u00e3o e controle de graves impressionantes.<\/p>\n<p>A configura\u00e7\u00e3o bidirecional descomplicada do 100 produz materiais complexos com precis\u00e3o tonal e timing perfeito. Est\u00e3o dispon\u00edveis suportes de ch\u00e3o dedicados opcionais .<\/p>\n<p>Tecnologia<br \/>\nDesign de transdutor de fita C-CAM (alum\u00ednio revestido de cer\u00e2mica\/magn\u00e9sio) \u2013 fornecendo extens\u00e3o para 60 kHz l\u00edder de classe<br \/>\nTecnologia de porta HiVe II para melhor resposta transit\u00f3ria e graves mais n\u00edtidos<br \/>\nDriver de graves\/m\u00e9dios C-CAM RST (Rigid Surface Technology)<br \/>\nParafuso \u00fanico atrav\u00e9s das fixa\u00e7\u00f5es do acionador para melhor suporte, rigidez e desacoplamento do acionador\/defletor<br \/>\nArranjo do painel terminal em liga fundida com terminais bi-fio de alta qualidade e cabos de liga\u00e7\u00e3o do tipo espada de alta qualidade<br \/>\nCabeamento interno Pureflow Silver<br \/>\nFolheado de madeira de qualidade premium selecionado ou acabamentos em laca de alto brilho<br \/>\nConstru\u00e7\u00e3o r\u00edgida em MDF de 20 mm, empregando t\u00e9cnicas radiais e de contraventamento cruzado para alta rigidez, resultando em baixa colora\u00e7\u00e3o do gabinete<br \/>\nAs fixa\u00e7\u00f5es da grade magn\u00e9tica invis\u00edvel proporcionam um efeito visual elegante.<\/p>\n<p>System Format<br \/>\n2-Way<\/p>\n<p>Frequency Response<br \/>\n42 Hz \u2014 60 kHz<\/p>\n<p>Sensitivity (1W@1M)<br \/>\n88 dB<\/p>\n<p>Nominal Impedance<br \/>\n8 ohms<\/p>\n<p>Maximum SPL<br \/>\n112.6 dB<\/p>\n<p>Power Handling (RMS)<br \/>\n120 W<\/p>\n<p>Recommended Amplifier Requirements<br \/>\n60 \u2014 120 W<\/p>\n<p>Bass Alignment<br \/>\nBass reflex &#8211; HiVe II port system<\/p>\n<p>Crossover Frequency<br \/>\n2.7 kHz<\/p>\n<p>Drive Unit Complement<br \/>\n1 x 61\/2&#8243; RST bass\/mid-range driver<br \/>\n1 x C-CAM H.F ribbon transducer<\/p>\n<p>Cabinet Dimensions (H x W x D)<br \/>\n362 x 210 x 303 mm (143\/8 x 81\/4 x 1115\/16&#8243;)<\/p>\n<p>Complete Dimensions (Including Terminals (H x W x D))<br \/>\n362 x 210 x 330 mm (143\/8 x 81\/4 x 13&#8243;)<\/p>\n<p>Weight (each)<br \/>\n9.9 kg (21 lb 12 oz)<\/p>\n<p>Optional Floor Stand (H x W x D)<br \/>\n630 x 290 x 360 mm (2413\/16 x 117\/16 x 143\/16)<\/p>\n<p>Optional Floor Stand Weight<br \/>\n4.5 kg (9 lb 15 oz)<\/p>\n","protected":false},"excerpt":{"rendered":"<p>Operando com o desempenho de um driver t\u00edpico de 8&#8243;, nosso design propriet\u00e1rio de 6,5&#8243; oferece maior efici\u00eancia geral com headroom din\u00e2mico para fornecer extens\u00e3o e controle de graves impressionantes. A configura\u00e7\u00e3o bidirecional descomplicada do 100 produz materiais complexos com precis\u00e3o tonal e timing perfeito. Est\u00e3o dispon\u00edveis suportes de ch\u00e3o dedicados opcionais . Tecnologia Design [&hellip;]<\/p>\n","protected":false},"featured_media":16653,"template":"","meta":{"_acf_changed":false},"product_brand":[],"product_cat":[25,17,109],"product_tag":[],"class_list":{"0":"post-16580","1":"product","2":"type-product","3":"status-publish","4":"has-post-thumbnail","6":"product_cat-bookshelf","7":"product_cat-caixas","8":"product_cat-monitor-audio","10":"first","11":"instock","12":"sold-individually","13":"shipping-taxable","14":"purchasable","15":"product-type-simple"},"acf":[],"aioseo_notices":[],"_links":{"self":[{"href":"https:\/\/hificlub.com.br\/loja\/wp-json\/wp\/v2\/product\/16580","targetHints":{"allow":["GET"]}}],"collection":[{"href":"https:\/\/hificlub.com.br\/loja\/wp-json\/wp\/v2\/product"}],"about":[{"href":"https:\/\/hificlub.com.br\/loja\/wp-json\/wp\/v2\/types\/product"}],"wp:featuredmedia":[{"embeddable":true,"href":"https:\/\/hificlub.com.br\/loja\/wp-json\/wp\/v2\/media\/16653"}],"wp:attachment":[{"href":"https:\/\/hificlub.com.br\/loja\/wp-json\/wp\/v2\/media?parent=16580"}],"wp:term":[{"taxonomy":"product_brand","embeddable":true,"href":"https:\/\/hificlub.com.br\/loja\/wp-json\/wp\/v2\/product_brand?post=16580"},{"taxonomy":"product_cat","embeddable":true,"href":"https:\/\/hificlub.com.br\/loja\/wp-json\/wp\/v2\/product_cat?post=16580"},{"taxonomy":"product_tag","embeddable":true,"href":"https:\/\/hificlub.com.br\/loja\/wp-json\/wp\/v2\/product_tag?post=16580"}],"curies":[{"name":"wp","href":"https:\/\/api.w.org\/{rel}","templated":true}]}}