{"id":16473,"date":"2024-07-18T03:23:58","date_gmt":"2024-07-18T06:23:58","guid":{"rendered":"https:\/\/hificlub.com.br\/loja\/?post_type=product&#038;p=16473"},"modified":"2025-10-11T06:14:27","modified_gmt":"2025-10-11T09:14:27","slug":"melco-n100-h20-hdd-2tb-music-server-e-dsd-streamer","status":"publish","type":"product","link":"https:\/\/hificlub.com.br\/loja\/produto\/melco-n100-h20-hdd-2tb-music-server-e-dsd-streamer\/","title":{"rendered":"MELCO N100 H20 HDD 2TB Music Server e DSD Streamer"},"content":{"rendered":"<p>MELCO N100 H20<\/p>\n<p>Servidor de m\u00fasica &#8211; qualidade e desempenho Melco em uma caixa compacta &#8211; 315 mm &#8211; pode ser combinado com o transporte D100 &#8211; completo com HDD de 2 TB, expans\u00edvel com o Melco E100, possui 2 tomadas USB no painel traseiro e 1 tomada USB no painel frontal &#8211; duas tomadas LAN: uma para conex\u00e3o \u00e0 rede e outra para conex\u00e3o direta a um Player &#8211; fonte de alimenta\u00e7\u00e3o separada &#8211; controle via painel frontal OLED e aplicativo MELCO<br \/>\nMelco N100, servidor de m\u00fasica vers\u00e1til e f\u00e1cil de usar<br \/>\nFeitos \u00e0 m\u00e3o no Jap\u00e3o, os servidores de m\u00fasica digital da Melco s\u00e3o \u00fanicos. Altamente avan\u00e7ados em seu design e arquitetura, eles evitam os comprometimentos sonoros do hardware de computador padr\u00e3o, usando componentes e software espec\u00edficos de \u00e1udio para desempenho, confiabilidade e qualidade de som superiores. A Melco lan\u00e7ou o primeiro servidor de m\u00fasica digital de n\u00edvel audi\u00f3filo do mundo em 2014 e continua a inovar desde ent\u00e3o.<\/p>\n<p>VIS\u00c3O GERAL<br \/>\nMelco N100 \u00e9 o modelo mais compacto da MELCO Digital Music Library &#8211; armazene seus arquivos de m\u00fasica locais de forma organizada e reproduza m\u00fasica com USB-DAC ou Network Player. As dimens\u00f5es e o design s\u00e3o iguais aos do CD player MELCO &#8220;D100&#8221; ou do switch de rede &#8220;S100&#8221;. Fabricado no Jap\u00e3o por &#8220;Takumi&#8221; (&#8220;mestre&#8221; em japon\u00eas).<\/p>\n<p>PRINCIPAIS CARACTER\u00cdSTICAS SERVIDOR DE M\u00daSICA MELCO N100<br \/>\nDesign refinado para uso em rack e mesa (215mm)<br \/>\nPainel frontal e superior em alum\u00ednio com acabamento fino<br \/>\nEstrutura em chapa de a\u00e7o de 2 mm para antivibra\u00e7\u00e3o<br \/>\nO HDD foi projetado com sistema antivibra\u00e7\u00e3o &#8220;HS-S\u00b2&#8221; (Highly Stable Storage System) de acordo com o mesmo conceito do N1ZS\/2A.<br \/>\nPorta LAN para conex\u00e3o direta com o player (sem LED para indica\u00e7\u00e3o de status)<br \/>\nUSB2.0 x3 s\u00e3o compat\u00edveis com USB-DAC, unidades de CD USB e mem\u00f3rias USB, como HDD USB ou mem\u00f3ria flash USB. Quando a unidade est\u00e1 conectada, o usu\u00e1rio pode escolher a finalidade da unidade no display frontal. (Importa\u00e7\u00e3o, expans\u00e3o, backup, restaura\u00e7\u00e3o etc.)<br \/>\nRel\u00f3gio C\/N baixo do NDK<br \/>\nSistema de gerenciamento de energia via FPGA para melhor estabilidade do sistema.<br \/>\nDesign sem ventilador<br \/>\nSERVI\u00c7OS MELCO<br \/>\nSintonizador V<br \/>\nDois<br \/>\nM\u00ednimo<br \/>\nSongKong<br \/>\nQobuz<br \/>\nMar\u00e9<br \/>\nQuarto pronto<br \/>\nPRINCIPAIS ESPECIFICA\u00c7\u00d5ES SERVIDOR DE M\u00daSICA MELCO N100<br \/>\nArmazenamento de m\u00fasica<\/p>\n<p>1 x HDD2TB selecionado de 3,5 polegadas em<br \/>\nPlataforma de isolamento Melco HS-S2<br \/>\nConectividade de rede<\/p>\n<p>Porta LAN &#8211; Gigabit Ethernet (1000Base-T),<br \/>\nporta JOGADOR,<br \/>\nEthernet Gigabit (1000Base-T),<br \/>\nServidor DHCP em modo isolado<br \/>\nConectividade USB<\/p>\n<p>Painel frontal USB2.0 x 1<br \/>\nPainel traseiro USB2.0 x 2<br \/>\nAtribu\u00edvel como DAC, backup, importa\u00e7\u00e3o, expans\u00e3o<br \/>\nSuporta taxa de amostragem do player USB<\/p>\n<p>16-32 bits (PCM) a 384kHz: &#8211; redu\u00e7\u00e3o autom\u00e1tica da resolu\u00e7\u00e3o para corresponder ao DAC conectado.<br \/>\nPCM sem intervalos suportado.<br \/>\n1 bit (DSD) a 11,3 MHz Quad DSD.<br \/>\nDSD sem marcador suportado.<br \/>\nConvers\u00e3o de DSD para PCM de 32 bits selecion\u00e1vel.<br \/>\nDSD sem intervalos suportado.<br \/>\nOLED exibe a taxa de amostragem do player.<br \/>\nDieta<\/p>\n<p>Adaptador universal 100-240V CA 48W<br \/>\nDimens\u00f5es e peso<\/p>\n<p>215 x 61 x 269 mm (WHL)<br \/>\n3kg<\/p>\n","protected":false},"excerpt":{"rendered":"<p>MELCO N100 H20 Servidor de m\u00fasica &#8211; qualidade e desempenho Melco em uma caixa compacta &#8211; 315 mm &#8211; pode ser combinado com o transporte D100 &#8211; completo com HDD de 2 TB, expans\u00edvel com o Melco E100, possui 2 tomadas USB no painel traseiro e 1 tomada USB no painel frontal &#8211; duas tomadas [&hellip;]<\/p>\n","protected":false},"featured_media":16474,"template":"","meta":{"_acf_changed":false},"product_brand":[],"product_cat":[41,230,50,142],"product_tag":[],"class_list":{"0":"post-16473","1":"product","2":"type-product","3":"status-publish","4":"has-post-thumbnail","6":"product_cat-digital","7":"product_cat-melco","8":"product_cat-music-server","9":"product_cat-streamers","11":"first","12":"instock","13":"sold-individually","14":"shipping-taxable","15":"purchasable","16":"product-type-simple"},"acf":[],"aioseo_notices":[],"_links":{"self":[{"href":"https:\/\/hificlub.com.br\/loja\/wp-json\/wp\/v2\/product\/16473","targetHints":{"allow":["GET"]}}],"collection":[{"href":"https:\/\/hificlub.com.br\/loja\/wp-json\/wp\/v2\/product"}],"about":[{"href":"https:\/\/hificlub.com.br\/loja\/wp-json\/wp\/v2\/types\/product"}],"wp:featuredmedia":[{"embeddable":true,"href":"https:\/\/hificlub.com.br\/loja\/wp-json\/wp\/v2\/media\/16474"}],"wp:attachment":[{"href":"https:\/\/hificlub.com.br\/loja\/wp-json\/wp\/v2\/media?parent=16473"}],"wp:term":[{"taxonomy":"product_brand","embeddable":true,"href":"https:\/\/hificlub.com.br\/loja\/wp-json\/wp\/v2\/product_brand?post=16473"},{"taxonomy":"product_cat","embeddable":true,"href":"https:\/\/hificlub.com.br\/loja\/wp-json\/wp\/v2\/product_cat?post=16473"},{"taxonomy":"product_tag","embeddable":true,"href":"https:\/\/hificlub.com.br\/loja\/wp-json\/wp\/v2\/product_tag?post=16473"}],"curies":[{"name":"wp","href":"https:\/\/api.w.org\/{rel}","templated":true}]}}