{"id":16420,"date":"2024-07-14T23:24:03","date_gmt":"2024-07-15T02:24:03","guid":{"rendered":"https:\/\/hificlub.com.br\/loja\/?post_type=product&#038;p=16420"},"modified":"2026-01-04T14:54:59","modified_gmt":"2026-01-04T17:54:59","slug":"ferrum-erco-gen-2-fone-de-ouvido-dac-amp","status":"publish","type":"product","link":"https:\/\/hificlub.com.br\/loja\/produto\/ferrum-erco-gen-2-fone-de-ouvido-dac-amp\/","title":{"rendered":"FERRUM ERCO GEN 2  DAC e Amplificador para Fone de ouvido"},"content":{"rendered":"<p>Descri\u00e7\u00e3o<br \/>\nERCO fone de ouvido totalmente balanceado DAC\/AMP<br \/>\nDesign propriet\u00e1rio de amplificador de pot\u00eancia IC<br \/>\nEntradas digitais propriet\u00e1rias otimizadas para \u00e1udio<br \/>\nRenderiza\u00e7\u00e3o e decodifica\u00e7\u00e3o MQA otimizada propriet\u00e1ria para chip ARM<br \/>\nConector Ferrum propriet\u00e1rio de 4 pinos para HYPSOS<br \/>\nSa\u00eddas de fone de ouvido balanceadas de 4,4 mm e n\u00e3o balanceadas de 6,35 mm<br \/>\nSa\u00eddas de linha XLR balanceadas e RCA n\u00e3o balanceadas<\/p>\n<p>Como um chef de topo que utiliza ingredientes frescos e cultivados no seu pr\u00f3prio jardim, integramos partes da premiada tecnologia HYPSOS e emprestamos um pouco da magia da OOR para lan\u00e7ar os primeiros tijolos da ERCO. Em seguida, acrescentamos nossos 20 anos de experi\u00eancia na fabrica\u00e7\u00e3o de conversores DA. E cara, n\u00f3s conseguimos. Conseguimos tirar o melhor de nossos dois vencedores e coloc\u00e1-lo em nosso novo irm\u00e3o, adicionando uma incr\u00edvel convers\u00e3o de DA \u00e0 mistura.<\/p>\n<p>Abrindo caminho para \u00e1udio de alta qualidade<br \/>\nCombina\u00e7\u00e3o perfeita da tecnologia principal da Ferrum combinada com convers\u00e3o digital para anal\u00f3gico de alto n\u00edvel desenvolvida internamente. Escolha entre tr\u00eas entradas digitais e uma anal\u00f3gica.<\/p>\n<p>Tecnologia propriet\u00e1ria<br \/>\nA tecnologia l\u00edder da ind\u00fastria \u00e9 aplicada. Todas as portas digitais s\u00e3o otimizadas para \u00e1udio, a decodifica\u00e7\u00e3o e renderiza\u00e7\u00e3o MQA s\u00e3o otimizadas para uso com chip ARM interno.<\/p>\n<p>Adequado para \u00e1udio pessoal de \u00faltima gera\u00e7\u00e3o<br \/>\nConecte seus fones de ouvido favoritos \u00e0s sa\u00eddas de conector de fone de ouvido balanceado de 4,4 mm ou n\u00e3o balanceado de 6,35 mm ou alto-falantes amplificados em sua mesa \u00e0s sa\u00eddas XLR ou RCA para desempenho m\u00e1ximo.<\/p>\n<p>Verdadeiramente Balanceado<br \/>\nO caminho do sinal \u00e9 verdadeiramente balanceado desde o est\u00e1gio D\/A inicial e torna-se verdadeiramente balanceado usando as entradas RCA.<\/p>\n<p>Design h\u00edbrido discreto\/IC<br \/>\nICs de banda ultralarga ajustados para uso de \u00e1udio para alcan\u00e7ar a melhor qualidade anal\u00f3gica poss\u00edvel.<\/p>\n<p>Transpar\u00eancia melhorada<br \/>\nTodo o design permanece focado numa assinatura sonora equilibrada e muito transparente, tornando a fadiga auditiva algo do passado.<\/p>\n<p>Facilidade de uso<br \/>\nOpera\u00e7\u00e3o sem complica\u00e7\u00f5es. Apenas tr\u00eas bot\u00f5es no painel frontal para controlar as configura\u00e7\u00f5es mais importantes.<\/p>\n<p>O Ferrum Power Link<br \/>\nERCO tem um desempenho muito, muito bom assim que sai da caixa. Mas o ERCO \u00e9 feito para se destacar muito quando usado em conjunto com o HYPSOS. Usamos o que apelidamos de Ferrum Power Link (FPL, em resumo) para conectar os dois. HYPSOS ent\u00e3o ir\u00e1 atuar ao m\u00e1ximo, liberando musicalidade in\u00e9dita a partir da combina\u00e7\u00e3o com ERCO.<\/p>\n<p>Ganho de sa\u00edda de fone de ouvido: balanceado -5,8 dB, +6 dB, +17,8 dB; termina\u00e7\u00e3o \u00fanica -11,8 dB, 0 dB, +11,8 dB<br \/>\nOpera\u00e7\u00e3o: amplificador de pot\u00eancia IC propriet\u00e1rio totalmente balanceado<br \/>\nEntradas de alimenta\u00e7\u00e3o: centro do conector CC positivo de 5,5\/2,5 mm; conector DC FPL propriet\u00e1rio de 4 pinos (FPL)<br \/>\nEntradas anal\u00f3gicas: RCA (n\u00edvel de consumidor; op\u00e7\u00e3o Pro com atualiza\u00e7\u00e3o futura de software)<br \/>\nEntradas digitais: USB-C (MQA, at\u00e9 PCM 32 bits\/384 kHz, DSD256, DoP128); Coaxial S\/PDIF (MQA, at\u00e9 PCM 24 bits\/192 kHz, DoP64); S\/PDIF \u00f3ptico (MQA, at\u00e9 PCM 24 bits\/96 kHz garantido, deve funcionar at\u00e9 PCM 24 bits\/192 kHz e DoP64 \u2013 depende do cabo \u00f3ptico e do transmissor do usu\u00e1rio)<br \/>\nChip DAC: ESS Sabre ES9028PRO<br \/>\nTaxas de amostragem PCM: 44,1 \/ 48 \/ 88,2 \/ 96 \/ 176,4 \/ 192 \/ 352,8 \/ 384 kHz<br \/>\nTaxas de amostragem DSD: 2,8224 \/ 3,072 \/ 5,6448 \/ 6,144 \/ 11,2896 \/ 12,288 MHz<br \/>\nMQA: decodificador e renderizador (entradas USB, OPTO e COAX)<br \/>\nResolu\u00e7\u00e3o DAC : PCM para cima para 384k@32 bits; DSD at\u00e9 256 (11,2 MHz \/ 12,2 MHz)<br \/>\nSa\u00eddas para fone de ouvido: 4,4 mm balanceadas (TRRRS); sa\u00eddas de linha n\u00e3o balanceadas de 6,35 mm (TRS)<br \/>\n: XLR balanceado; RCA n\u00e3o balanceado (ambos no n\u00edvel do consumidor; Pro com atualiza\u00e7\u00e3o futura de software)<br \/>\nControle de volume: anal\u00f3gico com op\u00e7\u00e3o de bypass (bypass apenas para sa\u00eddas de linha)<br \/>\nResposta de frequ\u00eancia: 10 Hz \u2013 30 kHz (+\/- 0,05 dB); 10 Hz \u2013 &gt; 200 kHz (+\/- 1 dB)<br \/>\nPot\u00eancia de sa\u00edda n\u00e3o balanceada: 300 mW em 300 \u03a9; 1,7 W em 50 \u03a9<br \/>\nPot\u00eancia de sa\u00edda balanceada: 1,2 W em 300 \u03a9; 6,1 W em 50 \u03a9<br \/>\nTHD em sa\u00edda balanceada: &lt; 0,00018% \/ -115 dB, 1 mW em 16 \u03a9; &lt; 0,00018% \/ -115 dB, 100 mW em 16 \u03a9 THD em sa\u00edda n\u00e3o balanceada: &lt; 0,00032% \/ -110 dB, 1 mW em 16 \u03a9; &lt; 0,00057% \/ -105 dB, 100 mW em 16 \u03a9 Faixa din\u00e2mica anal\u00f3gica: 130 dB (ponderada A) Faixa din\u00e2mica digital: 120 dB (ponderada A) Imped\u00e2ncia de entrada: 47 k\u03a9 Imped\u00e2ncia de sa\u00edda n\u00e3o balanceada: 22 \u03a9 no pr\u00e9-amplificador Imped\u00e2ncia de sa\u00edda balanceada: 44 \u03a9 no pr\u00e9-amplificador Imped\u00e2ncia de sa\u00edda Fones de ouvido: &lt; 0,3 \u03a9 Consumo de energia: inativo &lt;15 W Adaptador de energia: 100-240 VAC a 22-30 VDC Dimens\u00f5es (L x P x A): 21,7 cm x 20,6 cm x 5 cm \/ 8,6&#8243; x 8,1&#8243; x 2,0&#8243; Peso: 1,8 kg \/ 3,97 lbs<\/p>\n","protected":false},"excerpt":{"rendered":"<p>Descri\u00e7\u00e3o ERCO fone de ouvido totalmente balanceado DAC\/AMP Design propriet\u00e1rio de amplificador de pot\u00eancia IC Entradas digitais propriet\u00e1rias otimizadas para \u00e1udio Renderiza\u00e7\u00e3o e decodifica\u00e7\u00e3o MQA otimizada propriet\u00e1ria para chip ARM Conector Ferrum propriet\u00e1rio de 4 pinos para HYPSOS Sa\u00eddas de fone de ouvido balanceadas de 4,4 mm e n\u00e3o balanceadas de 6,35 mm Sa\u00eddas de [&hellip;]<\/p>\n","protected":false},"featured_media":16429,"template":"","meta":{"_acf_changed":false},"product_brand":[],"product_cat":[89,43,41,224,107],"product_tag":[],"class_list":{"0":"post-16420","1":"product","2":"type-product","3":"status-publish","4":"has-post-thumbnail","6":"product_cat-acessorios","7":"product_cat-dac","8":"product_cat-digital","9":"product_cat-ferrum","10":"product_cat-fones-de-ouvido","12":"first","13":"instock","14":"sold-individually","15":"shipping-taxable","16":"purchasable","17":"product-type-simple"},"acf":[],"aioseo_notices":[],"_links":{"self":[{"href":"https:\/\/hificlub.com.br\/loja\/wp-json\/wp\/v2\/product\/16420","targetHints":{"allow":["GET"]}}],"collection":[{"href":"https:\/\/hificlub.com.br\/loja\/wp-json\/wp\/v2\/product"}],"about":[{"href":"https:\/\/hificlub.com.br\/loja\/wp-json\/wp\/v2\/types\/product"}],"wp:featuredmedia":[{"embeddable":true,"href":"https:\/\/hificlub.com.br\/loja\/wp-json\/wp\/v2\/media\/16429"}],"wp:attachment":[{"href":"https:\/\/hificlub.com.br\/loja\/wp-json\/wp\/v2\/media?parent=16420"}],"wp:term":[{"taxonomy":"product_brand","embeddable":true,"href":"https:\/\/hificlub.com.br\/loja\/wp-json\/wp\/v2\/product_brand?post=16420"},{"taxonomy":"product_cat","embeddable":true,"href":"https:\/\/hificlub.com.br\/loja\/wp-json\/wp\/v2\/product_cat?post=16420"},{"taxonomy":"product_tag","embeddable":true,"href":"https:\/\/hificlub.com.br\/loja\/wp-json\/wp\/v2\/product_tag?post=16420"}],"curies":[{"name":"wp","href":"https:\/\/api.w.org\/{rel}","templated":true}]}}