{"id":16401,"date":"2024-07-14T22:12:04","date_gmt":"2024-07-15T01:12:04","guid":{"rendered":"https:\/\/hificlub.com.br\/loja\/?post_type=product&#038;p=16401"},"modified":"2026-01-13T20:29:47","modified_gmt":"2026-01-13T23:29:47","slug":"ferrum-oor-amplificador-de-fone-de-ouvido","status":"publish","type":"product","link":"https:\/\/hificlub.com.br\/loja\/produto\/ferrum-oor-amplificador-de-fone-de-ouvido\/","title":{"rendered":"FERRUM OOR Amplificador de Fone de Ouvido"},"content":{"rendered":"<p>O Ferrum OOR \u00e9 um amplificador \u00fanico, afastando-se dos designs baseados em IC opamp de muitos amplificadores de or\u00e7amento e tamb\u00e9m das topologias mais simples de muitos amplificadores discretos, em vez de oferecer uma topologia discreta baseada em opamp, agregando uma enorme quantidade de pot\u00eancia em um pacote pequeno, com excelente desempenho no topo.<\/p>\n<p>O Ferrum HYPSOS Hybrid Power System e o amplificador de fone de ouvido OOR correspondente da Ferrum (testado abaixo) s\u00e3o ambos fabricados na Pol\u00f4nia pela mesma empresa (HEM) que distribui cabos Clarus na Pol\u00f4nia e at\u00e9 recentemente fabricava produtos Mytek.<\/p>\n<p>Em seu site, a Ferrum Audio diz que o HYPSOS \u00e9 seu primeiro produto, chamando-o de &#8220;sistema de energia h\u00edbrido linear\/comutado&#8221; que aceita entrada de 110\u2013240 V CA e pode produzir uma tens\u00e3o CC selecion\u00e1vel pelo usu\u00e1rio de 5 V a 30 V em at\u00e9 6 A. . Seu pre\u00e7o \u00e9 de $ 1195.<\/p>\n<p>Em seu site, a Ferrum afirma que seu design h\u00edbrido oferece \u201co melhor em comuta\u00e7\u00e3o e suprimentos lineares\u201d. Por e-mail, Roy Feldstein da VANA (distribuidor da Ferrum nos EUA) explicou a escolha da Ferrum de tornar o HYPSOS um design h\u00edbrido: &#8220;Os reguladores lineares t\u00eam baixa ondula\u00e7\u00e3o e ru\u00eddo, bem como resposta r\u00e1pida a transientes. As fontes de alimenta\u00e7\u00e3o chaveadas t\u00eam maior efici\u00eancia. A Ferrum queria tudo. &#8221;<\/p>\n<p>A equipe de engenharia da HEM\/Ferrum me disse por e-mail que o projeto da fonte HYPSOS come\u00e7a com um filtro de entrada redutor de ru\u00eddo para limpar a CA de entrada. Isso \u00e9 seguido por um transformador abaixador, que alimenta diodos Schottky e quatro capacitores eletrol\u00edticos de 4700\u00b5F (para suaviza\u00e7\u00e3o e armazenamento). Isso tudo \u00e9 bastante normal. Depois disso \u00e9 que fica interessante.<\/p>\n<p>Projeto<br \/>\nO OOR re\u00fane alguns aspectos de design n\u00e3o vistos em quase nenhum outro lugar, tanto dentro quanto fora da caixa. O que mais chama a aten\u00e7\u00e3o \u00e9 o quadrado dentro do qual est\u00e1 inserido o logotipo Ferrum &#8216;Fe&#8217;, com acabamento marrom texturizado gra\u00e7as ao a\u00e7o corten com que \u00e9 feita a pe\u00e7a. O a\u00e7o Corten, tamb\u00e9m conhecido como &#8216;a\u00e7o resistente&#8217;, \u00e9 um metal especificamente destinado a enferrujar rapidamente e produzir esta est\u00e9tica. Pessoalmente sou muito f\u00e3!<\/p>\n<p>Na parte traseira h\u00e1 tamb\u00e9m um conector de alimenta\u00e7\u00e3o de quatro pinos, al\u00e9m da entrada cil\u00edndrica DC padr\u00e3o, que se destina \u00e0 conex\u00e3o \u00e0 fonte de alimenta\u00e7\u00e3o HYPSOS. Isso permite que o HYPSOS detecte e corrija a tens\u00e3o de alimenta\u00e7\u00e3o na pr\u00f3pria PCB do OOR, em vez de na termina\u00e7\u00e3o do cabo de alimenta\u00e7\u00e3o.<\/p>\n<p>Abrindo o amplificador, vemos um design de PCB bastante movimentado, resultado da abordagem interna de amplificador operacional discreto que a Ferrum adotou em contraste com outros produtos que usam CIs (chips) de amplificador operacional prontos ou aqueles que usam topologias mais simples, como muitos Classe Amplificadores que podem usar poucos componentes em muitos casos.<\/p>\n<p>O amplificador \u00e9 totalmente balanceado e diferencial. Os sinais de entrada de termina\u00e7\u00e3o \u00fanica s\u00e3o imediatamente convertidos em sinais balanceados, em vez de apenas usar um caminho de sinal de termina\u00e7\u00e3o \u00fanica, e assim como as pr\u00f3prias sa\u00eddas de fone de ouvido, o OOR tamb\u00e9m possui sa\u00eddas de pr\u00e9-amplificador de termina\u00e7\u00e3o \u00fanica e balanceadas para uso com outros amplificadores ou como parte de um sistema de escuta de dois canais. Embora compacto e funcionando apenas levemente quente quando ocioso, consumindo apenas 15W, quando a situa\u00e7\u00e3o exige, o OOR pode fornecer at\u00e9 pouco menos de 9W em 32 Ohms e mant\u00e9m uma distor\u00e7\u00e3o muito baixa nos primeiros 7W ou mais. Quanto ao som, d\u00ea uma olhada na an\u00e1lise do v\u00eddeo abaixo para descobrir!<\/p>\n<p>As medidas incluem:<br \/>\nTHD+N (SINAD)<br \/>\nLargura de banda<br \/>\nTHD+N vs Frequ\u00eancia<br \/>\nPoder<br \/>\nImped\u00e2ncia de sa\u00edda<br \/>\nCMRR (taxa de rejei\u00e7\u00e3o de modo comum)<br \/>\nComportamento de ligar\/desligar (teste de seguran\u00e7a)<br \/>\nCorrespond\u00eancia de volume versus n\u00edvel de atenua\u00e7\u00e3o<br \/>\nN\u00edvel de ru\u00eddo<br \/>\nDistor\u00e7\u00e3o de Intermodula\u00e7\u00e3o (IMD)<br \/>\nDistor\u00e7\u00e3o de Intermodula\u00e7\u00e3o Din\u00e2mica (DIM)<br \/>\nConversa cruzada<br \/>\nMultitom<br \/>\nSa\u00edda de onda quadrada<br \/>\nMedi\u00e7\u00f5es adicionais e informa\u00e7\u00f5es de teste dispon\u00edveis no relat\u00f3rio completo<\/p>\n<p>Testes realizados com entrada XLR de n\u00edvel de linha padr\u00e3o de 4 V e testados em sa\u00edda de 4 V\/ganho unit\u00e1rio, sa\u00edda de 700 mV (n\u00edvel de fone de ouvido) e sa\u00edda de 50 mV (n\u00edvel IEM).<\/p>\n<p>Configura\u00e7\u00e3o de teste<br \/>\nAnalisador Audio Precision APx555 S\u00e9rie B<br \/>\nA configura\u00e7\u00e3o de medi\u00e7\u00e3o e o dispositivo em teste est\u00e3o funcionando com alimenta\u00e7\u00e3o regulada de 230 V de um Furman SPR-16-Ei<br \/>\nOOR foi aquecido por 12 horas antes do teste<br \/>\nGanho m\u00e9dio usado, salvo especifica\u00e7\u00e3o em contr\u00e1rio<br \/>\nOs testes mostrados s\u00e3o com uma carga de 32\u03a9, salvo especifica\u00e7\u00e3o em contr\u00e1rio<br \/>\nAs configura\u00e7\u00f5es exatas do analisador\/filtro para cada medi\u00e7\u00e3o s\u00e3o detalhadas nos relat\u00f3rios completos<br \/>\nCH1 (Azul) = Esquerda, CH2 (Vermelho) = Direita<\/p>\n","protected":false},"excerpt":{"rendered":"<p>O Ferrum OOR \u00e9 um amplificador \u00fanico, afastando-se dos designs baseados em IC opamp de muitos amplificadores de or\u00e7amento e tamb\u00e9m das topologias mais simples de muitos amplificadores discretos, em vez de oferecer uma topologia discreta baseada em opamp, agregando uma enorme quantidade de pot\u00eancia em um pacote pequeno, com excelente desempenho no topo. O [&hellip;]<\/p>\n","protected":false},"featured_media":16410,"template":"","meta":{"_acf_changed":false},"product_brand":[],"product_cat":[89,224,107],"product_tag":[],"class_list":{"0":"post-16401","1":"product","2":"type-product","3":"status-publish","4":"has-post-thumbnail","6":"product_cat-acessorios","7":"product_cat-ferrum","8":"product_cat-fones-de-ouvido","10":"first","11":"instock","12":"sold-individually","13":"shipping-taxable","14":"purchasable","15":"product-type-simple"},"acf":[],"aioseo_notices":[],"_links":{"self":[{"href":"https:\/\/hificlub.com.br\/loja\/wp-json\/wp\/v2\/product\/16401","targetHints":{"allow":["GET"]}}],"collection":[{"href":"https:\/\/hificlub.com.br\/loja\/wp-json\/wp\/v2\/product"}],"about":[{"href":"https:\/\/hificlub.com.br\/loja\/wp-json\/wp\/v2\/types\/product"}],"wp:featuredmedia":[{"embeddable":true,"href":"https:\/\/hificlub.com.br\/loja\/wp-json\/wp\/v2\/media\/16410"}],"wp:attachment":[{"href":"https:\/\/hificlub.com.br\/loja\/wp-json\/wp\/v2\/media?parent=16401"}],"wp:term":[{"taxonomy":"product_brand","embeddable":true,"href":"https:\/\/hificlub.com.br\/loja\/wp-json\/wp\/v2\/product_brand?post=16401"},{"taxonomy":"product_cat","embeddable":true,"href":"https:\/\/hificlub.com.br\/loja\/wp-json\/wp\/v2\/product_cat?post=16401"},{"taxonomy":"product_tag","embeddable":true,"href":"https:\/\/hificlub.com.br\/loja\/wp-json\/wp\/v2\/product_tag?post=16401"}],"curies":[{"name":"wp","href":"https:\/\/api.w.org\/{rel}","templated":true}]}}