{"id":16385,"date":"2024-07-14T10:50:11","date_gmt":"2024-07-14T13:50:11","guid":{"rendered":"https:\/\/hificlub.com.br\/loja\/?post_type=product&#038;p=16385"},"modified":"2026-01-04T15:03:17","modified_gmt":"2026-01-04T18:03:17","slug":"ferrum-wandla-preamp-dsd-dac","status":"publish","type":"product","link":"https:\/\/hificlub.com.br\/loja\/produto\/ferrum-wandla-preamp-dsd-dac\/","title":{"rendered":"FERRUM WANDLA  DSD MQA DAC Preamp"},"content":{"rendered":"<p>Com WANDLA, a equipe da Ferrum Audio est\u00e1 fazendo uma declara\u00e7\u00e3o para a atual e a pr\u00f3xima gera\u00e7\u00e3o de amantes da m\u00fasica. WANDLA representa o padr\u00e3o de amanh\u00e3 de convers\u00e3o digital para anal\u00f3gico de ponta. Pense no WANDLA como um carro de corrida de F\u00f3rmula 1. Assim como a equipe de construtores da F1 construindo o melhor carro de corrida, a Ferrum criou o melhor motor para o The Converter.<\/p>\n<p>Vencedor do pr\u00eamio DAC do ano em 2023 do The HEADPHONE Show &#8211; concedido ao melhor lan\u00e7amento DAC do ano.<br \/>\nO \u00e1udio de \u00faltima gera\u00e7\u00e3o de amanh\u00e3, hoje<br \/>\nComo The Converter WANDLA lidera o caminho para o topo de gama de amanh\u00e3 em n\u00edveis de pre\u00e7os provis\u00f3rios. WANDLA oferece qualidade de \u00e1udio emblem\u00e1tica a um pre\u00e7o sem precedentes.<\/p>\n<p>Destaques<br \/>\nWANDLA DAC \/ PREAMP totalmente balanceado<br \/>\nDesign propriet\u00e1rio de amplificador de pot\u00eancia IC<br \/>\nEntradas digitais propriet\u00e1rias otimizadas para \u00e1udio (USB-C, S\/PDIF \u00f3ptico e coaxial, ARC, I2S, AES\/EBU)<br \/>\nRenderiza\u00e7\u00e3o e decodifica\u00e7\u00e3o MQA\u00ae otimizada propriet\u00e1ria para chip ARM<br \/>\nFiltros propriet\u00e1rios do HQ Player (oito no total, tr\u00eas acess\u00edveis no lan\u00e7amento)<br \/>\nConector Ferrum propriet\u00e1rio de 4 pinos para HYPSOS<br \/>\nSa\u00eddas de linha XLR balanceadas e RCA n\u00e3o balanceadas<br \/>\nControle de volume digital e anal\u00f3gico<br \/>\nEES Sabre ES9038PRO com sete configura\u00e7\u00f5es de filtro<br \/>\nConvers\u00e3o DA bem ajustada<br \/>\nWANDLA \u00e9 a personifica\u00e7\u00e3o do know-how digital da Ferrum e de sua tecnologia de \u00e1udio e el\u00e9trica anal\u00f3gica desenvolvida internamente. O conversor de corrente para tens\u00e3o (I\/V) ESS Sabre ES9038PRO \u00e9 ajustado para funcionar ao m\u00e1ximo.<\/p>\n<p>ARM otimizado<br \/>\nO chip ARM otimizado oferece o caminho de sinal mais curto poss\u00edvel, tornando 5 chips redundantes. Inclui decodificador e renderizador MQA\u00ae.<\/p>\n<p>Filtragem Digital Din\u00e2mica<br \/>\nWANDLA tem sete filtros digitais ESS para escolher como padr\u00e3o e, como novidade mundial, permite que seu p\u00fablico vote no melhor de um total de oito filtros WANDLA, criados para a Ferrum pelo renomado fabricante de filtros HQ Player<\/p>\n<p>Entradas digitais otimizadas<br \/>\nUSB especialmente programado e portas S\/PDIF coaxiais e \u00f3pticas sintonizadas, ARC (TV) e I2S, otimizadas para \u00e1udio<\/p>\n<p>Verdadeiramente Equilibrado<br \/>\nO caminho do sinal permanece verdadeiramente equilibrado usando as entradas XLR e torna-se verdadeiramente equilibrado usando as entradas RCA.<\/p>\n<p>Transpar\u00eancia aprimorada<br \/>\nTodo o design \u00e9 focado em uma assinatura sonora equilibrada e muito transparente, tornando o cansa\u00e7o auditivo algo do passado.<\/p>\n<p>Feito para HIPSOS<br \/>\nEmbora o WANDLA tenha um desempenho muito bom assim que sai da caixa, ele \u00e9 feito para se destacar muito quando usado em conjunto com o HYPSOS. Usando a conex\u00e3o propriet\u00e1ria Ferrum Power Link (FPL), ambos os componentes ter\u00e3o o desempenho m\u00e1ximo, liberando uma musicalidade in\u00e9dita<\/p>\n<p>Design exclusivo do cabo de sa\u00edda: dois fios que fornecem energia e dois fios que fornecem feedback para garantir tens\u00e3o plana em todos os momentos. Chamamos essa t\u00e9cnica de Ferrum Power Link (FPL) e ela elimina os efeitos nocivos da resist\u00eancia do cabo, melhorando efetivamente a resposta transit\u00f3ria. A velocidade de entrega atual na entrada do dispositivo alimentado \u00e9 significativamente melhorada.<\/p>\n<p>WANDLA vem com um adaptador de energia DC cuidadosamente selecionado. Para aproveitar ao m\u00e1ximo o WANDLA, voc\u00ea pode conect\u00e1-lo ao HYPSOS usando nosso cabo de alimenta\u00e7\u00e3o CC propriet\u00e1rio Ferrum Power Link. Este cabo FPL pode ser encomendado separadamente.<\/p>\n<p>Especifica\u00e7\u00f5es<\/p>\n<p>Opera\u00e7\u00e3o: Amplificador de pot\u00eancia IC propriet\u00e1rio totalmente balanceado<br \/>\nChip DAC: ESS Sabre ES9038PRO<br \/>\nResolu\u00e7\u00e3o DAC: 768k\/32 bits, DSD 256<br \/>\nEntradas digitais:<\/p>\n<p>AES\/EBU (at\u00e9 196 kHz\/24 bits, DoP 64)<br \/>\nS\/PDIF \u00f3ptico (at\u00e9 24 bits)<br \/>\nS\/PDIF coaxial (at\u00e9 192 kHz\/24 bits, DoP 64)<br \/>\nUSB-C (at\u00e9 768 kHz\/32 bits, DSD 256)<br \/>\nARC (at\u00e9 192 kHz\/24 bits), entrada de TV com CEC<br \/>\nI2S (at\u00e9 768 kHz\/32 bits, DSD 256), compat\u00edvel com PS Audio\u00ae<\/p>\n<p>MQA\u00ae: decodificador e renderizador (em todas as entradas digitais)<br \/>\nEntradas anal\u00f3gicas: RCA<br \/>\nEntrada anal\u00f3gica Vmax: 9,5 V RMS (recomenda-se 2 \u2013 3,5 V RMS)<br \/>\nImp de entrada anal\u00f3gica: 47 k\u03a9<br \/>\nSa\u00eddas de linha: XLR balanceada; RCA desbalanceada<br \/>\nControle de volume: anal\u00f3gico com op\u00e7\u00e3o de bypass \/ digital somente para opera\u00e7\u00e3o DAC<br \/>\nN\u00edvel de sa\u00edda: @0dBFS, 1 kHz senoidal 9,3 V RMS balanceada, 4,65 V RMS desbalanceada<br \/>\nResposta de frequ\u00eancia: 10 Hz \u2013 200 kHz +\/- 0,1 dB entradas anal\u00f3gicas<br \/>\nDAC THD: -121 dB (0,00009%); THD+N: -115 dB (n\u00e3o ponderado) Entrada<br \/>\nanal\u00f3gica THD: -123 dB @ 2 V RMS n\u00edvel de sa\u00edda<br \/>\nFaixa din\u00e2mica anal\u00f3gica: 127 dB (ponderada A)<br \/>\nalcance digital: 127dB (ponderado A)<br \/>\nDiafonia: -120dB para 1kHz, melhor que -100dB para 20Hz -20kHz<br \/>\nImped\u00e2ncia de sa\u00edda: 22\u03a9 desbalanceado<br \/>\nImped\u00e2ncia de sa\u00edda: 44\u03a9 balanceado<br \/>\nConsumo de energia: 10W ocioso \/ 15W m\u00e1x.<br \/>\nEntradas de energia: conector CC de 5,5\/2,5 mm centro positivo propriet\u00e1rio FPL Conector CC de 4 pinos (FPL) 22-30VDC<br \/>\nAdaptador de energia: 100-240 VCA a 24 VCC<br \/>\nDimens\u00f5es (LxPxA): 21,7 x 20,6 x 5 cm; 8,6 x 8,1 x 2,0 polegadas<br \/>\nPeso: 1,8 kg; 3,97 lbs<\/p>\n","protected":false},"excerpt":{"rendered":"<p>Com WANDLA, a equipe da Ferrum Audio est\u00e1 fazendo uma declara\u00e7\u00e3o para a atual e a pr\u00f3xima gera\u00e7\u00e3o de amantes da m\u00fasica. WANDLA representa o padr\u00e3o de amanh\u00e3 de convers\u00e3o digital para anal\u00f3gico de ponta. Pense no WANDLA como um carro de corrida de F\u00f3rmula 1. Assim como a equipe de construtores da F1 construindo [&hellip;]<\/p>\n","protected":false},"featured_media":16386,"template":"","meta":{"_acf_changed":false},"product_brand":[],"product_cat":[43,41,224],"product_tag":[],"class_list":{"0":"post-16385","1":"product","2":"type-product","3":"status-publish","4":"has-post-thumbnail","6":"product_cat-dac","7":"product_cat-digital","8":"product_cat-ferrum","10":"first","11":"instock","12":"sold-individually","13":"shipping-taxable","14":"purchasable","15":"product-type-simple"},"acf":[],"aioseo_notices":[],"_links":{"self":[{"href":"https:\/\/hificlub.com.br\/loja\/wp-json\/wp\/v2\/product\/16385","targetHints":{"allow":["GET"]}}],"collection":[{"href":"https:\/\/hificlub.com.br\/loja\/wp-json\/wp\/v2\/product"}],"about":[{"href":"https:\/\/hificlub.com.br\/loja\/wp-json\/wp\/v2\/types\/product"}],"wp:featuredmedia":[{"embeddable":true,"href":"https:\/\/hificlub.com.br\/loja\/wp-json\/wp\/v2\/media\/16386"}],"wp:attachment":[{"href":"https:\/\/hificlub.com.br\/loja\/wp-json\/wp\/v2\/media?parent=16385"}],"wp:term":[{"taxonomy":"product_brand","embeddable":true,"href":"https:\/\/hificlub.com.br\/loja\/wp-json\/wp\/v2\/product_brand?post=16385"},{"taxonomy":"product_cat","embeddable":true,"href":"https:\/\/hificlub.com.br\/loja\/wp-json\/wp\/v2\/product_cat?post=16385"},{"taxonomy":"product_tag","embeddable":true,"href":"https:\/\/hificlub.com.br\/loja\/wp-json\/wp\/v2\/product_tag?post=16385"}],"curies":[{"name":"wp","href":"https:\/\/api.w.org\/{rel}","templated":true}]}}