{"id":16237,"date":"2024-07-07T08:08:00","date_gmt":"2024-07-07T11:08:00","guid":{"rendered":"https:\/\/hificlub.com.br\/loja\/?post_type=product&#038;p=16237"},"modified":"2026-03-03T22:18:30","modified_gmt":"2026-03-04T01:18:30","slug":"marantz-cd60","status":"publish","type":"product","link":"https:\/\/hificlub.com.br\/loja\/produto\/marantz-cd60\/","title":{"rendered":"MARANTZ CD60 Premium CD Player"},"content":{"rendered":"<p>Design ic\u00f4nico para entusiastas de CDs modernos<br \/>\nConstru\u00eddo com materiais de alta qualidade e Sound Master ajustado para inspirar os ouvintes a descobrir novos detalhes em seus CDs favoritos.<br \/>\nDesfrute da sua querida cole\u00e7\u00e3o de CDs com som de qualidade audi\u00f3fila usando o CD Player preto CD 60 da Marantz . Muitos est\u00e3o redescobrindo a experi\u00eancia sensorial plena e tang\u00edvel que somente a m\u00eddia f\u00edsica pode proporcionar. A Marantz faz parte da hist\u00f3ria do CD desde o in\u00edcio e emprega sua experi\u00eancia em engenharia de \u00e1udio com o CD 60. Comparado com o CD6007, este player oferece circuitos HDAM aprimorados e amplificador de fone de ouvido HDAM-SA2 e um DAC de alta resolu\u00e7\u00e3o. Os resultados s\u00e3o um som mais puro com menor distor\u00e7\u00e3o, maior faixa din\u00e2mica e maior clareza e detalhes. A bandeja de carregamento frontal pode acomodar CDs de \u00e1udio e discos CD-R\/RW preenchidos com arquivos WMA ou MP3.<\/p>\n<p>Reprodu\u00e7\u00e3o USB<br \/>\nUma porta USB tipo A integrada permite que voc\u00ea reproduza \u00e1udio digital de suas unidades port\u00e1teis.<\/p>\n<p>Compatibilidade<br \/>\nTipos de disco suportados CD, CD-R, CD-RW<br \/>\nFormatos suportados MP3, WMA<br \/>\nEm geral<br \/>\nResposta de Frequ\u00eancia 2Hz a 20kHz<br \/>\nDAC ES9016K2M<br \/>\nFaixa din\u00e2mica 101 dB (CD)<br \/>\n118 dB (PCM)<br \/>\n110 dB (DSD)<br \/>\nA rela\u00e7\u00e3o sinal-ru\u00eddo 118 dB (CD)<br \/>\n110 dB (DSD)<br \/>\n118 dB (PCM)<br \/>\nDistor\u00e7\u00e3o Harm\u00f4nica Total (THD) 0,002%<br \/>\n0,0015% (CD)<br \/>\n0,0006% (DSD)<br \/>\n0,0005% (PCM de 24 bits)<br \/>\nSepara\u00e7\u00e3o de canais 98 dB<br \/>\nN\u00famero de canais 2<br \/>\nConex\u00f5es<br \/>\nSa\u00eddas de \u00e1udio 1 x RCA Est\u00e9reo (L\/R)<br \/>\n1 x TOSLINK \u00d3ptico<br \/>\n1 x Digital Coaxial<br \/>\n1 x 1\/4\u2033 \/ 6,35 mm Auscultadores<br \/>\nOutras E\/S 1 x entrada USB tipo A<br \/>\nFisica<br \/>\nCapacidade do disco 1<br \/>\nDimens\u00f5es (L x A x P) 17,4 x 5,1 x 15,6\u2033 \/ 44,2 x 13 x 39,6 cm<br \/>\nPeso 16,5 lb \/ 7,5 kg<\/p>\n","protected":false},"excerpt":{"rendered":"<p>Design ic\u00f4nico para entusiastas de CDs modernos Constru\u00eddo com materiais de alta qualidade e Sound Master ajustado para inspirar os ouvintes a descobrir novos detalhes em seus CDs favoritos. Desfrute da sua querida cole\u00e7\u00e3o de CDs com som de qualidade audi\u00f3fila usando o CD Player preto CD 60 da Marantz . Muitos est\u00e3o redescobrindo a [&hellip;]<\/p>\n","protected":false},"featured_media":16238,"template":"","meta":{"_acf_changed":false},"product_brand":[],"product_cat":[42,41,92],"product_tag":[],"class_list":{"0":"post-16237","1":"product","2":"type-product","3":"status-publish","4":"has-post-thumbnail","6":"product_cat-cd-players","7":"product_cat-digital","8":"product_cat-marantz","10":"first","11":"instock","12":"sold-individually","13":"shipping-taxable","14":"purchasable","15":"product-type-simple"},"acf":[],"aioseo_notices":[],"_links":{"self":[{"href":"https:\/\/hificlub.com.br\/loja\/wp-json\/wp\/v2\/product\/16237","targetHints":{"allow":["GET"]}}],"collection":[{"href":"https:\/\/hificlub.com.br\/loja\/wp-json\/wp\/v2\/product"}],"about":[{"href":"https:\/\/hificlub.com.br\/loja\/wp-json\/wp\/v2\/types\/product"}],"wp:featuredmedia":[{"embeddable":true,"href":"https:\/\/hificlub.com.br\/loja\/wp-json\/wp\/v2\/media\/16238"}],"wp:attachment":[{"href":"https:\/\/hificlub.com.br\/loja\/wp-json\/wp\/v2\/media?parent=16237"}],"wp:term":[{"taxonomy":"product_brand","embeddable":true,"href":"https:\/\/hificlub.com.br\/loja\/wp-json\/wp\/v2\/product_brand?post=16237"},{"taxonomy":"product_cat","embeddable":true,"href":"https:\/\/hificlub.com.br\/loja\/wp-json\/wp\/v2\/product_cat?post=16237"},{"taxonomy":"product_tag","embeddable":true,"href":"https:\/\/hificlub.com.br\/loja\/wp-json\/wp\/v2\/product_tag?post=16237"}],"curies":[{"name":"wp","href":"https:\/\/api.w.org\/{rel}","templated":true}]}}