{"id":1623,"date":"2023-10-17T19:56:58","date_gmt":"2023-10-17T22:56:58","guid":{"rendered":"https:\/\/hificlub.com.br\/loja2\/produto\/audiopax-model-5-a4\/"},"modified":"2026-04-22T03:24:18","modified_gmt":"2026-04-22T06:24:18","slug":"audiopax-model-5-a4","status":"publish","type":"product","link":"https:\/\/hificlub.com.br\/loja\/produto\/audiopax-model-5-a4\/","title":{"rendered":"AUDIOPAX MODEL 5 a4"},"content":{"rendered":"<p class=\"texto\">Os pr\u00e9-amplificadores\u00a0<b>Audiopax<\/b>\u00a0redefinem o papel desses componentes em um sistema de \u00e1udio, materializando de forma direta e control\u00e1vel o conceito de \u201csinergia\u201d entre seus componentes. S\u00e3o os \u00fanicos pr\u00e9 amplificadores do mundo a agregarem a tecnologia\u00a0<b>Timbre Lock\u00ae<\/b>, permitindo o ajuste de m\u00ednima distor\u00e7\u00e3o percebida em um sistema como um todo e durante a pr\u00f3pria audi\u00e7\u00e3o, fugindo do conceito convencional de medidas em componentes isolados. Devido a isso sua inclus\u00e3o em sistemas \u00e9 muitas vezes descrita como \u201cm\u00e1gica\u201d, revelando todas nuances, din\u00e2micas, inten\u00e7\u00f5es e emo\u00e7\u00f5es da m\u00fasica e dos m\u00fasicos, algo normalmente apenas presente em apresenta\u00e7\u00f5es ao vivo.<\/p>\n<p class=\"texto\">Outras caracter\u00edsticas e inova\u00e7\u00f5es contribuem tamb\u00e9m para a m\u00e1xima performance dos sistemas em que s\u00e3o inseridos: a absoluta falta de realimenta\u00e7\u00e3o, uma in\u00e9dita e exclusiva topologia \u00e0 Mosfet onde este elemento efetivamente \u00e9 utilizado com caracter\u00edsticas muito mais pr\u00f3ximas \u00e0s de v\u00e1lvulas (muitos clientes consideram a inclus\u00e3o de um pr\u00e9-amplificador\u00a0<b>Audiopax<\/b>\u00a0como a de um elemento \u201cvalvulado\u201d em seus sistemas) e um inovativo uso de cargas indutivas (ao contr\u00e1rio das convencionais cargas resistivas), onde a din\u00e2mica final percebida \u00e9 al\u00e7ada \u00e0 n\u00edveis dificilmente alcan\u00e7\u00e1veis por qualquer outro pr\u00e9-amplificador do mercado. N\u00e3o \u00e9 \u00e0 toa que o\u00a0<b>Model 5<\/b>\u00a0acumula um impressionante n\u00famero de excelentes reviews, pr\u00eamios e \u201cBest of the Show\u201d nas principais feiras de \u00e1udio do mundo.<\/p>\n<p class=\"texto\">Resposta de frequ\u00eancia extensa, resolu\u00e7\u00e3o em baixo n\u00edvel excepcional, din\u00e2mica visceral e uma tremenda imunidade \u00e0 varia\u00e7\u00f5es de carga. Apuro e inova\u00e7\u00f5es elevam nossos pr\u00e9-amplificadores \u00e0 categoria de refer\u00eancia.<\/p>\n<p class=\"texto\">O\u00a0<b>Model 5 A4<\/b>\u00a0foi pela primeira vez apresentado na feira\u00a0<b>&#8220;HiFi DeLuxe&#8221;<\/b>\u00a0de Munich em 2014, onde recebemos o\u00a0<b>&#8220;Gold Show Award &#8211; Best Sound&#8221;<\/b>\u00a0concedido pela AV Showrooms. Al\u00e9m disto fomos tamb\u00e9m considerados pela\u00a0<b>6Moons<\/b>\u00a0como a melhor sala da feira! Veja os\u00a0<i>coment\u00e1rios<\/i>\u00a0de Srajan Ebaen: &#8220;For my kind of music I thought the sound spectacular. And yes, Jacob George&#8217;s Indian speakers sound best when driven from superior valve gear. Whilst my Nelson Pass SIT amps measure and behave very much like single-ended triodes indeed\u2014their circuit is actually simpler still and lacks an output transformer\u2014sonically they didn&#8217;t quite get the same magic\u2026&#8221;.<\/p>\n<p>Os pr\u00e9-amplificadores AUDIOPAX\u00a0s\u00e3o os \u00fanicos no mundo a ter o exclusivo recurso<br \/>\nTimbre Lock\u00a0\u00ae, um avan\u00e7o verdadeiramente not\u00e1vel na reprodu\u00e7\u00e3o de som,<br \/>\nolhando para o papel do pr\u00e9-amplificador de uma maneira inovadora e permitindo ao usu\u00e1rio obter o<br \/>\ndesempenho mais musical.\u00a0V\u00e1rios outros detalhes ajudam os pr\u00e9-amplificadores\u00a0AUDIOPAX\u00a0a<br \/>\ncontribuir para o melhor desempenho dos sistemas: a absoluta falta de feedback,<br \/>\num circuito MOSFET exclusivo e especialmente desenvolvido com carregamento indutivo e nosso<br \/>\nchassi diamagn\u00e9tico otimizado para baixas resson\u00e2ncias mec\u00e2nicas.<\/p>\n<p>Resposta de frequ\u00eancia estendida, resolu\u00e7\u00e3o de baixo n\u00edvel excepcional, din\u00e2mica realista,<br \/>\nimpulso visceral e uma tremenda imunidade a varia\u00e7\u00f5es de carga, s\u00e3o alguns dos<br \/>\nresultados desses recursos exclusivos.<\/p>\n<p>Sua inclus\u00e3o em um sistema \u00e9 muitas vezes caracterizada como \u201cm\u00e1gica\u201d, apresentando toda<br \/>\na emo\u00e7\u00e3o da m\u00fasica.\u00a0Refinamento e inova\u00e7\u00f5es elevam nossos pr\u00e9-amplificadores \u00e0<br \/>\ncategoria de refer\u00eancia, estando sempre presentes em qualquer lista dos melhores pr\u00e9-amplificadores do mundo.<\/p>\n<p>Resposta de frequ\u00eancia\u00a0: 5 Hz &#8211; 90 kHz (-3 dB)<br \/>\nDistor\u00e7\u00e3o\u00a0: 0,08 % a 2V (ganho m\u00e1x.)<br \/>\nRela\u00e7\u00e3o sinal-ru\u00eddo\u00a0: &gt; 95 dB (pondera\u00e7\u00e3o A) ref.\u00a01V<br \/>\nGanho\u00a0: 23 dB (Alto) \/ 12 dB (Baixo)<br \/>\nEntradas\/Sa\u00eddas\u00a0: 4 x RCA + 1 XLR (pseudo-balanceado) entradas e 2 x RCA + 1 sa\u00eddas XLR pseudo-balanceadas.<br \/>\nImped\u00e2ncia de entrada\u00a0: &gt; 45K ohms<br \/>\nImped\u00e2ncia de sa\u00edda\u00a0: &lt; 1500 ohms (t\u00edpico: 500 ohms)<br \/>\nTens\u00e3o\u00a0de entrada : 110V, 127V, 220V ou 240V<br \/>\nDimens\u00e3o\u00a0(W\/H\/D): 43cm x 12cm x 32cm (chassis) e 20cm x 8cm x 18cm (fonte de alimenta\u00e7\u00e3o)<br \/>\nPeso\u00a0: 6kg (chassis) \/ 2kg (fonte de alimenta\u00e7\u00e3o)<br \/>\nAcabamento\u00a0(laterais): Black piano ou bordeaux<br \/>\nOpcional: Entrada\/sa\u00edda balanceada acoplada a transformador<\/p>\n<h3 class=\"title\"><b>\u00a0<\/b><\/h3>\n","protected":false},"excerpt":{"rendered":"<p>Os pr\u00e9-amplificadores\u00a0Audiopax\u00a0redefinem o papel desses componentes em um sistema de \u00e1udio, materializando de forma direta e control\u00e1vel o conceito de \u201csinergia\u201d entre seus componentes. S\u00e3o os \u00fanicos pr\u00e9 amplificadores do mundo a agregarem a tecnologia\u00a0Timbre Lock\u00ae, permitindo o ajuste de m\u00ednima distor\u00e7\u00e3o percebida em um sistema como um todo e durante a pr\u00f3pria audi\u00e7\u00e3o, fugindo [&hellip;]<\/p>\n","protected":false},"featured_media":42408,"template":"","meta":{"_acf_changed":false},"product_brand":[],"product_cat":[38],"product_tag":[],"class_list":{"0":"post-1623","1":"product","2":"type-product","3":"status-publish","4":"has-post-thumbnail","6":"product_cat-pre-amplificador","8":"first","9":"instock","10":"sold-individually","11":"shipping-taxable","12":"purchasable","13":"product-type-simple"},"acf":[],"aioseo_notices":[],"_links":{"self":[{"href":"https:\/\/hificlub.com.br\/loja\/wp-json\/wp\/v2\/product\/1623","targetHints":{"allow":["GET"]}}],"collection":[{"href":"https:\/\/hificlub.com.br\/loja\/wp-json\/wp\/v2\/product"}],"about":[{"href":"https:\/\/hificlub.com.br\/loja\/wp-json\/wp\/v2\/types\/product"}],"wp:featuredmedia":[{"embeddable":true,"href":"https:\/\/hificlub.com.br\/loja\/wp-json\/wp\/v2\/media\/42408"}],"wp:attachment":[{"href":"https:\/\/hificlub.com.br\/loja\/wp-json\/wp\/v2\/media?parent=1623"}],"wp:term":[{"taxonomy":"product_brand","embeddable":true,"href":"https:\/\/hificlub.com.br\/loja\/wp-json\/wp\/v2\/product_brand?post=1623"},{"taxonomy":"product_cat","embeddable":true,"href":"https:\/\/hificlub.com.br\/loja\/wp-json\/wp\/v2\/product_cat?post=1623"},{"taxonomy":"product_tag","embeddable":true,"href":"https:\/\/hificlub.com.br\/loja\/wp-json\/wp\/v2\/product_tag?post=1623"}],"curies":[{"name":"wp","href":"https:\/\/api.w.org\/{rel}","templated":true}]}}