{"id":16189,"date":"2024-07-05T05:36:08","date_gmt":"2024-07-05T08:36:08","guid":{"rendered":"https:\/\/hificlub.com.br\/loja\/?post_type=product&#038;p=16189"},"modified":"2026-03-03T22:18:30","modified_gmt":"2026-03-04T01:18:30","slug":"velodyne-vi-q-15-15-1200-watts","status":"publish","type":"product","link":"https:\/\/hificlub.com.br\/loja\/produto\/velodyne-vi-q-15-15-1200-watts\/","title":{"rendered":"VELODYNE VI-Q 15  15&#8243;  1200 watts"},"content":{"rendered":"<p>S\u00e9rie VI-Q da Velodyne Acoustics<br \/>\nMulti-talento de baixa frequ\u00eancia com in\u00fameras conex\u00f5es<br \/>\ne tecnologia de ponta<br \/>\nO design do gabinete selado da s\u00e9rie VI-Q apresenta tudo o que faz com que os subwoofers Velodyne Acoustics se destaquem de uma forma moderna. Al\u00e9m disso, os tr\u00eas modelos oferecem uma configura\u00e7\u00e3o de driver particularmente de alta qualidade e o aplicativo iWoofer\u2122, que oferece aos usu\u00e1rios controle total com ajuste de ambiente, um equalizador param\u00e9trico de 25 bandas e predefini\u00e7\u00f5es.<\/p>\n<p>As caracter\u00edsticas<br \/>\nO cone leve de fibra de carbono, em conjunto com a bobina de voz de 3 polegadas, garante um \u00f3timo comportamento de vibra\u00e7\u00e3o parcial com baixos valores de distor\u00e7\u00e3o<br \/>\nAlta pot\u00eancia com amplifica\u00e7\u00e3o Classe D de at\u00e9 650 W RMS com pot\u00eancia m\u00e1xima de 1200 W; fonte de alimenta\u00e7\u00e3o chaveada altamente eficiente com 2 transistores MOSFET de 25 A \/ 650 V<br \/>\nFrente s\u00f3lida feita de placa de compensado de 21 camadas com espessura de material de 50 mil\u00edmetros<br \/>\nCom seus conectores XLR profissionais, conectores RCA para canal esquerdo e direito e conectores de alto n\u00edvel, a melhor conectividade \u00e9 garantida<\/p>\n<p>Subwoofer ativo com driver de emiss\u00e3o frontal de 15&#8243;, Cone leve de fibra de carbono, Excelente controle de vibra\u00e7\u00f5es parciais com baixos valores de distor\u00e7\u00e3o, Alta pot\u00eancia com amplifica\u00e7\u00e3o classe D de at\u00e9 1200W de pico e 650W RMS, Fonte de alimenta\u00e7\u00e3o chaveada de alta efici\u00eancia com 2 transistores MOSFET de 25A\/650V , Frente s\u00f3lida feita de painel de compensado de 21 camadas com espessura de material de 50 mm, entradas e sa\u00eddas Line\/LFE em terminais RCA de alto n\u00edvel, entradas e sa\u00eddas de linha XLR, App iWoofer, equaliza\u00e7\u00f5es predefinidas, equalizador param\u00e9trico de 25 bandas para compensa\u00e7\u00e3o da ac\u00fastica ambiental, acabamento Piano Matte Black<\/p>\n<p>Especifica\u00e7\u00f5es t\u00e9cnicas:<\/p>\n<p>Tipo: Subwoofer de emiss\u00e3o frontal ativo<\/p>\n<p>Motorista: 38cm (15&#8243;)<\/p>\n<p>Amplificador: Classe D<\/p>\n<p>Pot\u00eancia: 1200W de pico e 650W RMS <\/p>\n<p>Resposta geral de frequ\u00eancia: 23 Hz \u2013 180 Hz (\u00b1 3dB) <\/p>\n<p>Resposta geral de frequ\u00eancia: 18 Hz \u2013 220 Hz (\u00b1 10dB) <\/p>\n<p>Crossover passa-baixo: 50 Hz a 180 Hz (12 dB\/oitava)<\/p>\n<p>Fase: 0\/180 graus<\/p>\n<p>Chassi: frontal HDF de 22 mm e 50 mm<\/p>\n<p>Estrutura magn\u00e9tica: Motor magn\u00e9tico de ferrite duplo<\/p>\n<p>Woofer: Driver de cesta tripla ventilada de alta excurs\u00e3o de 15&#8243; com diafragma de fibra de carbono e cone convexo<\/p>\n<p>Bobina: bobina de voz de quatro camadas de 76 mm<\/p>\n<p>Entradas: RCA\/LFE est\u00e9reo banhado a ouro, XLR niquelado e entrada de alto n\u00edvel<\/p>\n<p>Sa\u00eddas: RCA\/LFE est\u00e9reo banhado a ouro, XLR banhado a n\u00edquel<\/p>\n<p>Seletor de energia: Desligado \/ Autom\u00e1tico \/ Ligado<\/p>\n<p>Dimens\u00f5es: 480 x 480 x 560 mm (LxAxP)<\/p>\n<p>Peso: 25kg<\/p>\n","protected":false},"excerpt":{"rendered":"<p>S\u00e9rie VI-Q da Velodyne Acoustics Multi-talento de baixa frequ\u00eancia com in\u00fameras conex\u00f5es e tecnologia de ponta O design do gabinete selado da s\u00e9rie VI-Q apresenta tudo o que faz com que os subwoofers Velodyne Acoustics se destaquem de uma forma moderna. Al\u00e9m disso, os tr\u00eas modelos oferecem uma configura\u00e7\u00e3o de driver particularmente de alta qualidade [&hellip;]<\/p>\n","protected":false},"featured_media":16190,"template":"","meta":{"_acf_changed":false},"product_brand":[],"product_cat":[17,36,143],"product_tag":[],"class_list":{"0":"post-16189","1":"product","2":"type-product","3":"status-publish","4":"has-post-thumbnail","6":"product_cat-caixas","7":"product_cat-subwoofer","8":"product_cat-velodyne","10":"first","11":"instock","12":"sold-individually","13":"shipping-taxable","14":"purchasable","15":"product-type-simple"},"acf":[],"aioseo_notices":[],"_links":{"self":[{"href":"https:\/\/hificlub.com.br\/loja\/wp-json\/wp\/v2\/product\/16189","targetHints":{"allow":["GET"]}}],"collection":[{"href":"https:\/\/hificlub.com.br\/loja\/wp-json\/wp\/v2\/product"}],"about":[{"href":"https:\/\/hificlub.com.br\/loja\/wp-json\/wp\/v2\/types\/product"}],"wp:featuredmedia":[{"embeddable":true,"href":"https:\/\/hificlub.com.br\/loja\/wp-json\/wp\/v2\/media\/16190"}],"wp:attachment":[{"href":"https:\/\/hificlub.com.br\/loja\/wp-json\/wp\/v2\/media?parent=16189"}],"wp:term":[{"taxonomy":"product_brand","embeddable":true,"href":"https:\/\/hificlub.com.br\/loja\/wp-json\/wp\/v2\/product_brand?post=16189"},{"taxonomy":"product_cat","embeddable":true,"href":"https:\/\/hificlub.com.br\/loja\/wp-json\/wp\/v2\/product_cat?post=16189"},{"taxonomy":"product_tag","embeddable":true,"href":"https:\/\/hificlub.com.br\/loja\/wp-json\/wp\/v2\/product_tag?post=16189"}],"curies":[{"name":"wp","href":"https:\/\/api.w.org\/{rel}","templated":true}]}}