{"id":15747,"date":"2024-06-04T05:51:58","date_gmt":"2024-06-04T08:51:58","guid":{"rendered":"https:\/\/hificlub.com.br\/loja\/?post_type=product&#038;p=15747"},"modified":"2025-11-10T17:02:21","modified_gmt":"2025-11-10T20:02:21","slug":"jeff-rowland-model-925-full-balanced-430-watts","status":"publish","type":"product","link":"https:\/\/hificlub.com.br\/loja\/produto\/jeff-rowland-model-925-full-balanced-430-watts\/","title":{"rendered":"JEFF ROWLAND MODEL 925 Full Balanced 430 watts"},"content":{"rendered":"<p>ESTADO 9\/10<\/p>\n<p>Jeff Rowland Model 925<br \/>\nExperimente a magia f\u00e1cil da autoridade absoluta. Vocalistas e instrumentos materializam-se num palco sonoro surpreendentemente concreto. Dos solos mais delicados \u00e0s orquestrais estrondosas, a emo\u00e7\u00e3o e a m\u00fasica dan\u00e7am ao longo de um espectro de frequ\u00eancia aparentemente infinito.<\/p>\n<p>O Model 925 representa a refer\u00eancia definitiva em realismo din\u00e2mico e refinamento expressivo. Um quarto de s\u00e9culo de paix\u00e3o pela engenharia expressa na sinergia de tecnologias avan\u00e7adas e design atemporal. Uma conquista impressionante inspirada na musicalidade de um cl\u00e1ssico duradouro: o Rowland Model 9.<\/p>\n<p>Caracter\u00edsticas<br \/>\nChassi de alum\u00ednio usinado<br \/>\nChassi qu\u00e1druplo usinado com precis\u00e3o a partir de alum\u00ednio de grau aeron\u00e1utico T-6061 de barra s\u00f3lida, proporcionando excepcional transfer\u00eancia\/dissipa\u00e7\u00e3o de calor t\u00e9rmico, blindagem RFI\/EMI e controle de resson\u00e2ncia.<\/p>\n<p>Isolamento Funcional<br \/>\nO amplificador e a fonte de alimenta\u00e7\u00e3o de cada canal s\u00e3o isolados um do outro em chassis separados. A alimenta\u00e7\u00e3o DC de alta corrente e os sinais de controle de baixa corrente s\u00e3o transferidos entre o amplificador e a fonte de alimenta\u00e7\u00e3o por meio de cabos remov\u00edveis personalizados.<\/p>\n<p>Corre\u00e7\u00e3o Ativa do Fator de Pot\u00eancia<br \/>\nA Corre\u00e7\u00e3o Ativa do Fator de Pot\u00eancia (PFC) na fonte de alimenta\u00e7\u00e3o reduz a polui\u00e7\u00e3o sonora harm\u00f4nica da linha CA e aumenta a utiliza\u00e7\u00e3o da energia da linha CA para 93%. As demandas de tens\u00e3o e corrente do amplificador permanecem em fase umas com as outras, o que elimina os pulsos transit\u00f3rios, fora de fase e de alta corrente, comuns \u00e0 opera\u00e7\u00e3o de todos os outros amplificadores de pot\u00eancia de \u00e1udio n\u00e3o PFC.<\/p>\n<p>Fonte de alimenta\u00e7\u00e3o comutada de alta efici\u00eancia<br \/>\nA fonte de alimenta\u00e7\u00e3o comutada poderosa e eficiente de 2.500 W fornece regula\u00e7\u00e3o de tens\u00e3o ideal para todos os circuitos e condi\u00e7\u00f5es operacionais e permite opera\u00e7\u00e3o silenciosa em uma ampla variedade de fontes de alimenta\u00e7\u00e3o CA.<\/p>\n<p>Comuta\u00e7\u00e3o de corrente zero<br \/>\nA fonte de alimenta\u00e7\u00e3o \u00e9 composta por quatro conversores CC para CC que incorporam tecnologia de \u201ccomuta\u00e7\u00e3o de corrente zero\u201d para alta efici\u00eancia e n\u00edveis bastante reduzidos de ru\u00eddo conduzido e irradiado.<\/p>\n<p>Capacitores de 4 p\u00f3los<br \/>\nCapacitores de 4 p\u00f3los personalizados integrados na fonte de alimenta\u00e7\u00e3o reduzem ainda mais qualquer ru\u00eddo residual remanescente.<\/p>\n<p>Isolamento de ru\u00eddo<br \/>\nUma fonte de alimenta\u00e7\u00e3o isolada, de componente discreto e regulada por shunt, que fornece mais de 130 decib\u00e9is de isolamento de ru\u00eddo, oferece baixo ru\u00eddo de banda larga e imped\u00e2ncia de sa\u00edda. Isso fornece energia CC sem ru\u00eddo para todos os circuitos de \u00e1udio de baixo n\u00edvel para desempenho semelhante ao de uma bateria.<\/p>\n<p>Rel\u00e9 de estado s\u00f3lido<br \/>\nA energia da rede el\u00e9trica CA \u00e9 comutada por meio de um rel\u00e9 de estado s\u00f3lido. A comuta\u00e7\u00e3o ocorre apenas durante o per\u00edodo de cruzamento de tens\u00e3o zero da rede CA, reduzindo drasticamente a corrente de pico durante surtos de ativa\u00e7\u00e3o e proporcionando uma vida \u00fatil de comuta\u00e7\u00e3o sem problemas.<\/p>\n<p>Placas de circuito cer\u00e2mico<br \/>\nTodos os circuitos de entrada s\u00e3o implementados em substrato de placa de circuito cer\u00e2mico ultrarr\u00edgido Rogers\u2122, de especifica\u00e7\u00e3o mil, multicamadas e de baixa constante diel\u00e9trica, para reten\u00e7\u00e3o e absor\u00e7\u00e3o de energia extremamente baixa.<\/p>\n<p>Topologia Balanceada<br \/>\nOs efeitos de cancelamento inerentes da topologia balanceada implementada em todos os circuitos de alimenta\u00e7\u00e3o e entrada\/sa\u00edda garantem distor\u00e7\u00e3o e ru\u00eddo bastante reduzidos sob condi\u00e7\u00f5es de sinal din\u00e2mico.<\/p>\n<p>Componentes de montagem em superf\u00edcie de alta precis\u00e3o<br \/>\nO uso extensivo de componentes de montagem em superf\u00edcie ativos e passivos, sem chumbo (Pb), com baixo coeficiente de temperatura, resulta em \u00e1reas de loop significativamente menores, capacit\u00e2ncia e indut\u00e2ncia de circuito reduzidas e introduz menos ru\u00eddo do que os componentes com chumbo convencionais.<\/p>\n<p>Resistores de filme fino<br \/>\nTodos os resistores s\u00e3o do tipo SMD (Surface Mount Devices) de filme fino de baixo ru\u00eddo e 0,1% para ru\u00eddo t\u00e9rmico extremamente baixo que complementa as caracter\u00edsticas de baixo ru\u00eddo do circuito ativo.<\/p>\n<p>Acoplamento e Isolamento de Transformadores<br \/>\nO circuito de entrada acoplado ao transformador fornece compatibilidade universal de componentes, excelente rejei\u00e7\u00e3o de ru\u00eddo de modo comum (CMRR) da fonte de entrada e praticamente elimina ru\u00eddo de loop de terra e RFI\/EMI. O acoplamento do transformador garante ganho geral id\u00eantico do amplificador ao usar entradas n\u00e3o balanceadas.<\/p>\n<p>Controles do painel traseiro<br \/>\nComuta\u00e7\u00e3o no painel traseiro da fase de entrada, ganho geral e sele\u00e7\u00e3o de entrada (XLR\/RCA).<\/p>\n<p>Conectores de entrada personalizados<br \/>\nOs conectores de entrada XLR e RCA s\u00e3o conectores Cardas feitos sob medida, constru\u00eddos com materiais de cobre, r\u00f3dio, ouro e Teflon para perda m\u00ednima de sinal e excelente resist\u00eancia \u00e0 corros\u00e3o.<\/p>\n<p>Circuitos de sa\u00edda de \u00faltima gera\u00e7\u00e3o<br \/>\nA inovadora tecnologia de pot\u00eancia de \u00e1udio classe D \u00e9 baseada em um loop de controle auto-oscilante de 5\u00aa ordem sem histerese, recebendo feedback apenas na sa\u00edda do alto-falante.<\/p>\n<p>Distor\u00e7\u00e3o extremamente baixa<br \/>\nO circuito de sa\u00edda exclusivo garante um n\u00edvel de distor\u00e7\u00e3o extremamente baixo, inferior a 0,004% THD + Ru\u00eddo em todo o espectro de \u00e1udio de 20 Hz a 20 kHz, alimentando qualquer carga de 2 a 8 Ohms.<\/p>\n<p>Estabilidade e Flexibilidade<br \/>\nUma imped\u00e2ncia de sa\u00edda inferior a 0,003 Ohms (3 miliohms) em toda a faixa de frequ\u00eancia de 20 Hz a 20 kHz garante que todos os tipos de alto-falantes possam ser acionados impunemente. A estabilidade do amplificador \u00e9 garantida em todas as condi\u00e7\u00f5es ao acionar qualquer alto-falante ou tipo de cabo de alto-falante.<\/p>\n<p>Detec\u00e7\u00e3o de erro<br \/>\nExtensos circuitos de detec\u00e7\u00e3o de erros controlados por microprocessador garantem a prote\u00e7\u00e3o dos componentes associados do alto-falante sob muitas condi\u00e7\u00f5es operacionais extremas.<\/p>\n<p>Alta efici\u00eancia<br \/>\nUma efici\u00eancia energ\u00e9tica de 93% na pot\u00eancia total proporcionada por esta tecnologia garante baixo consumo de energia, baixa temperatura operacional e uma vida \u00fatil prolongada de todos os componentes do amplificador.<\/p>\n<p>Postes de liga\u00e7\u00e3o paralelos<br \/>\nTerminais de sa\u00edda de alto-falante duplos aprovados pela CE n\u00e3o requerem ferramentas para conex\u00f5es seguras e de baixa resist\u00eancia e permitem aplica\u00e7\u00f5es f\u00e1ceis de fia\u00e7\u00e3o dupla.<\/p>\n<p>Alimenta\u00e7\u00e3o AC flex\u00edvel de 20 A<br \/>\nA entrada de alimenta\u00e7\u00e3o CA de 20 A aceita uma ampla variedade de cabos de alimenta\u00e7\u00e3o de alto desempenho de reposi\u00e7\u00e3o.<\/p>\n<p>Bot\u00e3o de espera do painel frontal<br \/>\nO bot\u00e3o iluminado no painel frontal coloca o amplificador no modo de espera. Circuitos de espera separados reduzem a alimenta\u00e7\u00e3o CA para menos de 1 watt durante o modo de espera, garantindo conformidade regulat\u00f3ria internacional.<\/p>\n<p>Ligar\/desligar remoto<br \/>\nUm miniconector de 1\/8\u201d (3,5 mm) no painel traseiro permite ligar\/desligar o amplificador em aplica\u00e7\u00f5es remotas e de home theater.<\/p>\n<p>Suportes de autonivelamento<br \/>\nOs suportes remov\u00edveis do chassi Delron com autonivelamento de 3 pontos fornecem isolamento de ru\u00eddo mec\u00e2nico de alta frequ\u00eancia.<\/p>\n<p>Especifica\u00e7\u00f5es<br \/>\nPot\u00eancia de sa\u00edda 430 watts a 8 ohms \/ 850 watts a 4 ohms<br \/>\nResposta de frequ\u00eancia 5 Hz \u2013 50 kHz<br \/>\nImped\u00e2ncia de entrada 40 mil ohms<br \/>\nTHD + Ru\u00eddo 0,004%, 20 Hz \u2013 20 kHz<br \/>\nFator de Amortecimento &gt; 1000, 20 Hz \u2013 20 kHz<br \/>\nGanho geral Comut\u00e1vel 26\/32 dB<br \/>\nEntradas 1 pr balanceado (XLR) \/ 1 pr n\u00e3o balanceado (RCA)<br \/>\nResultados 2 pr postes de liga\u00e7\u00e3o paralelos (por canal)<br \/>\nPeso do amplificador 160,4 libras. \/ 73 kg (por canal)<br \/>\nDimens\u00f5es gerais do amplificador (h\/w\/d) 16,5\u201d x 15,5\u201d x 16,25\u201d \/ 394 mm x 394 mm x 413 mm (cada)<\/p>\n","protected":false},"excerpt":{"rendered":"<p>ESTADO 9\/10 Jeff Rowland Model 925 Experimente a magia f\u00e1cil da autoridade absoluta. Vocalistas e instrumentos materializam-se num palco sonoro surpreendentemente concreto. Dos solos mais delicados \u00e0s orquestrais estrondosas, a emo\u00e7\u00e3o e a m\u00fasica dan\u00e7am ao longo de um espectro de frequ\u00eancia aparentemente infinito. O Model 925 representa a refer\u00eancia definitiva em realismo din\u00e2mico e [&hellip;]<\/p>\n","protected":false},"featured_media":15749,"template":"","meta":{"_acf_changed":false},"product_brand":[],"product_cat":[27,33,31],"product_tag":[],"class_list":{"0":"post-15747","1":"product","2":"type-product","3":"status-publish","4":"has-post-thumbnail","6":"product_cat-amplificador","7":"product_cat-jeff-rowland","8":"product_cat-mono","10":"first","11":"instock","12":"sold-individually","13":"shipping-taxable","14":"purchasable","15":"product-type-simple"},"acf":[],"aioseo_notices":[],"_links":{"self":[{"href":"https:\/\/hificlub.com.br\/loja\/wp-json\/wp\/v2\/product\/15747","targetHints":{"allow":["GET"]}}],"collection":[{"href":"https:\/\/hificlub.com.br\/loja\/wp-json\/wp\/v2\/product"}],"about":[{"href":"https:\/\/hificlub.com.br\/loja\/wp-json\/wp\/v2\/types\/product"}],"wp:featuredmedia":[{"embeddable":true,"href":"https:\/\/hificlub.com.br\/loja\/wp-json\/wp\/v2\/media\/15749"}],"wp:attachment":[{"href":"https:\/\/hificlub.com.br\/loja\/wp-json\/wp\/v2\/media?parent=15747"}],"wp:term":[{"taxonomy":"product_brand","embeddable":true,"href":"https:\/\/hificlub.com.br\/loja\/wp-json\/wp\/v2\/product_brand?post=15747"},{"taxonomy":"product_cat","embeddable":true,"href":"https:\/\/hificlub.com.br\/loja\/wp-json\/wp\/v2\/product_cat?post=15747"},{"taxonomy":"product_tag","embeddable":true,"href":"https:\/\/hificlub.com.br\/loja\/wp-json\/wp\/v2\/product_tag?post=15747"}],"curies":[{"name":"wp","href":"https:\/\/api.w.org\/{rel}","templated":true}]}}