{"id":1570,"date":"2023-10-17T19:56:41","date_gmt":"2023-10-17T22:56:41","guid":{"rendered":"https:\/\/hificlub.com.br\/loja2\/produto\/denon-avr-5803-7-1-thx-ultra2-170-watts\/"},"modified":"2026-03-23T06:55:58","modified_gmt":"2026-03-23T09:55:58","slug":"denon-avr-5803-7-1-thx-ultra2-170-watts","status":"publish","type":"product","link":"https:\/\/hificlub.com.br\/loja\/produto\/denon-avr-5803-7-1-thx-ultra2-170-watts\/","title":{"rendered":"DENON AVR-5803 Receiver AV 7.1 THX Ultra2  170 watts"},"content":{"rendered":"<p>COR: PRETO<br \/>\nCONDI\u00c7\u00c3O: USADO<br \/>\nEstado de Conserva\u00e7\u00e3o: 9\/10<\/p>\n<p>Voc\u00ea est\u00e1 pronto para o incr\u00edvel poder do home theater, processamento impecavelmente preciso, pureza sonora impressionante, versatilidade A\/V impressionante e capacidade de atualiza\u00e7\u00e3o real para formatos futuros?\u00a0Ent\u00e3o delicie-se com o AVR-5803 da Denon!\u00a0Com 170 watts de largura de banda total x 7 canais, este receptor potente estabelece novos padr\u00f5es para home theater e desempenho musical.<\/p>\n<p>Como um dos primeiros receptores a obter a certifica\u00e7\u00e3o THX\u00ae Ultra2, o AVR-5803 atendeu aos padr\u00f5es super-estritos da Lucasfilm Ltd. para desempenho de \u00e1udio de 7.1 canais e precis\u00e3o cinematogr\u00e1fica.\u00a0Ele \u00e9 equipado com aprimoramentos exclusivos de processamento digital THX Ultra2 projetados para fazer o melhor uso poss\u00edvel de todos os alto-falantes de seu home theater com a mais ampla variedade de fontes de m\u00fasica e filme.<\/p>\n<p>Claro, o &#8216;5803 pode lidar com qualquer formato surround que voc\u00ea jogue em seu caminho.\u00a0A decodifica\u00e7\u00e3o THX Surround EX\u2122, Dolby\u00ae Digital EX, DTS-ES\u00ae e Pro Logic\u2122 II s\u00e3o todas executadas com precis\u00e3o suprema por processadores SHARC duplos de 32 bits.\u00a0Voc\u00ea tamb\u00e9m obt\u00e9m os modos DTS Neo:6 e o \u200b\u200bprocessamento ALPHA 24 e Widescreen 7.1 propriet\u00e1rio da Denon.<\/p>\n<p>A constru\u00e7\u00e3o DDSC-Digital da Denon trata seu \u00e1udio com uma s\u00e9rie de blocos de circuito de fun\u00e7\u00e3o \u00fanica.\u00a0Com convers\u00e3o D\/A, convers\u00e3o A\/D, decodifica\u00e7\u00e3o surround e outros DSP, cada um manipulado por seu pr\u00f3prio bloco dedicado, cada fun\u00e7\u00e3o \u00e9 otimizada, assim como seu som!\u00a0O isolamento escrupuloso de cada bloco tamb\u00e9m garante padr\u00f5es ultrarigorosos de pureza do sinal.<\/p>\n<p>As fun\u00e7\u00f5es D\/A s\u00e3o delegadas a 16 DACs Burr-Brown de 192kHz\/24 bits (dois por canal!) em configura\u00e7\u00e3o diferencial.\u00a0Voc\u00ea ainda obt\u00e9m convers\u00e3o A\/D de 192kHz\/24 bits, que permite gerenciamento de graves e processamento digital de fontes de m\u00fasica multicanal como DVD-Audio e SACD.<\/p>\n<p>A capacidade de tr\u00eas salas\/tr\u00eas fontes do AVR-5803 permite que voc\u00ea e um colega de casa desfrutem de diferentes fontes A\/V em duas salas simultaneamente (home theater na sala principal, A\/V est\u00e9reo na segunda), enquanto outro amigo ouve m\u00fasica est\u00e9reo em um ter\u00e7o!\u00a0A convers\u00e3o de v\u00eddeo da Denon permite que voc\u00ea envie todos os sinais de v\u00eddeo para a TV da sala principal por meio de uma \u00fanica conex\u00e3o S-v\u00eddeo ou v\u00eddeo componente.<\/p>\n<p>Um modelo de design Denon com vis\u00e3o de futuro, o AVR-5803 possui uma porta RS-232C que permite atualiza\u00e7\u00f5es de software.\u00a0\u00c9 tamb\u00e9m o primeiro receptor a oferecer processamento Dolby Headphone, que permite que voc\u00ea desfrute de uma incr\u00edvel simula\u00e7\u00e3o de som de home theater por meio de um par de fones de ouvido convencionais.\u00a0Depois, h\u00e1 decodifica\u00e7\u00e3o para DVDs codificados em DTS 96\/24.\u00a0Este formato promissor permite que os DVDs de v\u00eddeo forne\u00e7am trilhas sonoras 5.1 na mesma alta resolu\u00e7\u00e3o que o DVD-Audio de 5.1 canais emprega!<\/p>\n<p>Completando os recursos avan\u00e7ados do AVR-5803 est\u00e3o suas 4 interfaces digitais discretas de 192kHz\/24 bits (uma para cada dois canais) e uma entrada Denon Link exclusiva.\u00a0Com componentes compat\u00edveis (como o\u00a0<a href=\"https:\/\/www-crutchfield-com.translate.goog\/Product\/Item\/Main.aspx?I=033DVD5900&amp;_x_tr_sl=en&amp;_x_tr_tl=pt&amp;_x_tr_hl=pt-BR&amp;_x_tr_pto=sc\">DVD-5900<\/a>\u00a0DVD player com qualidade de refer\u00eancia da Denon), voc\u00ea poder\u00e1 enviar sinais de DVD-\u00c1udio de 6 canais, 96kHz\/24 bits ou est\u00e9reo de 192kHz\/24 bits para este receiver digitalmente para reprodu\u00e7\u00e3o de pureza e precis\u00e3o sem precedentes.<\/p>\n<p>O AVR-5803 tamb\u00e9m n\u00e3o economiza nas formas mais convencionais de conectividade.\u00a0O painel traseiro oferece 12 entradas digitais (incluindo AC-3 RF para ventoinhas de laserdisc Dolby Digital), dois conjuntos de entradas de 7.1 canais, 8 entradas S-video, 3 entradas de v\u00eddeo componente (com largura de banda de\u00a0<i>100MHz<\/i>\u00a0para transfer\u00eancia HDTV impec\u00e1vel), 192kHz real \/24 bits de capacidade de entrada digital \u2014 e isso \u00e9 apenas para iniciantes!\u00a0(Consulte &#8220;Principais recursos&#8221; abaixo.)<\/p>\n<p>Este Denon ir\u00e1 lev\u00e1-lo a novas fronteiras A\/V.\u00a0Mas voc\u00ea sempre estar\u00e1 no controle com o controle remoto LCD com tela sens\u00edvel ao toque intuitivo (clique na guia &#8220;Mais fotos&#8221; acima para ver o controle remoto).\u00a0O carregador\/esta\u00e7\u00e3o base inclu\u00eddo fornece flexibilidade RF\/IR, para que voc\u00ea possa us\u00e1-lo em qualquer uma de suas tr\u00eas salas de audi\u00e7\u00e3o!<\/p>\n<p>Detalhes:<\/p>\n<div class=\"details\">\n<ul>\n<li>Certifica\u00e7\u00e3o THX Ultra2<\/li>\n<li>170 watts x 7 em 8 ohms (20-20.000 Hz) a 0,05% THD<\/li>\n<li>Processadores duplos SHARC de 32 bits para decodifica\u00e7\u00e3o surround (THX Surround EX, Dolby Digital EX, DTS-ES, Pro Logic II), DTS Neo:6, ALPHA 24, processamento<\/li>\n<li>Decodifica\u00e7\u00e3o DTS 96\/24<\/li>\n<li>Modo puro direto<\/li>\n<li>Processamento de fone de ouvido Dolby<\/li>\n<li>16 DACs totais de 192kHz\/24 bits (2 por canal)<\/li>\n<li>Conversores A\/D de 192kHz\/24 bits<\/li>\n<li>capacidade de entrada real de 192kHz\/24 bits<\/li>\n<li>Entrada Denon Link para transfer\u00eancia digital de \u00e1udio multicanal de alta resolu\u00e7\u00e3o de componentes compat\u00edveis<\/li>\n<li>DDSC-Constru\u00e7\u00e3o digital<\/li>\n<li>sa\u00edda de tr\u00eas salas\/tr\u00eas fontes (sa\u00edda est\u00e9reo de pr\u00e9-amplificador e v\u00eddeo composto para a segunda sala, sa\u00edda est\u00e9reo de pr\u00e9-amplificador para a terceira sala)<\/li>\n<li><a href=\"https:\/\/www-crutchfield-com.translate.goog\/cgi-bin\/ProdView.asp?s=0&amp;c=1&amp;g=16000&amp;I=033RC8000&amp;_x_tr_sl=en&amp;_x_tr_tl=pt&amp;_x_tr_hl=pt-BR&amp;_x_tr_pto=sc\" target=\"new\" rel=\"noopener\">RC8000<\/a>\u00a0aprendizagem\/multimarca, controle remoto LCD touchscreen retroiluminado com porta USB e macros<\/li>\n<li>Transmissor\/carregador\/esta\u00e7\u00e3o base\u00a0<a href=\"https:\/\/www-crutchfield-com.translate.goog\/cgi-bin\/ProdView.asp?s=0&amp;c=1&amp;g=16000&amp;I=033RC8001S&amp;_x_tr_sl=en&amp;_x_tr_tl=pt&amp;_x_tr_hl=pt-BR&amp;_x_tr_pto=sc\" target=\"new\" rel=\"noopener\">RC8001ST RF para o RC8000<\/a><\/li>\n<li>IEEE 1394 atualiz\u00e1vel<\/li>\n<li>Porta RS-232C<\/li>\n<li>duas entradas de pr\u00e9-amplificador de 7.1 canais<\/li>\n<li>Sa\u00edda de pr\u00e9-amplificador de 7.1 canais<\/li>\n<li>comuta\u00e7\u00e3o de v\u00eddeo componente (3 entradas, 1 sa\u00edda, largura de banda de 100 MHz)<\/li>\n<li>entradas digitais: 6 \u00f3pticas, 5 coaxiais, 1 AC-3 RF<\/li>\n<li>sa\u00edda digital: 2 \u00f3pticas<\/li>\n<li>4 entradas de \u00e1udio (incluindo phono) e 8 A\/V (incluindo 8 S-video)<\/li>\n<li>convers\u00e3o de v\u00eddeo: composto para S-video ou composto e S-video para v\u00eddeo componente (por conveni\u00eancia, n\u00e3o aprimoramento)<\/li>\n<li>Modo widescreen 7.1<\/li>\n<li>crossover passa-baixa vari\u00e1vel<\/li>\n<li>exibi\u00e7\u00e3o na tela (requer TV com entrada de v\u00eddeo direta)<\/li>\n<li>terminais de alto-falante compat\u00edveis com plugue banana para todos os canais<\/li>\n<li>projeto de amplificador de alta corrente e baixa imped\u00e2ncia<\/li>\n<li>40 predefini\u00e7\u00f5es AM\/FM<\/li>\n<li>17-1\/8&#8243; L x 8-1\/2&#8243; A x 20-5\/8&#8243; P<\/li>\n<li>Peso 36Kg<\/li>\n<\/ul>\n<\/div>\n<p><strong>\u00a0<\/strong><\/p>\n<p>&nbsp;<\/p>\n","protected":false},"excerpt":{"rendered":"<p>COR: PRETO CONDI\u00c7\u00c3O: USADO Estado de Conserva\u00e7\u00e3o: 9\/10 Voc\u00ea est\u00e1 pronto para o incr\u00edvel poder do home theater, processamento impecavelmente preciso, pureza sonora impressionante, versatilidade A\/V impressionante e capacidade de atualiza\u00e7\u00e3o real para formatos futuros?\u00a0Ent\u00e3o delicie-se com o AVR-5803 da Denon!\u00a0Com 170 watts de largura de banda total x 7 canais, este receptor potente estabelece [&hellip;]<\/p>\n","protected":false},"featured_media":1565,"template":"","meta":{"_acf_changed":false},"product_brand":[],"product_cat":[21,22],"product_tag":[],"class_list":{"0":"post-1570","1":"product","2":"type-product","3":"status-publish","4":"has-post-thumbnail","6":"product_cat-home-theater","7":"product_cat-receivers","9":"first","10":"instock","11":"sold-individually","12":"shipping-taxable","13":"purchasable","14":"product-type-simple"},"acf":[],"aioseo_notices":[],"_links":{"self":[{"href":"https:\/\/hificlub.com.br\/loja\/wp-json\/wp\/v2\/product\/1570","targetHints":{"allow":["GET"]}}],"collection":[{"href":"https:\/\/hificlub.com.br\/loja\/wp-json\/wp\/v2\/product"}],"about":[{"href":"https:\/\/hificlub.com.br\/loja\/wp-json\/wp\/v2\/types\/product"}],"wp:featuredmedia":[{"embeddable":true,"href":"https:\/\/hificlub.com.br\/loja\/wp-json\/wp\/v2\/media\/1565"}],"wp:attachment":[{"href":"https:\/\/hificlub.com.br\/loja\/wp-json\/wp\/v2\/media?parent=1570"}],"wp:term":[{"taxonomy":"product_brand","embeddable":true,"href":"https:\/\/hificlub.com.br\/loja\/wp-json\/wp\/v2\/product_brand?post=1570"},{"taxonomy":"product_cat","embeddable":true,"href":"https:\/\/hificlub.com.br\/loja\/wp-json\/wp\/v2\/product_cat?post=1570"},{"taxonomy":"product_tag","embeddable":true,"href":"https:\/\/hificlub.com.br\/loja\/wp-json\/wp\/v2\/product_tag?post=1570"}],"curies":[{"name":"wp","href":"https:\/\/api.w.org\/{rel}","templated":true}]}}