{"id":15569,"date":"2024-05-30T06:39:19","date_gmt":"2024-05-30T09:39:19","guid":{"rendered":"https:\/\/hificlub.com.br\/loja\/?post_type=product&#038;p=15569"},"modified":"2026-03-03T22:18:32","modified_gmt":"2026-03-04T01:18:32","slug":"mcintosh-mha200-amplificador-de-fone-de-ouvido-valvulado","status":"publish","type":"product","link":"https:\/\/hificlub.com.br\/loja\/produto\/mcintosh-mha200-amplificador-de-fone-de-ouvido-valvulado\/","title":{"rendered":"McINTOSH MHA200 Amplificador de fone de ouvido valvulado"},"content":{"rendered":"<p>Fa\u00e7a a combina\u00e7\u00e3o: o amplificador de fone de ouvido com tubo de v\u00e1cuo McIntosh MHA200 combina com quase todos os telefones, apresenta quatro faixas de imped\u00e2ncia e conectividade audi\u00f3fila<br \/>\nV\u00e1lvulas e fones de ouvido sempre foram uma combina\u00e7\u00e3o excelente, e poucas empresas t\u00eam uma hist\u00f3ria mais c\u00e9lebre \u2013 ou experi\u00eancia mais profunda \u2013 com v\u00e1lvulas do que a McIntosh. Essas s\u00e3o algumas das raz\u00f5es pelas quais o amplificador de fone de ouvido valvulado MHA200 da empresa faz todo o sentido para os amantes da m\u00fasica que percebem os n\u00edveis de riqueza, detalhe, separa\u00e7\u00e3o, calor e escapismo poss\u00edveis quando um grande conjunto de &#8216;fones \u00e9 acionado por um amplificador valvulado isso n\u00e3o requer atalhos. MHA200 \u00e9 esse produto.<\/p>\n<p>Refor\u00e7ado por um par de v\u00e1lvulas triodo duplas 12AT7 e 12BH7A que funcionam em conjunto &#8211; as primeiras amplificam o sinal de entrada e as \u00faltimas fornecem a energia para acionar a sa\u00edda com baixa distor\u00e7\u00e3o &#8211; o MHA200 possui dois transformadores de sa\u00edda Unity Coupled Circuit que usam a mesma tecnologia lend\u00e1ria que originalmente colocou McIntosh no mapa mundial d\u00e9cadas atr\u00e1s, e que ainda \u00e9 empregado nos enormes amplificadores valvulados da empresa. Esses transformadores produzem quatro faixas de imped\u00e2ncia de fone de ouvido (32\u2013100, 100\u2013250, 250\u2013600, 600\u20131.000 ohms a 500mW), o que significa que o MHA200 combina perfeitamente com praticamente todos os fones de ouvido existentes.<\/p>\n<p>E tem mais. Os transformadores de sa\u00edda tamb\u00e9m combinam a se\u00e7\u00e3o do amplificador valvulado com a se\u00e7\u00e3o de sa\u00edda do fone de ouvido. Dito de outra forma, em vez de ter que se adaptar \u00e0 imped\u00e2ncia dos fones de ouvido com ganho de tens\u00e3o no est\u00e1gio de entrada, os enrolamentos secund\u00e1rios dos transformadores garantem que toda a pot\u00eancia do MHA200 permane\u00e7a dispon\u00edvel, independentemente da imped\u00e2ncia dos seus fones. Considere a presen\u00e7a de um transformador de pot\u00eancia toroidal altamente eficiente com baixo zumbido mec\u00e2nico e baixo campo magn\u00e9tico, e o MHA200 basicamente erradica o ru\u00eddo el\u00e9trico para fornecer um desempenho ultralimpo.<\/p>\n<p>Flex\u00edvel e vers\u00e1til, o MHA200 tamb\u00e9m oferece conectividade e formato. Voc\u00ea pode conectar seus telefones de uma das tr\u00eas maneiras (um par de conectores XLR de 3 pinos para sa\u00edda balanceada l\/r dedicada; um conector XLR balanceado de 4 pinos para sa\u00edda est\u00e9reo balanceada; um conector est\u00e9reo de 0,25 polegadas) e conectar o MHA200 a os principais componentes de origem do seu sistema por meio de entradas balanceadas ou n\u00e3o balanceadas. Sua estrutura compacta de 5,75 x 6,125 x 9,125 polegadas (HWD) convida voc\u00ea a coloc\u00e1-lo onde quiser. Al\u00e9m disso, o bot\u00e3o de volume permite que o MHA200 se conecte diretamente a fontes de m\u00fasica que possuem apenas uma sa\u00edda de volume fixa; nenhum controle de volume do pr\u00e9-amplificador \u00e9 necess\u00e1rio.<\/p>\n<p>Estilizado com o visual caracter\u00edstico da McIntosh &#8211; um chassi de a\u00e7o inoxid\u00e1vel personalizado com acabamento espelhado polido, emblema McIntosh em alum\u00ednio fundido, tubos inconfund\u00edveis com brilho verde suave &#8211; o MHA200 vem com uma capa protetora e garantia do fabricante de tr\u00eas anos. Tem alguma d\u00favida ou quer saber mais sobre o MHA200? Basta entrar em contato com um consultor de \u00e1udio da Music Direct pelo telefone 312-433-0200 e n\u00f3s cuidaremos de voc\u00ea.<\/p>\n<p>\u201cSua vis\u00e3o aliada ao refinamento l\u00edder da categoria, sem mencionar a total aus\u00eancia de dureza indesejada, cria algo que poder\u00e1 ser desfrutado nos pr\u00f3ximos anos.\u201d<br \/>\n\u2014What Hi-Fi?, avalia\u00e7\u00e3o cinco estrelas<\/p>\n<p>\u201cH\u00e1 uma facilidade no som do McIntosh que combina com esse material \u2013 ele simplesmente rola.\u201d<br \/>\n\u2014 Hi-Fi+ , pr\u00eamio de amplificador de fone de ouvido do ano<\/p>\n<p>\u201c[Ele] \u00e9 um candidato ao melhor amplificador de fone de ouvido valvulado fabricado at\u00e9 o momento e supera facilmente designs mais complexos e desnecessariamente sobrecarregados de recursos, carregados com v\u00e1lvulas adicionais desnecess\u00e1rias ou, Deus me livre, estado s\u00f3lido.\u201d<br \/>\n\u2014Feedback Positivo<\/p>\n<p>\u201cEste \u00e9 um kit totalmente cativante que provavelmente durar\u00e1 d\u00e9cadas e continuar\u00e1 encantando voc\u00ea o tempo todo. \u00c9 especializado e n\u00e3o vou insultar a sua intelig\u00eancia chamando-o de uma pechincha, mas \u00e9 brilhante\u2026\u201d<br \/>\n\u2014 AVForums , Pr\u00eamio Altamente Recomendado<\/p>\n<p>&nbsp;<\/p>\n","protected":false},"excerpt":{"rendered":"<p>Fa\u00e7a a combina\u00e7\u00e3o: o amplificador de fone de ouvido com tubo de v\u00e1cuo McIntosh MHA200 combina com quase todos os telefones, apresenta quatro faixas de imped\u00e2ncia e conectividade audi\u00f3fila V\u00e1lvulas e fones de ouvido sempre foram uma combina\u00e7\u00e3o excelente, e poucas empresas t\u00eam uma hist\u00f3ria mais c\u00e9lebre \u2013 ou experi\u00eancia mais profunda \u2013 com v\u00e1lvulas [&hellip;]<\/p>\n","protected":false},"featured_media":15570,"template":"","meta":{"_acf_changed":false},"product_brand":[],"product_cat":[89,27,28,107,39],"product_tag":[],"class_list":{"0":"post-15569","1":"product","2":"type-product","3":"status-publish","4":"has-post-thumbnail","6":"product_cat-acessorios","7":"product_cat-amplificador","8":"product_cat-estereo","9":"product_cat-fones-de-ouvido","10":"product_cat-mcintosh","12":"first","13":"instock","14":"sold-individually","15":"shipping-taxable","16":"product-type-simple"},"acf":[],"aioseo_notices":[],"_links":{"self":[{"href":"https:\/\/hificlub.com.br\/loja\/wp-json\/wp\/v2\/product\/15569","targetHints":{"allow":["GET"]}}],"collection":[{"href":"https:\/\/hificlub.com.br\/loja\/wp-json\/wp\/v2\/product"}],"about":[{"href":"https:\/\/hificlub.com.br\/loja\/wp-json\/wp\/v2\/types\/product"}],"wp:featuredmedia":[{"embeddable":true,"href":"https:\/\/hificlub.com.br\/loja\/wp-json\/wp\/v2\/media\/15570"}],"wp:attachment":[{"href":"https:\/\/hificlub.com.br\/loja\/wp-json\/wp\/v2\/media?parent=15569"}],"wp:term":[{"taxonomy":"product_brand","embeddable":true,"href":"https:\/\/hificlub.com.br\/loja\/wp-json\/wp\/v2\/product_brand?post=15569"},{"taxonomy":"product_cat","embeddable":true,"href":"https:\/\/hificlub.com.br\/loja\/wp-json\/wp\/v2\/product_cat?post=15569"},{"taxonomy":"product_tag","embeddable":true,"href":"https:\/\/hificlub.com.br\/loja\/wp-json\/wp\/v2\/product_tag?post=15569"}],"curies":[{"name":"wp","href":"https:\/\/api.w.org\/{rel}","templated":true}]}}