{"id":15473,"date":"2024-05-24T21:53:09","date_gmt":"2024-05-25T00:53:09","guid":{"rendered":"https:\/\/hificlub.com.br\/loja\/?post_type=product&#038;p=15473"},"modified":"2025-02-05T06:10:41","modified_gmt":"2025-02-05T09:10:41","slug":"bw-htm62-s2-white","status":"publish","type":"product","link":"https:\/\/hificlub.com.br\/loja\/produto\/bw-htm62-s2-white\/","title":{"rendered":"B&#038;W HTM62 S2 White"},"content":{"rendered":"<p>ESTADO 9\/10<\/p>\n<p>Tal como o seu irm\u00e3o maior, o HTM61 S2, o HTM62 S2 apresenta agora um design melhorado de tweeter de domo duplo desacoplado, ideal para fornecer a clareza necess\u00e1ria para o di\u00e1logo. A c\u00fapula dupla proporciona uma resposta mais precisa, enquanto o desacoplamento do tweeter da caixa principal remove resson\u00e2ncias e vibra\u00e7\u00f5es indesejadas. O resultado \u00e9 absolutamente claro.<\/p>\n<p>O HTM62 S2 tamb\u00e9m possui dois drivers de 5 polegadas que usam cones Kevlar, para uma combina\u00e7\u00e3o ideal de pun\u00e7\u00e3o e precis\u00e3o. O resultado, combinado com o tweeter Decoupled Double Dome, \u00e9 um alto-falante central que soa simplesmente deslumbrante.<\/p>\n<p>A clareza e o poder do HTM62 tamb\u00e9m n\u00e3o exigem muito espa\u00e7o. Menor que o HTM61, ele se adapta perfeitamente a praticamente qualquer configura\u00e7\u00e3o. E assim como o HTM62, pode ser usado na horizontal ou na vertical, dependendo do espa\u00e7o.<\/p>\n<p>Kevlar tecido\tSim<br \/>\nAfina\u00e7\u00e3o cruzada\tSim<br \/>\nTubo c\u00f4nico Nautilus\tSim<br \/>\nFluxoporto\tSim<br \/>\nCaracter\u00edsticas t\u00e9cnicas\tTweeter de alum\u00ednio Double Dome desacoplado com Nautilus? carregamento de tubo<br \/>\nKevlar\u00ae marca cone de fibra baixo\/m\u00e9dio<br \/>\nFlowport?<br \/>\nDescri\u00e7\u00e3o\tSistema de caixa ventilada de 2 vias<br \/>\nUnidades de acionamento\t1x c\u00fapula de alum\u00ednio de \ufffd25mm (1 pol.) de alta frequ\u00eancia<br \/>\n2x cone de Kevlar tecido de \ufffd130mm (5 pol.) graves\/m\u00e9dios<br \/>\nAlcance de frequ\u00eancia\t-6dB a 48Hz e 50kHz<br \/>\nResposta de frequ\u00eancia\t70Hz &#8211; 22kHz \ufffd3dB no eixo de refer\u00eancia<br \/>\nDispers\u00e3o\tDentro de 2dB da resposta de refer\u00eancia<br \/>\nHorizontal: arco acima de 20\u00b0<br \/>\nVertical: arco acima de 60\u00b0<br \/>\nSensibilidade\t87dB Spl (2,83V, 1m)<br \/>\nDistor\u00e7\u00e3o harm\u00f4nica\t2\u00ba e 3\u00ba harm\u00f4nicos (90dB, 1m)<br \/>\nn<br \/>\nImped\u00e2ncia nominal\t8? (m\u00ednimo 5,2?)<br \/>\nFrequ\u00eancias de cruzamento\t4kHz<br \/>\nPot\u00eancia recomendada do amplificador\t25W &#8211; 120W em 8? no programa n\u00e3o cortado<br \/>\nM\u00e1x. imped\u00e2ncia de cabo recomendada\t0,1?<br \/>\nDimens\u00f5es\tAltura: 160 mm (6,3 pol.)<br \/>\nLargura: 480 mm (18,9 pol.)<br \/>\nProfundidade: gabinete, grade e terminais de 279 mm (11 pol.)<br \/>\nPeso l\u00edquido\t7,9 kg (17,3 libras)<\/p>\n","protected":false},"excerpt":{"rendered":"<p>ESTADO 9\/10 Tal como o seu irm\u00e3o maior, o HTM61 S2, o HTM62 S2 apresenta agora um design melhorado de tweeter de domo duplo desacoplado, ideal para fornecer a clareza necess\u00e1ria para o di\u00e1logo. A c\u00fapula dupla proporciona uma resposta mais precisa, enquanto o desacoplamento do tweeter da caixa principal remove resson\u00e2ncias e vibra\u00e7\u00f5es indesejadas. [&hellip;]<\/p>\n","protected":false},"featured_media":15474,"template":"","meta":{"_acf_changed":false},"product_brand":[],"product_cat":[19,35,17],"product_tag":[],"class_list":{"0":"post-15473","1":"product","2":"type-product","3":"status-publish","4":"has-post-thumbnail","6":"product_cat-bw","7":"product_cat-caixas-centrais","8":"product_cat-caixas","10":"first","11":"instock","12":"sold-individually","13":"shipping-taxable","14":"purchasable","15":"product-type-simple"},"acf":[],"aioseo_notices":[],"_links":{"self":[{"href":"https:\/\/hificlub.com.br\/loja\/wp-json\/wp\/v2\/product\/15473","targetHints":{"allow":["GET"]}}],"collection":[{"href":"https:\/\/hificlub.com.br\/loja\/wp-json\/wp\/v2\/product"}],"about":[{"href":"https:\/\/hificlub.com.br\/loja\/wp-json\/wp\/v2\/types\/product"}],"wp:featuredmedia":[{"embeddable":true,"href":"https:\/\/hificlub.com.br\/loja\/wp-json\/wp\/v2\/media\/15474"}],"wp:attachment":[{"href":"https:\/\/hificlub.com.br\/loja\/wp-json\/wp\/v2\/media?parent=15473"}],"wp:term":[{"taxonomy":"product_brand","embeddable":true,"href":"https:\/\/hificlub.com.br\/loja\/wp-json\/wp\/v2\/product_brand?post=15473"},{"taxonomy":"product_cat","embeddable":true,"href":"https:\/\/hificlub.com.br\/loja\/wp-json\/wp\/v2\/product_cat?post=15473"},{"taxonomy":"product_tag","embeddable":true,"href":"https:\/\/hificlub.com.br\/loja\/wp-json\/wp\/v2\/product_tag?post=15473"}],"curies":[{"name":"wp","href":"https:\/\/api.w.org\/{rel}","templated":true}]}}