{"id":15456,"date":"2024-05-23T10:03:38","date_gmt":"2024-05-23T13:03:38","guid":{"rendered":"https:\/\/hificlub.com.br\/loja\/?post_type=product&#038;p=15456"},"modified":"2026-04-22T05:56:48","modified_gmt":"2026-04-22T08:56:48","slug":"bw-804-d2","status":"publish","type":"product","link":"https:\/\/hificlub.com.br\/loja\/produto\/bw-804-d2\/","title":{"rendered":"B&#038;W 804 Diamond Rosenut"},"content":{"rendered":"<p>O elegante 804 Diamond de ch\u00e3o oferece uma presen\u00e7a ac\u00fastica imponente e incorpora a tecnologia de tweeter de diamante pela primeira vez. Um verdadeiro design de tr\u00eas vias.<br \/>\nNo topo do gabinete, em um nicho raso, est\u00e1 o gabinete ic\u00f4nico da B&amp;W para seu tweeter de diamante e seu tubo c\u00f4nico. Abaixo dele est\u00e1 o diafragma amarelo de Kevlar tran\u00e7ado do driver de m\u00e9dio alcance FST, que \u00e9 instalado atrav\u00e9s do painel frontal e preso por um eixo a um suporte compat\u00edvel na parte traseira, assim como os m\u00e9dios FST nos modelos 802 e 800 Diamond. (Um disco de pl\u00e1stico deve ser removido da parte traseira do gabinete de m\u00e9dio alcance, que abre para a parte traseira do alto-falante, antes de ouvir.) Abaixo dele est\u00e3o os dois woofers de cone Rohacell e uma porta de baixa turbul\u00eancia, com covinhas e alargadas, e semelhante \u00e0 escondida na parte inferior dos modelos maiores. Projetando-se perto do topo da parte traseira do gabinete est\u00e1 o suporte ajust\u00e1vel para o m\u00e9dio alcance; perto da parte inferior est\u00e3o dois pares de postes de fixa\u00e7\u00e3o de alto-falante de um novo design que acomodam aperto f\u00e1cil \u00e0 m\u00e3o. Biwiring e biamping s\u00e3o, portanto, poss\u00edveis; jumpers tamb\u00e9m s\u00e3o fornecidos. Para atender aos requisitos da UE, o furo central de cada terminal de liga\u00e7\u00e3o \u00e9 ocupado por um plugue de pl\u00e1stico; eu os removi para usar cabos terminados com plugues banana.<\/p>\n<p>ESPECIFICA\u00c7\u00d5ES:<\/p>\n<p>Descri\u00e7\u00e3o: Sistema de caixa ventilada de 3 vias .<br \/>\nUnidades de acionamento:<br \/>\n1x \u00f825mm (1 pol) c\u00fapula de diamante de alta frequ\u00eancia<br \/>\n1x cone Kevlar \u00ae tran\u00e7ado de \u00f8150 mm (6 pol.) FST\u2122 midrange<br \/>\n2x cone baixo Rohacell \u00ae \u00f8165mm (6,5 pol.)<br \/>\nFrequ\u00eancias de crossover: 350 Hz, 4 kHz.<br \/>\nFaixa de frequ\u00eancia: \u20136dB a 30Hz e 33kHz.<br \/>\nResposta de frequ\u00eancia: 38Hz\u201328kHz, \u00b13dB, no eixo de refer\u00eancia.<br \/>\nDispers\u00e3o: dentro de 2 dB de resposta no eixo em arco de 60\u00b0 (horizontal) e arco de 10\u00b0 (vertical).<br \/>\nSensibilidade: 90dB\/2,83V\/m.<br \/>\nDistor\u00e7\u00e3o harm\u00f4nica (segundo e terceiro harm\u00f4nicos, 90dB, 1m): &lt;1,0%, 90Hz\u2013100kHz; &lt;0,5%, 120Hz\u2013100kHz.<br \/>\nImped\u00e2ncia: 8 ohms nominal, 3 ohms m\u00ednimo.<br \/>\nAmplifica\u00e7\u00e3o recomendada: 50\u2013200 W em 8 ohms, programa n\u00e3o cortado.<br \/>\nImped\u00e2ncia m\u00e1xima recomendada do cabo: 0,1 ohm.<br \/>\nDimens\u00f5es: 39,8\u2033 (1020 mm) A por 9,3\u2033 (238 mm) L por 13,7\u2033 (351 mm) P.<br \/>\nPeso: 59,4 libras (27 kg).<\/p>\n","protected":false},"excerpt":{"rendered":"<p>O elegante 804 Diamond de ch\u00e3o oferece uma presen\u00e7a ac\u00fastica imponente e incorpora a tecnologia de tweeter de diamante pela primeira vez. Um verdadeiro design de tr\u00eas vias. No topo do gabinete, em um nicho raso, est\u00e1 o gabinete ic\u00f4nico da B&amp;W para seu tweeter de diamante e seu tubo c\u00f4nico. Abaixo dele est\u00e1 o [&hellip;]<\/p>\n","protected":false},"featured_media":42473,"template":"","meta":{"_acf_changed":false},"product_brand":[],"product_cat":[19,17,18],"product_tag":[],"class_list":{"0":"post-15456","1":"product","2":"type-product","3":"status-publish","4":"has-post-thumbnail","6":"product_cat-bw","7":"product_cat-caixas","8":"product_cat-torres","10":"first","11":"instock","12":"sold-individually","13":"shipping-taxable","14":"purchasable","15":"product-type-simple"},"acf":[],"aioseo_notices":[],"_links":{"self":[{"href":"https:\/\/hificlub.com.br\/loja\/wp-json\/wp\/v2\/product\/15456","targetHints":{"allow":["GET"]}}],"collection":[{"href":"https:\/\/hificlub.com.br\/loja\/wp-json\/wp\/v2\/product"}],"about":[{"href":"https:\/\/hificlub.com.br\/loja\/wp-json\/wp\/v2\/types\/product"}],"wp:featuredmedia":[{"embeddable":true,"href":"https:\/\/hificlub.com.br\/loja\/wp-json\/wp\/v2\/media\/42473"}],"wp:attachment":[{"href":"https:\/\/hificlub.com.br\/loja\/wp-json\/wp\/v2\/media?parent=15456"}],"wp:term":[{"taxonomy":"product_brand","embeddable":true,"href":"https:\/\/hificlub.com.br\/loja\/wp-json\/wp\/v2\/product_brand?post=15456"},{"taxonomy":"product_cat","embeddable":true,"href":"https:\/\/hificlub.com.br\/loja\/wp-json\/wp\/v2\/product_cat?post=15456"},{"taxonomy":"product_tag","embeddable":true,"href":"https:\/\/hificlub.com.br\/loja\/wp-json\/wp\/v2\/product_tag?post=15456"}],"curies":[{"name":"wp","href":"https:\/\/api.w.org\/{rel}","templated":true}]}}