{"id":15148,"date":"2024-05-05T18:19:31","date_gmt":"2024-05-05T21:19:31","guid":{"rendered":"https:\/\/hificlub.com.br\/loja\/?post_type=product&#038;p=15148"},"modified":"2026-03-03T22:18:34","modified_gmt":"2026-03-04T01:18:34","slug":"magico-a5","status":"publish","type":"product","link":"https:\/\/hificlub.com.br\/loja\/produto\/magico-a5\/","title":{"rendered":"MAGICO A5"},"content":{"rendered":"<p>O novo A5 \u00e9 um modelo carro-chefe da s\u00e9rie A (design de 3 vias \/ 5 drivers) que incorpora o primeiro driver de m\u00e9dio porte puro de 5 polegadas da empresa, bem como tecnologia aprimorada de cone de driver de m\u00e9dios e graves. Esses novos cones avan\u00e7ados alcan\u00e7am uma rela\u00e7\u00e3o rigidez\/peso sem precedentes, um par\u00e2metro-chave que a Magico tem buscado nos \u00faltimos 15 anos. O inv\u00f3lucro maci\u00e7o e selado do A5 \u00e9 formado inteiramente de alum\u00ednio de grau aeron\u00e1utico 6061-T6, o mesmo material e m\u00e9todos de constru\u00e7\u00e3o da aclamada s\u00e9rie Q da Magico. O suporte interno complexo ajuda a fortalecer todo o gabinete e minimizar resson\u00e2ncias e colora\u00e7\u00f5es indesejadas, permitindo que todos os drivers funcionem com resolu\u00e7\u00e3o e din\u00e2mica impressionantes. O A5 tem acabamento em alum\u00ednio anodizado preto escovado elegante com grades dispon\u00edveis separadamente como op\u00e7\u00e3o. \u201cA S\u00e9rie A tem sido um grande sucesso ao atingir um p\u00fablico mais amplo\u201d, diz o fundador do Magico, Alon Wolf. \u201cO A5 baseia-se nesse sucesso com um novo midrange de 5 polegadas de extraordin\u00e1ria musicalidade. E o A5 &#8216;toca de forma maior&#8217;, com faixa din\u00e2mica poderosamente estendida.\u201d<br \/>\nBaixo<br \/>\nOs drivers de graves de 9\u201d no A5 apresentam uma vers\u00e3o aprimorada dos cones Nano-Tech de grafeno da Magico. O grafeno, uma estrutura hexagonal de carbono e em rela\u00e7\u00e3o \u00e0 sua espessura, \u00e9 cerca de 100 vezes mais resistente que o a\u00e7o com alto teor de carbono mais resistente. O novo design do cone combina fibra de carbono em camadas de grafeno com novos materiais avan\u00e7ados de n\u00facleo para alcan\u00e7ar a maior rela\u00e7\u00e3o rigidez\/peso poss\u00edvel. Extensas simula\u00e7\u00f5es computacionais e testes de prot\u00f3tipos permitem que a engenharia crie a estrutura do chassi do motorista com uma combina\u00e7\u00e3o ideal de rigidez e amortecimento, com contribui\u00e7\u00e3o ac\u00fastica m\u00ednima e fluxo de ar maximizado. O novo driver de graves incorpora componentes superdimensionados, incluindo uma bobina de voz de tit\u00e2nio puro de 5 polegadas e uma enorme tampa de cobre com \u00bd\u201d de excurs\u00e3o linear. O campo magn\u00e9tico superestabilizado permite que o A5 produza n\u00edveis estrondosos de graves, produzindo 115 dB SPL (@ 50 Hz, 1 metro), enquanto mant\u00e9m distor\u00e7\u00e3o e indut\u00e2ncia muito baixas abaixo de 0,18 mH. A An\u00e1lise de Elementos Finitos (FEA) fornece aos engenheiros da Magico uma plataforma \u00fanica para avaliar propriedades ac\u00fasticas, mec\u00e2nicas, eletromagn\u00e9ticas e t\u00e9rmicas. Esses testes meticulosos ajudam a minimizar distor\u00e7\u00f5es nos dom\u00ednios de frequ\u00eancia e tempo.<br \/>\nIntervalo m\u00e9dio<br \/>\nO novo driver de m\u00e9dios de cone completo de 5 polegadas permite uma dispers\u00e3o mais ampla e maior transpar\u00eancia de m\u00e9dios. Assim como o driver de graves, o midrange tamb\u00e9m incorpora um avan\u00e7ado cone sandu\u00edche de fibra de carbono de grafeno. Um novo contorno de espuma ajuda a alcan\u00e7ar a integra\u00e7\u00e3o ideal entre cone e contorno, tempo de estabiliza\u00e7\u00e3o mais r\u00e1pido e distor\u00e7\u00e3o impressionantemente baixa. O novo sistema de motor apresenta uma bobina de voz de tit\u00e2nio puro que opera em um campo magn\u00e9tico superestabilizado com uma tampa de p\u00f3lo de cobre puro para minimizar correntes parasitas e maximizar a efici\u00eancia. Este mais recente design de driver de m\u00e9dio porte realmente estabelece um novo padr\u00e3o de desempenho medido. Um sub-gabinete dedicado abriga o driver de m\u00e9dio porte, protegendo-o da extensa energia das ondas traseiras dos drivers de graves.<\/p>\n<p>A c\u00fapula do tweeter \u00e9 baseada na plataforma de design e geometria fundamentais dos tweeters da S\u00e9rie M e compartilhada com os outros modelos da S\u00e9rie A; o tweeter incorpora um diafragma de ber\u00edlio puro com uma c\u00fapula otimizada de 28 mm. Magico envolve o sistema de motor de neod\u00edmio personalizado em uma c\u00e2mara traseira projetada com os materiais de amortecimento mais avan\u00e7ados da empresa. Isso permite distor\u00e7\u00e3o ultrabaixa, manuseio de alta pot\u00eancia, capacidades din\u00e2micas massivas e movimento linear estendido da bobina de voz.<br \/>\nResistores Ultra Foil M-Resist<br \/>\nO A5 ser\u00e1 o primeiro produto no mundo a oferecer os novos resistores de folha M-Resist Ultra da Mundorf. Agora aperfei\u00e7oados ap\u00f3s anos de desenvolvimento, os novos resistores oferecem maior manuseio de energia, transpar\u00eancia e liquidez. A topologia Elliptical Symmetry Crossover integra acusticamente todos os cinco drivers usando um conjunto completo de componentes de \u00faltima gera\u00e7\u00e3o da Mundorf EB Gmbh de Col\u00f4nia, Alemanha. A rede de 3 vias possui um filtro Linkwitz-Riley de 24 dB por oitava que maximiza a largura de banda de frequ\u00eancia enquanto preserva a linearidade de fase e minimiza a distor\u00e7\u00e3o de intermodula\u00e7\u00e3o.<\/p>\n<p>Especifica\u00e7\u00f5es Complementar de driver<\/p>\n<p>Tweeter de 1\u201d (x1)<\/p>\n<p>5\u201d Grafeno Nano-Tec Midrange (x1)<\/p>\n<p>Baixo Nano-Tec de grafeno de 9\u201d (x3)<\/p>\n<p>Especifica\u00e7\u00f5es<\/p>\n<p>Sensibilidade: 88db<\/p>\n<p>Imped\u00e2ncia: 4 Ohm<\/p>\n<p>Resposta de frequ\u00eancia: 24 Hz \u2013 50 kHz<\/p>\n<p>Pot\u00eancia recomendada: 50-1000 watts<\/p>\n<p>Dimens\u00f5es: 10,5&#8243; (L) x 14,9&#8243; (P) x 44,75&#8243; (A)<\/p>\n<p>Peso: 180 libras.<\/p>\n","protected":false},"excerpt":{"rendered":"<p>O novo A5 \u00e9 um modelo carro-chefe da s\u00e9rie A (design de 3 vias \/ 5 drivers) que incorpora o primeiro driver de m\u00e9dio porte puro de 5 polegadas da empresa, bem como tecnologia aprimorada de cone de driver de m\u00e9dios e graves. Esses novos cones avan\u00e7ados alcan\u00e7am uma rela\u00e7\u00e3o rigidez\/peso sem precedentes, um par\u00e2metro-chave [&hellip;]<\/p>\n","protected":false},"featured_media":15149,"template":"","meta":{"_acf_changed":false},"product_brand":[],"product_cat":[17,139,18],"product_tag":[],"class_list":{"0":"post-15148","1":"product","2":"type-product","3":"status-publish","4":"has-post-thumbnail","6":"product_cat-caixas","7":"product_cat-magico","8":"product_cat-torres","10":"first","11":"instock","12":"sold-individually","13":"shipping-taxable","14":"product-type-simple"},"acf":[],"aioseo_notices":[],"_links":{"self":[{"href":"https:\/\/hificlub.com.br\/loja\/wp-json\/wp\/v2\/product\/15148","targetHints":{"allow":["GET"]}}],"collection":[{"href":"https:\/\/hificlub.com.br\/loja\/wp-json\/wp\/v2\/product"}],"about":[{"href":"https:\/\/hificlub.com.br\/loja\/wp-json\/wp\/v2\/types\/product"}],"wp:featuredmedia":[{"embeddable":true,"href":"https:\/\/hificlub.com.br\/loja\/wp-json\/wp\/v2\/media\/15149"}],"wp:attachment":[{"href":"https:\/\/hificlub.com.br\/loja\/wp-json\/wp\/v2\/media?parent=15148"}],"wp:term":[{"taxonomy":"product_brand","embeddable":true,"href":"https:\/\/hificlub.com.br\/loja\/wp-json\/wp\/v2\/product_brand?post=15148"},{"taxonomy":"product_cat","embeddable":true,"href":"https:\/\/hificlub.com.br\/loja\/wp-json\/wp\/v2\/product_cat?post=15148"},{"taxonomy":"product_tag","embeddable":true,"href":"https:\/\/hificlub.com.br\/loja\/wp-json\/wp\/v2\/product_tag?post=15148"}],"curies":[{"name":"wp","href":"https:\/\/api.w.org\/{rel}","templated":true}]}}