{"id":15018,"date":"2024-05-03T14:55:02","date_gmt":"2024-05-03T17:55:02","guid":{"rendered":"https:\/\/hificlub.com.br\/loja\/?post_type=product&#038;p=15018"},"modified":"2024-10-07T16:57:16","modified_gmt":"2024-10-07T19:57:16","slug":"ortofon-quintet-bronze-mc-2","status":"publish","type":"product","link":"https:\/\/hificlub.com.br\/loja\/produto\/ortofon-quintet-bronze-mc-2\/","title":{"rendered":"ORTOFON QUINTET BRONZE MC"},"content":{"rendered":"<p>A capsula Quintet Bronze passa para a liga superior dos Quintets.<\/p>\n<p>O perfil fino de sua caneta de diamante Nude Fine Line rastrear\u00e1 at\u00e9 mesmo as informa\u00e7\u00f5es de frequ\u00eancia mais altas, tornando-a obrigat\u00f3ria para ouvintes exigentes.<\/p>\n<p>Al\u00e9m disso, sua pegada maior garante redu\u00e7\u00e3o de distor\u00e7\u00e3o e desgaste do disco.<\/p>\n<p>O som ser\u00e1 muito imparcial em todos os aspectos. A m\u00fasica cl\u00e1ssica ser\u00e1 reproduzida com pot\u00eancia e espa\u00e7o aberto em torno de cada um dos instrumentos.<\/p>\n<p>Tens\u00e3o de sa\u00edda a 1000 Hz, 5 cm\/seg. \u2013 Balan\u00e7o de canal de 0,3 mV em 1 kHz \u2013 < 1,2 dB\nSepara\u00e7\u00e3o de canal em 1 kHz \u2013 > 23 dB<br \/>\nSepara\u00e7\u00e3o de canal em 15 kHz \u2013 > 15 dB<br \/>\nResposta de frequ\u00eancia 20-20.000 Hz \u2013 +\/-1,5 dB<br \/>\nCapacidade de rastreamento em 315Hz na for\u00e7a de rastreamento recomendada *) \u2013 80 \u00b5m<br \/>\nConformidade, din\u00e2mica, lateral \u2013 15 \u00b5m\/mN<br \/>\nTipo de ponta \u2013 Nude Fine Line<br \/>\nRaio da ponta da ponta \u2013 r\/R 8\/40 \u00b5m<br \/>\nFaixa de for\u00e7a de rastreamento \u2013 2,1-2,5 g (21-25 mN)<br \/>\nFor\u00e7a de rastreamento, recomendada \u2013 2,3 g (23 mN)<br \/>\n\u00c2ngulo de rastreamento \u2013 20\u00b0<br \/>\nImped\u00e2ncia interna, resist\u00eancia CC \u2013 5 Ohm<br \/>\nImped\u00e2ncia de carga recomendada \u2013 > 20 Ohm<br \/>\nMaterial do corpo do cartucho \u2013 ABS\/alum\u00ednio<br \/>\nMaterial do fio da bobina \u2013 Cobre puro de 4 noves<br \/>\nCor do cartucho \u2013 Bronze<br \/>\nPeso do cartucho \u2013 9 gramas<\/p>\n","protected":false},"excerpt":{"rendered":"<p>A capsula Quintet Bronze passa para a liga superior dos Quintets. O perfil fino de sua caneta de diamante Nude Fine Line rastrear\u00e1 at\u00e9 mesmo as informa\u00e7\u00f5es de frequ\u00eancia mais altas, tornando-a obrigat\u00f3ria para ouvintes exigentes. Al\u00e9m disso, sua pegada maior garante redu\u00e7\u00e3o de distor\u00e7\u00e3o e desgaste do disco. O som ser\u00e1 muito imparcial em [&hellip;]<\/p>\n","protected":false},"featured_media":15020,"template":"","meta":{"_acf_changed":false},"product_brand":[],"product_cat":[169,78,100],"product_tag":[],"class_list":{"0":"post-15018","1":"product","2":"type-product","3":"status-publish","4":"has-post-thumbnail","6":"product_cat-acessorios-analogico-audio","7":"product_cat-analogico-audio","8":"product_cat-ortofon","10":"first","11":"instock","12":"sold-individually","13":"shipping-taxable","14":"purchasable","15":"product-type-simple"},"acf":[],"aioseo_notices":[],"_links":{"self":[{"href":"https:\/\/hificlub.com.br\/loja\/wp-json\/wp\/v2\/product\/15018","targetHints":{"allow":["GET"]}}],"collection":[{"href":"https:\/\/hificlub.com.br\/loja\/wp-json\/wp\/v2\/product"}],"about":[{"href":"https:\/\/hificlub.com.br\/loja\/wp-json\/wp\/v2\/types\/product"}],"wp:featuredmedia":[{"embeddable":true,"href":"https:\/\/hificlub.com.br\/loja\/wp-json\/wp\/v2\/media\/15020"}],"wp:attachment":[{"href":"https:\/\/hificlub.com.br\/loja\/wp-json\/wp\/v2\/media?parent=15018"}],"wp:term":[{"taxonomy":"product_brand","embeddable":true,"href":"https:\/\/hificlub.com.br\/loja\/wp-json\/wp\/v2\/product_brand?post=15018"},{"taxonomy":"product_cat","embeddable":true,"href":"https:\/\/hificlub.com.br\/loja\/wp-json\/wp\/v2\/product_cat?post=15018"},{"taxonomy":"product_tag","embeddable":true,"href":"https:\/\/hificlub.com.br\/loja\/wp-json\/wp\/v2\/product_tag?post=15018"}],"curies":[{"name":"wp","href":"https:\/\/api.w.org\/{rel}","templated":true}]}}