{"id":1438,"date":"2023-10-17T19:56:13","date_gmt":"2023-10-17T22:56:13","guid":{"rendered":"https:\/\/hificlub.com.br\/loja2\/produto\/kef-reference-207-2\/"},"modified":"2026-03-06T12:57:30","modified_gmt":"2026-03-06T15:57:30","slug":"kef-reference-207-2","status":"publish","type":"product","link":"https:\/\/hificlub.com.br\/loja\/produto\/kef-reference-207-2\/","title":{"rendered":"KEF REFERENCE 207\/2"},"content":{"rendered":"<p>KEF 207\/2 o mais novo alto-falante principal da KEF em sua linha principal Reference. Projetado para fornecer a mais alta experi\u00eancia visual e auditiva que a KEF pode oferecer, o 207\/2 \u00e9 t\u00e3o aerodin\u00e2mico quanto um foguete.<\/p>\n<p>Cada gabinete de ch\u00e3o abriga cinco drivers. Come\u00e7ando na parte inferior, dois woofers de 10 polegadas s\u00e3o colocados de forma independente em caixas bass-reflex de 70 litros. Sua resposta \u00e9 avaliada em at\u00e9 26 Hz (a -6 dB) &#8211; inferior \u00e0 de muitos subwoofers em home theaters. Colocado acima dos woofers est\u00e1 outro driver de 10 polegadas, este dedicado \u00e0 faixa de midbass, e cada torre \u00e9 encimada por um m\u00f3dulo em forma de l\u00e1grima que cont\u00e9m um dos conjuntos de drivers Uni-Q exclusivos da KEF. O cone externo de 61\/2 polegadas reproduz frequ\u00eancias m\u00e9dias, e o tweeter de c\u00fapula el\u00edptica de 1 polegada montado coincidentemente no centro do cone reproduz agudos at\u00e9 60 kHz reivindicados. O driver de m\u00e9dio porte tem um perfil de cone achatado, servindo como guia de ondas para o tweeter. O crossover divide a resposta do alto-falante em 120, 350 e 2.300 Hz.<\/p>\n<p>Tudo no design do sistema de alto-falantes da KEF foi criado para reproduzir um som absolutamente natural. Como a express\u00e3o mais precisa de todas as tecnologias mais recentes da empresa KEF, que foram usadas neste sistema ac\u00fastico de piso, alta qualidade de som, uma ampla faixa de frequ\u00eancias reproduzidas e excelente din\u00e2mica simplesmente v\u00e3o para o fundo. Tecnologias cuidadosamente pensadas levam a uma sensa\u00e7\u00e3o de desaparecimento quase completo dos pr\u00f3prios sistemas ac\u00fasticos. E o ouvinte sente apenas o som original natural.<\/p>\n<p>\u2022 Modelo: Modelo 207\/2<br \/>\n\u2022 Design: alto-falante de piso de quatro vias Bass reflex, blindado magneticamente<br \/>\n\u2022 Unidades de acionamento: 2 x 250 mm (10 pol.) LF, 1 x 250 mm (10 pol.) LMF, 1 x 165 mm (6,5 pol.) Uni-Q MF incluindo um HF de tit\u00e2nio de 25 mm (1 pol.)<br \/>\n\u2022 Frequ\u00eancias de cruzamento: 120 Hz, 350 Hz, 2,3 kHz<br \/>\n\u2022 Sensibilidade (2,83V\/1m): 91dB<br \/>\n\u2022 Resposta de Frequ\u00eancia (+\/-3dB): 40Hz &#8211; 60kHz<br \/>\n\u2022 Sa\u00edda m\u00e1xima: 117dB<br \/>\n\u2022 Requisitos do Amplificador: 50 &#8211; 400 W<br \/>\n\u2022 Blindagem Magn\u00e9tica: Sim<br \/>\n\u2022 Imped\u00e2ncia: 8 Ohms (3,0 Ohms min)<br \/>\n\u2022 Extens\u00e3o de graves: 26Hz (-6dB)<br \/>\n\u2022 Peso: 66 Kg (145 lbs)<br \/>\n\u2022 Dimens\u00f5es (A x L x P): 1226 x 400 x 685 mm (48,2 x 15,7 x 27 pol.)<br \/>\n\u2022 Acabamentos: Piano Black<\/p>\n","protected":false},"excerpt":{"rendered":"<p>KEF 207\/2 o mais novo alto-falante principal da KEF em sua linha principal Reference. Projetado para fornecer a mais alta experi\u00eancia visual e auditiva que a KEF pode oferecer, o 207\/2 \u00e9 t\u00e3o aerodin\u00e2mico quanto um foguete. Cada gabinete de ch\u00e3o abriga cinco drivers. Come\u00e7ando na parte inferior, dois woofers de 10 polegadas s\u00e3o colocados [&hellip;]<\/p>\n","protected":false},"featured_media":1432,"template":"","meta":{"_acf_changed":false},"product_brand":[],"product_cat":[17,56,18],"product_tag":[],"class_list":{"0":"post-1438","1":"product","2":"type-product","3":"status-publish","4":"has-post-thumbnail","6":"product_cat-caixas","7":"product_cat-kef","8":"product_cat-torres","10":"first","11":"instock","12":"sold-individually","13":"shipping-taxable","14":"purchasable","15":"product-type-simple"},"acf":[],"aioseo_notices":[],"_links":{"self":[{"href":"https:\/\/hificlub.com.br\/loja\/wp-json\/wp\/v2\/product\/1438","targetHints":{"allow":["GET"]}}],"collection":[{"href":"https:\/\/hificlub.com.br\/loja\/wp-json\/wp\/v2\/product"}],"about":[{"href":"https:\/\/hificlub.com.br\/loja\/wp-json\/wp\/v2\/types\/product"}],"wp:featuredmedia":[{"embeddable":true,"href":"https:\/\/hificlub.com.br\/loja\/wp-json\/wp\/v2\/media\/1432"}],"wp:attachment":[{"href":"https:\/\/hificlub.com.br\/loja\/wp-json\/wp\/v2\/media?parent=1438"}],"wp:term":[{"taxonomy":"product_brand","embeddable":true,"href":"https:\/\/hificlub.com.br\/loja\/wp-json\/wp\/v2\/product_brand?post=1438"},{"taxonomy":"product_cat","embeddable":true,"href":"https:\/\/hificlub.com.br\/loja\/wp-json\/wp\/v2\/product_cat?post=1438"},{"taxonomy":"product_tag","embeddable":true,"href":"https:\/\/hificlub.com.br\/loja\/wp-json\/wp\/v2\/product_tag?post=1438"}],"curies":[{"name":"wp","href":"https:\/\/api.w.org\/{rel}","templated":true}]}}