{"id":14003,"date":"2024-02-15T06:38:34","date_gmt":"2024-02-15T09:38:34","guid":{"rendered":"https:\/\/hificlub.com.br\/loja\/?post_type=product&#038;p=14003"},"modified":"2024-11-29T16:59:59","modified_gmt":"2024-11-29T19:59:59","slug":"elipson-a2700-400-watts","status":"publish","type":"product","link":"https:\/\/hificlub.com.br\/loja\/produto\/elipson-a2700-400-watts\/","title":{"rendered":"ELIPSON A2700  400 watts"},"content":{"rendered":"<h3><span class=\"\">Amplificador de pot\u00eancia Elipson A2700<\/span><\/h3>\n<p>&nbsp;<\/p>\n<div>O amplificador de pot\u00eancia Elipson A2700 foi lan\u00e7ado ao mesmo tempo que o pr\u00e9-amplificador P1 e traz um grande impacto que dar\u00e1 vida a qualquer configura\u00e7\u00e3o e muito mais.<\/div>\n<div><\/div>\n<div><\/div>\n<div><b>Alta capacidade<\/b><\/div>\n<div><\/div>\n<div>O A2700 apresenta uma capacidade impressionante de 400 W RMS em 8 Ohms, 700 W em 4 Ohms e 900 W em 2 Ohms quando em modo de impulso. Esta unidade tamb\u00e9m pode ser conectada para fornecer at\u00e9 1400 W RMS (2500 W de pico) abaixo de 8 Ohms sem qualquer dificuldade ou desperd\u00edcio t\u00e9rmico, o que significa que este amplificador pode impulsionar seu som sem comprometer.<\/div>\n<div><\/div>\n<div><\/div>\n<div><b>Conectando-se<\/b><\/div>\n<div><\/div>\n<div>A conectividade no A2700 \u00e9 simples e intuitiva com 1 entrada est\u00e9reo RCA e 1 entrada est\u00e9reo XLR (com entrada e sa\u00edda de gatilho) que permitem uma configura\u00e7\u00e3o f\u00e1cil para que seu sistema tenha um \u00f3timo som sem complica\u00e7\u00f5es, o que quando combinado com o pr\u00e9-amplificador P1 cria uma harmonia perfeita para todo o seu som.<\/div>\n<div><\/div>\n<div><\/div>\n<div><b>Fome de potencia?<\/b><\/div>\n<div><\/div>\n<div><span class=\"\">Voc\u00ea poderia pensar que com tanto poder de fogo, o A2700 tem sede de energia e isso n\u00e3o poderia estar mais longe da verdade, j\u00e1 que a unidade precisa apenas de 250 W, tornando este amplificador incrivelmente eficiente em termos de energia, n\u00e3o importa o que voc\u00ea jogue nele.<\/span><\/div>\n<div><\/div>\n<div>\n<h3 class=\"wp-block-heading\"><span class=\"\">Projeto\u00a0<\/span><\/h3>\n<p>O amplificador de pot\u00eancia Elipson A2700 possui o mesmo design minimalista e refinado do pr\u00e9-amplificador Elipson P1. Encontramos, portanto, um chassi de metal antracite cuja face frontal \u00e9 atravessada por uma ranhura em toda a sua largura. O amplificador de pot\u00eancia Elipson A2700 possui um controle liga\/desliga no centro de uma reentr\u00e2ncia que se parece com um cone de driver.<\/p>\n<p>O est\u00e1gio de sa\u00edda do amplificador de pot\u00eancia Elipson A2700 opera em classe D para combinar pot\u00eancia, transpar\u00eancia e energia. Ele pode fornecer at\u00e9 400 W RMS em 8 ohms no modo est\u00e9reo ou 1400 W RMS em 8 ohms quando conectado ao modo mono. A escolha entre o modo est\u00e9reo e mono \u00e9 feita facilmente com um interruptor na parte traseira da unidade. Em ambos os casos, o amplificador de pot\u00eancia Elipson A2700 \u00e9 capaz de alimentar qualquer estante ou alto-falante de ch\u00e3o, mesmo os modelos mais exigentes com woofer grande, sem qualquer dificuldade. Com estes, mant\u00e9m uma elevada faixa din\u00e2mica e uma forte resposta ao impulso gra\u00e7as \u00e0 escolha de m\u00f3dulos classe D.<\/p>\n<h2 id=\"elipson-a2700-key-specifications\" class=\"wp-block-heading\">Elipson A2700: principais especifica\u00e7\u00f5es<\/h2>\n<ul>\n<li>Modo mono ou est\u00e9reo<\/li>\n<li>Pot\u00eancia de sa\u00edda em modo est\u00e9reo: 400W RMS (8 ohms) e 710W RMS (4 ohms)<\/li>\n<li>Pot\u00eancia de sa\u00edda em modo mono: 1400W RMS (8 ohms)<\/li>\n<li>Largura de banda: 2 Hz a 60 kHz (+\/-3 dB)<\/li>\n<li>1 x conjunto de entradas de \u00e1udio XLR balanceadas<\/li>\n<li>1 x conjunto de entradas de \u00e1udio RCA n\u00e3o balanceadas<\/li>\n<li>Dimens\u00f5es (LxAxP): 430 x 95 x 302 mm<\/li>\n<\/ul>\n<p>&nbsp;<\/p>\n<figure class=\"wp-block-image\"><\/figure>\n<\/div>\n<div>\n<div>\n<div><\/div>\n<div><\/div>\n<\/div>\n<\/div>\n","protected":false},"excerpt":{"rendered":"<p>Amplificador de pot\u00eancia Elipson A2700 &nbsp; O amplificador de pot\u00eancia Elipson A2700 foi lan\u00e7ado ao mesmo tempo que o pr\u00e9-amplificador P1 e traz um grande impacto que dar\u00e1 vida a qualquer configura\u00e7\u00e3o e muito mais. Alta capacidade O A2700 apresenta uma capacidade impressionante de 400 W RMS em 8 Ohms, 700 W em 4 Ohms [&hellip;]<\/p>\n","protected":false},"featured_media":14004,"template":"","meta":{"_acf_changed":false},"product_brand":[],"product_cat":[27,28],"product_tag":[],"class_list":{"0":"post-14003","1":"product","2":"type-product","3":"status-publish","4":"has-post-thumbnail","6":"product_cat-amplificador","7":"product_cat-estereo","9":"first","10":"instock","11":"sold-individually","12":"shipping-taxable","13":"product-type-simple"},"acf":[],"aioseo_notices":[],"_links":{"self":[{"href":"https:\/\/hificlub.com.br\/loja\/wp-json\/wp\/v2\/product\/14003","targetHints":{"allow":["GET"]}}],"collection":[{"href":"https:\/\/hificlub.com.br\/loja\/wp-json\/wp\/v2\/product"}],"about":[{"href":"https:\/\/hificlub.com.br\/loja\/wp-json\/wp\/v2\/types\/product"}],"wp:featuredmedia":[{"embeddable":true,"href":"https:\/\/hificlub.com.br\/loja\/wp-json\/wp\/v2\/media\/14004"}],"wp:attachment":[{"href":"https:\/\/hificlub.com.br\/loja\/wp-json\/wp\/v2\/media?parent=14003"}],"wp:term":[{"taxonomy":"product_brand","embeddable":true,"href":"https:\/\/hificlub.com.br\/loja\/wp-json\/wp\/v2\/product_brand?post=14003"},{"taxonomy":"product_cat","embeddable":true,"href":"https:\/\/hificlub.com.br\/loja\/wp-json\/wp\/v2\/product_cat?post=14003"},{"taxonomy":"product_tag","embeddable":true,"href":"https:\/\/hificlub.com.br\/loja\/wp-json\/wp\/v2\/product_tag?post=14003"}],"curies":[{"name":"wp","href":"https:\/\/api.w.org\/{rel}","templated":true}]}}