{"id":13216,"date":"2024-01-02T18:26:03","date_gmt":"2024-01-02T21:26:03","guid":{"rendered":"https:\/\/hificlub.com.br\/loja\/?post_type=product&#038;p=13216"},"modified":"2026-02-24T17:24:41","modified_gmt":"2026-02-24T20:24:41","slug":"bw-805-nautilus-cherrywood","status":"publish","type":"product","link":"https:\/\/hificlub.com.br\/loja\/produto\/bw-805-nautilus-cherrywood\/","title":{"rendered":"B&#038;W 805 Nautilus Black Ash"},"content":{"rendered":"<p>ESTADO 9\/10<\/p>\n<p>O B&amp;W Nautilus 805 \u00e9 bastante diferente de seu antecessor, o Matrix 805 de bom som, em tamanho, formato, drivers, crossover e pre\u00e7o (custa 25% mais). O Matrix 805 (Vol.16 No.4, p.225), era uma caixa retangular encimada por uma caixa de tweeter em forma de bala em forma de &#8220;globo ocular&#8221;. O novo modelo \u00e9 uma vers\u00e3o reduzida do gabinete de woofer Matrix de fundo redondo do Nautilus 801. Seu perfil de gabinete arredondado e mais estreito \u00e9 quase el\u00edptico em se\u00e7\u00e3o transversal quando visto de cima. A caixa do tweeter da linha de transmiss\u00e3o &#8211; descrita como uma &#8220;nacela em forma de l\u00e1grima, aerodin\u00e2mica e de apar\u00eancia atrevida&#8221; por Wes Phillips &#8211; est\u00e1 aninhada em uma ranhura na parte superior do gabinete de m\u00e9dios\/graves do Nautilus 805.<\/p>\n<p>Logo abaixo do driver de m\u00e9dios\/graves, e quase t\u00e3o grande, est\u00e1 a porta reflex de duplo alargamento \u2013 um alargamento interno, um externo. Ele tem uma sa\u00edda de 2&#8243;, o dobro do di\u00e2metro da ventila\u00e7\u00e3o do 805 Matrix. Sua superf\u00edcie \u00e9 pontilhada com covinhas moldadas em forma de &#8220;bola de golfe&#8221; para suavizar o fluxo de ar e evitar os sons de chuffing \u00e0s vezes gerados por designs reflexos. Embora o Nautilus 805 n\u00e3o use o O gabinete de b\u00e9tula de 1,5 &#8220;de 24 l\u00e2minas do Nautilus 801, seu perfil curvo e paredes de MDF de 0,75&#8221; de espessura adicionam rigidez para reduzir as resson\u00e2ncias do gabinete e quebrar as ondas estacion\u00e1rias internas. No interior, suas c\u00e9lulas interligadas evitam que as paredes do gabinete flexionem. Minha r\u00e9gua mediu o Nautilus 805 como 3,6 &#8220;mais alto, 4,6&#8243; mais profundo, 4,2&#8221; mais estreito e 1,3 kg mais pesado, com 3,5 litros a mais de volume interno que seu antecessor.<\/p>\n<p><span class=\"\">Os drivers do Nautilus 805 s\u00e3o derivados diretamente dos do Nautilus 801. o Nautilus 805 tem uma pot\u00eancia de sistema inferior de 120 W. Seu tweeter de c\u00fapula de liga de alum\u00ednio de 1&#8243; possui uma estrutura magn\u00e9tica de neod\u00edmio\/ferro\/boro com fio de alum\u00ednio revestido de cobre enrolado em um formador Kapton e \u00e9 resfriado por ferrofluido para melhorar o manuseio de energia e reduzir a compress\u00e3o relacionada ao superaquecimento. A caixa do tweeter est\u00e1 ajustada atr\u00e1s do defletor para alinhar o sistema no tempo e usa um material de desacoplamento Raychem &#8220;Isopath&#8221; para reduzir a vibra\u00e7\u00e3o.<\/span><\/p>\n<p>O cone m\u00e9dio\/grave de 6,5&#8243; usa a constru\u00e7\u00e3o de Kevlar do driver de m\u00e9dio porte do Nautilus 801. No 801, esse cone funciona melhor sem borda de borracha, pois reproduz m\u00fasica apenas entre 400 Hz e 3 kHz, exigindo assim uma excurs\u00e3o m\u00ednima. No 805, no entanto, o driver deve mover muito mais ar para estender sua resposta at\u00e9 40 Hz, portanto, um surround \u00e0 base de borracha \u00e9 muito necess\u00e1rio. Sua bobina de voz de 30 mm \u00e9 enrolada em um formador Kapton, tudo constru\u00eddo em um s\u00f3lido fundido sob press\u00e3o. quadro.<\/p>\n<p><span class=\"\">Como no restante da linha Nautilus, o crossover \u00e9 montado na placa de base de alum\u00ednio do 805. Isto serve como dissipador de calor para os resistores de pel\u00edcula espessa n\u00e3o indutivos. Os componentes foram otimizados pela sele\u00e7\u00e3o cuidadosa de capacitores de filme de polipropileno e robustos indutores com n\u00facleo de ar. Embora o crossover do Matrix 805 tivesse inclina\u00e7\u00f5es de filtro semelhantes, seu ponto inferior de -3dB foi estendido para 42 Hz por um equalizador eletr\u00f4nico externo n\u00e3o dispon\u00edvel para o Nautilus 805.<\/span><\/p>\n<p><span class=\"\">Dois pares de terminais de alto-falante WBT alem\u00e3es refor\u00e7ados e revestidos de pl\u00e1stico &#8211; um par para o tweeter e unidades de acionamento de m\u00e9dios \/ graves &#8211; incluem slots para terminais tipo espada e um orif\u00edcio para plugues banana individuais. Esses v\u00e1rios slots e orif\u00edcios na cobertura de pl\u00e1stico tinham o tamanho perfeito para aceitar as al\u00e7as tipo espada e as termina\u00e7\u00f5es de plugue banana \u00fanico em meus cabos de alto-falante PSC com cabeamento duplo.<\/span><\/p>\n<p><b>Especifica\u00e7\u00f5es<\/b><\/p>\n<p><b><span class=\"\">Descri\u00e7\u00e3o:<\/span><\/b><span class=\"\">\u00a0Alto-falante din\u00e2mico bidirecional, montado em suporte e carregado por reflexo. Unidades de acionamento: um tweeter resfriado com c\u00fapula de metal de 1&#8243; (25 mm), um cone de graves\/m\u00e9dios de Kevlar tecido de 6,5&#8243; (165 mm) com bobina de voz de 1,24&#8243; (32 mm). Frequ\u00eancia de crossover: 3kHz. Inclina\u00e7\u00f5es de crossover: terceira ordem Alinhamento Butterworth com corte de 49 Hz. Resposta de frequ\u00eancia: 49 Hz-22 kHz, \u00b13 dB. Sensibilidade: 88 dB\/W\/m (2,83 V). Imped\u00e2ncia nominal: 8 ohms (m\u00ednimo: 4,6 ohms). Requisitos do amplificador: m\u00ednimo de 50 W, m\u00e1ximo de 120 W. M\u00e1ximo imped\u00e2ncia de cabo recomendada: 0,2 ohms.<\/span><br \/>\n<b><span class=\"\">Dimens\u00f5es:<\/span><\/b><span class=\"\">\u00a016,3&#8243; (415 mm) H por 9,4&#8243; (238 mm) W por 13,5&#8243; (344 mm) D. Peso: 20 lbs (9kg).<\/span><\/p>\n","protected":false},"excerpt":{"rendered":"<p>ESTADO 9\/10 O B&amp;W Nautilus 805 \u00e9 bastante diferente de seu antecessor, o Matrix 805 de bom som, em tamanho, formato, drivers, crossover e pre\u00e7o (custa 25% mais). O Matrix 805 (Vol.16 No.4, p.225), era uma caixa retangular encimada por uma caixa de tweeter em forma de bala em forma de &#8220;globo ocular&#8221;. O novo [&hellip;]<\/p>\n","protected":false},"featured_media":18919,"template":"","meta":{"_acf_changed":false},"product_brand":[],"product_cat":[19,25,17],"product_tag":[],"class_list":{"0":"post-13216","1":"product","2":"type-product","3":"status-publish","4":"has-post-thumbnail","6":"product_cat-bw","7":"product_cat-bookshelf","8":"product_cat-caixas","10":"first","11":"instock","12":"sold-individually","13":"shipping-taxable","14":"purchasable","15":"product-type-simple"},"acf":[],"aioseo_notices":[],"_links":{"self":[{"href":"https:\/\/hificlub.com.br\/loja\/wp-json\/wp\/v2\/product\/13216","targetHints":{"allow":["GET"]}}],"collection":[{"href":"https:\/\/hificlub.com.br\/loja\/wp-json\/wp\/v2\/product"}],"about":[{"href":"https:\/\/hificlub.com.br\/loja\/wp-json\/wp\/v2\/types\/product"}],"wp:featuredmedia":[{"embeddable":true,"href":"https:\/\/hificlub.com.br\/loja\/wp-json\/wp\/v2\/media\/18919"}],"wp:attachment":[{"href":"https:\/\/hificlub.com.br\/loja\/wp-json\/wp\/v2\/media?parent=13216"}],"wp:term":[{"taxonomy":"product_brand","embeddable":true,"href":"https:\/\/hificlub.com.br\/loja\/wp-json\/wp\/v2\/product_brand?post=13216"},{"taxonomy":"product_cat","embeddable":true,"href":"https:\/\/hificlub.com.br\/loja\/wp-json\/wp\/v2\/product_cat?post=13216"},{"taxonomy":"product_tag","embeddable":true,"href":"https:\/\/hificlub.com.br\/loja\/wp-json\/wp\/v2\/product_tag?post=13216"}],"curies":[{"name":"wp","href":"https:\/\/api.w.org\/{rel}","templated":true}]}}