{"id":12715,"date":"2024-01-02T18:23:06","date_gmt":"2024-01-02T21:23:06","guid":{"rendered":"https:\/\/hificlub.com.br\/loja\/?post_type=product&#038;p=12715"},"modified":"2024-10-07T16:58:14","modified_gmt":"2024-10-07T19:58:14","slug":"gauder-akustik-berlina-rc3-com-pedestal","status":"publish","type":"product","link":"https:\/\/hificlub.com.br\/loja\/produto\/gauder-akustik-berlina-rc3-com-pedestal\/","title":{"rendered":"GAUDER AKUSTIK BERLINA RC3 com PEDESTAL"},"content":{"rendered":"<p>ESTADO 9\/10<\/p>\n<h1><span>Alto-falante Gauder Akustik Berlina RC 3<\/span><\/h1>\n<p align=\"left\"><span><span class=\"\">Berlina RC3 \u00e9 o menor representante da s\u00e9rie top da Gauder Akustik. O moderno sistema de alto-falantes de 2 vias combina a natureza avan\u00e7ada de seus equivalentes maiores e o tamanho compacto de um alto-falante de estante. A habita\u00e7\u00e3o foi executada no conceito RC (constru\u00e7\u00e3o em nervuras). Consiste em nervuras individuais separadas umas das outras por an\u00e9is de amortecimento. Cada um deles \u00e9 pesado e r\u00edgido, o que, combinado com amortecimento adicional, evita perfeitamente as vibra\u00e7\u00f5es. O Berlin RC3 usa alto-falantes de cer\u00e2mica Accuton (tweeters dispon\u00edveis na variante diamante), crossover sim\u00e9trico da mais alta qualidade feito de pe\u00e7as Mundorf e terminais de alto-falante WBT nextgen. Todos os elementos foram cuidadosamente selecionados e instalados, criando uma coluna, pequena em tamanho mas grande em esp\u00edrito, digna do seu lugar na fam\u00edlia Berlim.<\/span><\/span><\/p>\n<p><span>\u00b7 Alto-falante de estante de 2 vias, sistema de caixa fechada de 4\u00aa ordem<\/span><br \/>\n<span>\u00b7 Drivers de cer\u00e2mica Accuton, tweeter de diamante dispon\u00edvel<\/span><br \/>\n<span>\u00b7 Sistema de constru\u00e7\u00e3o nervurada (RC)<\/span><br \/>\n<span>\u00b7 Crossover de frequ\u00eancia de inclina\u00e7\u00e3o ultra-alta (&gt; 50 dB\/oitava), simetrizado<\/span><br \/>\n<span>\u00b7 Componentes de crossover de alta qualidade Mundorf<\/span><br \/>\n<span>\u00b7 Postes de liga\u00e7\u00e3o WBT-Nextgen<\/span><\/p>\n<p><span>** Dispon\u00edvel em piano genu\u00edno preto ou branco de alto brilho<\/span><\/p>\n<h3><\/h3>\n<h3><span>DESIGN DE ALTO-FALANTE DE PONTA<\/span><\/h3>\n<p><span>O SOM DA CI\u00caNCIA E DA ARTE<\/span><\/p>\n<p><span><span class=\"\">A import\u00e2ncia de um gabinete livre de resson\u00e2ncia e vibra\u00e7\u00e3o \u00e9 demonstrada por todos os alto-falantes da nossa famosa s\u00e9rie Berlina. O Rib Construction (conceito RC) \u00e9 o alojamento perfeito para os famosos drivers de cer\u00e2mica e diamante Accuton. Em conex\u00e3o com nossos filtros de alta inclina\u00e7\u00e3o, postes de liga\u00e7\u00e3o WBT, voc\u00ea ouvir\u00e1 sua m\u00fasica favorita em uma nova dimens\u00e3o \u2013 os alto-falantes com melhor som do mundo!<\/span><\/span><\/p>\n<p><span>Dados t\u00e9cnicos:<\/span><br \/>\n<span>\u00b7 Arm\u00e1rios de constru\u00e7\u00e3o Rib incrivelmente est\u00e1veis \u200b\u200b(tecnologia RC)<\/span><br \/>\n<span>\u00b7 Unidades de acionamento de cer\u00e2mica e diamante Accuton personalizadas<\/span><br \/>\n<span>\u00b7 Crossovers sim\u00e9tricos extremamente sofisticados de inclina\u00e7\u00e3o ultra-alta<\/span><br \/>\n<span>\u00b7 Sistema de equaliza\u00e7\u00e3o de ambiente<\/span><br \/>\n<span>\u00b7 Postes de liga\u00e7\u00e3o WBT da mais alta qualidade<\/span><\/p>\n<p><span>. Fia\u00e7\u00e3o interna do cabo Clearwater<\/span><\/p>\n<table border=\"0 width=\" width=\"355\">\n<tbody>\n<tr>\n<td width=\"176\"><strong><span><span class=\"\">Dados t\u00e9cnicos:<\/span><\/span><br \/>\n<\/strong><br \/>\n<span><span class=\"\">Woofer &#8211; alto-falante m\u00e9dio:<\/span><\/span><br \/>\n<span><span class=\"\">Tweeter:\u00a0<\/span><\/span><br \/>\n<span><span class=\"\">Banda de divis\u00e3o\u00a0<\/span><\/span><br \/>\n<span><span class=\"\">Imped\u00e2ncia:\u00a0<\/span><\/span><br \/>\n<span><span class=\"\">Pot\u00eancia sinusoidal:\u00a0<\/span><\/span><br \/>\n<span><span class=\"\">Pot\u00eancia musical\u00a0<\/span><\/span><br \/>\n<span><span class=\"\">Altura:\u00a0<\/span><\/span><br \/>\n<span><span class=\"\">Largura:\u00a0<\/span><\/span><br \/>\n<span><span class=\"\">Profundidade:\u00a0<\/span><\/span><br \/>\n<span><span class=\"\">Peso:\u00a0<\/span><\/span><br \/>\n<span><span class=\"\">Garantia:<\/span><\/span><\/td>\n<td width=\"117\">&nbsp;<\/p>\n<p><strong><span>1 x 173 mm<\/span><br \/>\n<span>1 x 25 mm<\/span><br \/>\n<span>3400 Hz<\/span><br \/>\n<span>4 ohm<\/span><br \/>\n<span>120 W\u00a0<\/span><br \/>\n<span>240 W\u00a0<\/span><br \/>\n<span>43 cm<\/span><br \/>\n<span>23 cm<\/span><br \/>\n<span>33 cm\u00a0<\/span><br \/>\n<span>16 kg\u00a0<\/span><br \/>\n<span>10 anos<\/span><\/strong><\/td>\n<\/tr>\n<\/tbody>\n<\/table>\n","protected":false},"excerpt":{"rendered":"<p>ESTADO 9\/10 Alto-falante Gauder Akustik Berlina RC 3 Berlina RC3 \u00e9 o menor representante da s\u00e9rie top da Gauder Akustik. O moderno sistema de alto-falantes de 2 vias combina a natureza avan\u00e7ada de seus equivalentes maiores e o tamanho compacto de um alto-falante de estante. A habita\u00e7\u00e3o foi executada no conceito RC (constru\u00e7\u00e3o em nervuras). [&hellip;]<\/p>\n","protected":false},"featured_media":13922,"template":"","meta":{"_acf_changed":false},"product_brand":[],"product_cat":[15,25,17],"product_tag":[],"class_list":{"0":"post-12715","1":"product","2":"type-product","3":"status-publish","4":"has-post-thumbnail","6":"product_cat-sem-categoria","7":"product_cat-bookshelf","8":"product_cat-caixas","10":"first","11":"instock","12":"sold-individually","13":"shipping-taxable","14":"purchasable","15":"product-type-simple"},"acf":[],"aioseo_notices":[],"_links":{"self":[{"href":"https:\/\/hificlub.com.br\/loja\/wp-json\/wp\/v2\/product\/12715","targetHints":{"allow":["GET"]}}],"collection":[{"href":"https:\/\/hificlub.com.br\/loja\/wp-json\/wp\/v2\/product"}],"about":[{"href":"https:\/\/hificlub.com.br\/loja\/wp-json\/wp\/v2\/types\/product"}],"wp:featuredmedia":[{"embeddable":true,"href":"https:\/\/hificlub.com.br\/loja\/wp-json\/wp\/v2\/media\/13922"}],"wp:attachment":[{"href":"https:\/\/hificlub.com.br\/loja\/wp-json\/wp\/v2\/media?parent=12715"}],"wp:term":[{"taxonomy":"product_brand","embeddable":true,"href":"https:\/\/hificlub.com.br\/loja\/wp-json\/wp\/v2\/product_brand?post=12715"},{"taxonomy":"product_cat","embeddable":true,"href":"https:\/\/hificlub.com.br\/loja\/wp-json\/wp\/v2\/product_cat?post=12715"},{"taxonomy":"product_tag","embeddable":true,"href":"https:\/\/hificlub.com.br\/loja\/wp-json\/wp\/v2\/product_tag?post=12715"}],"curies":[{"name":"wp","href":"https:\/\/api.w.org\/{rel}","templated":true}]}}