{"id":12531,"date":"2024-01-02T18:22:12","date_gmt":"2024-01-02T21:22:12","guid":{"rendered":"https:\/\/hificlub.com.br\/loja\/?post_type=product&#038;p=12531"},"modified":"2024-10-07T16:58:14","modified_gmt":"2024-10-07T19:58:14","slug":"odyssey-stratos-plus-150-watts-220v","status":"publish","type":"product","link":"https:\/\/hificlub.com.br\/loja\/produto\/odyssey-stratos-plus-150-watts-220v\/","title":{"rendered":"ODYSSEY STRATOS PLUS 150 watts 220v"},"content":{"rendered":"<p>ESTADO 9\/10<\/p>\n<p>Est\u00e9reo ODYSSEY Stratos:<\/p>\n<p>especifica\u00e7\u00f5es do modelo b\u00e1sico:<\/p>\n<p>2 x 150 Watts RMS a 8 Ohms<br \/>\nCarga de 2 Ohm est\u00e1vel<br \/>\nClasse A\/AB<br \/>\nFaixa de frequ\u00eancia de 2 a 400.000 Hz<br \/>\nMem\u00f3ria de 60.000 \u00b5F<br \/>\nEntrega de corrente de 45 amperes<br \/>\n500 fator de amortecimento cont\u00ednuo<br \/>\nImped\u00e2ncia de entrada 22K ohms<br \/>\nDeslocamento CC &lt;1 mV<br \/>\nEntradas RCA e XLR (em ponte)<br \/>\nTransformador Plitron 400 VA<br \/>\nTransistores Planares Epitaxiais Sanken 2SA1216 e 2SC2922<br \/>\nPCB antivibra\u00e7\u00e3o de dupla espessura<br \/>\nConsumo de energia quando inativo \u00b130Watts<br \/>\n4 fus\u00edveis internos 250V\/6,3A, 5x20mm, golpe r\u00e1pido<br \/>\nFus\u00edvel de prote\u00e7\u00e3o el\u00e9trica adicional<br \/>\n54 libras de peso \/ 24,5 kg<br \/>\nDimens\u00f5es: 19 largura x 18 profundidade x 7 altura (pol.) \/<br \/>\n48,3 largura x 45,7 profundidade x 17,8 altura (cm)<br \/>\nEst\u00e9reo Stratos Plus:<\/p>\n<p>melhorias em rela\u00e7\u00e3o ao modelo b\u00e1sico:<\/p>\n<p>Banco de mem\u00f3ria adicional de 60.000 \u00b5F para um total de 120.000 \u00b5F<br \/>\n55 libras\/25 kg de peso<\/p>\n","protected":false},"excerpt":{"rendered":"<p>ESTADO 9\/10 Est\u00e9reo ODYSSEY Stratos: especifica\u00e7\u00f5es do modelo b\u00e1sico: 2 x 150 Watts RMS a 8 Ohms Carga de 2 Ohm est\u00e1vel Classe A\/AB Faixa de frequ\u00eancia de 2 a 400.000 Hz Mem\u00f3ria de 60.000 \u00b5F Entrega de corrente de 45 amperes 500 fator de amortecimento cont\u00ednuo Imped\u00e2ncia de entrada 22K ohms Deslocamento CC &lt;1 [&hellip;]<\/p>\n","protected":false},"featured_media":15284,"template":"","meta":{"_acf_changed":false},"product_brand":[],"product_cat":[15,27,28],"product_tag":[],"class_list":{"0":"post-12531","1":"product","2":"type-product","3":"status-publish","4":"has-post-thumbnail","6":"product_cat-sem-categoria","7":"product_cat-amplificador","8":"product_cat-estereo","10":"first","11":"instock","12":"sold-individually","13":"shipping-taxable","14":"purchasable","15":"product-type-simple"},"acf":[],"aioseo_notices":[],"_links":{"self":[{"href":"https:\/\/hificlub.com.br\/loja\/wp-json\/wp\/v2\/product\/12531","targetHints":{"allow":["GET"]}}],"collection":[{"href":"https:\/\/hificlub.com.br\/loja\/wp-json\/wp\/v2\/product"}],"about":[{"href":"https:\/\/hificlub.com.br\/loja\/wp-json\/wp\/v2\/types\/product"}],"wp:featuredmedia":[{"embeddable":true,"href":"https:\/\/hificlub.com.br\/loja\/wp-json\/wp\/v2\/media\/15284"}],"wp:attachment":[{"href":"https:\/\/hificlub.com.br\/loja\/wp-json\/wp\/v2\/media?parent=12531"}],"wp:term":[{"taxonomy":"product_brand","embeddable":true,"href":"https:\/\/hificlub.com.br\/loja\/wp-json\/wp\/v2\/product_brand?post=12531"},{"taxonomy":"product_cat","embeddable":true,"href":"https:\/\/hificlub.com.br\/loja\/wp-json\/wp\/v2\/product_cat?post=12531"},{"taxonomy":"product_tag","embeddable":true,"href":"https:\/\/hificlub.com.br\/loja\/wp-json\/wp\/v2\/product_tag?post=12531"}],"curies":[{"name":"wp","href":"https:\/\/api.w.org\/{rel}","templated":true}]}}