{"id":12523,"date":"2024-01-02T18:22:06","date_gmt":"2024-01-02T21:22:06","guid":{"rendered":"https:\/\/hificlub.com.br\/loja\/?post_type=product&#038;p=12523"},"modified":"2026-04-03T09:03:29","modified_gmt":"2026-04-03T12:03:29","slug":"svs-sb16-ultra-subwoofer-selado-dsp-control-16-1500-watts","status":"publish","type":"product","link":"https:\/\/hificlub.com.br\/loja\/produto\/svs-sb16-ultra-subwoofer-selado-dsp-control-16-1500-watts\/","title":{"rendered":"SVS SB16 ULTRA Subwoofer Selado DSP Control 16&#8243; 1500 watts"},"content":{"rendered":"<p>Este subwoofer ganhou o t\u00edtulo de &#8220;Ultra&#8221; gra\u00e7as ao seu driver \u00e9pico de 16 polegadas e sa\u00edda de 1.500 watts. Ajuste sua experi\u00eancia de subgraves com o aplicativo DSP para smartphones ou deixe a equaliza\u00e7\u00e3o em seu estado org\u00e2nico e deixe o SB16 fazer o trabalho para voc\u00ea! Voc\u00ea ter\u00e1 dificuldade em encontrar outro subwoofer no mercado com tecnologias t\u00e3o avan\u00e7adas e desempenho de graves.<\/p>\n<p>Um subwoofer para domin\u00e1-los todos. Apresentando o SB16-Ultra.<br \/>\nUma paix\u00e3o implac\u00e1vel por desempenho de graves impressionante e perfei\u00e7\u00e3o de engenharia guiou cada aspecto do design do subwoofer SB16-Ultra. Tecnologia inovadora, design rigoroso e testes extremos em ambientes de laborat\u00f3rio e do mundo real permitiram que a SVS atingisse n\u00edveis de sa\u00edda massivos, extens\u00e3o de frequ\u00eancia extremamente baixa, precis\u00e3o de resposta de frequ\u00eancia quase perfeita e resposta transiente precisa. O \u00e1pice de todos os avan\u00e7os do design da SVS, o SB16-Ultra representa o maior salto em desempenho e inova\u00e7\u00e3o desde o in\u00edcio dos subwoofers.<\/p>\n<p>Engenharia magistral. 3 inova\u00e7\u00f5es revolucion\u00e1rias em subwoofers.<br \/>\nUma dessas inova\u00e7\u00f5es revolucion\u00e1rias teria sido o suficiente para fazer da S\u00e9rie 16-Ultra um feito extraordin\u00e1rio da engenharia, mas a combina\u00e7\u00e3o de tr\u00eas novidades em subwoofers impulsiona o SVS SB16-Ultra para o pante\u00e3o dos melhores produtos de \u00e1udio de todos os tempos.<\/p>\n<p>Novo e enorme driver SVS Ultra de 16 polegadas com bobina m\u00f3vel Edge Wound de 8 polegadas sem precedentes.<br \/>\nAo projetar o maior e mais formid\u00e1vel driver j\u00e1 usado em um subwoofer SVS, era de extrema import\u00e2ncia atender ou exceder os mesmos padr\u00f5es supremos de controle e precis\u00e3o de todos os outros subwoofers que a SVS fabrica. Um grande avan\u00e7o que permite que o SB16-Ultra lide com a for\u00e7a esmagadora de um driver de 16 polegadas \u00e9 a bobina de voz de 8 polegadas, a maior j\u00e1 implantada em um subwoofer de consumidor. Essa inova\u00e7\u00e3o garante distor\u00e7\u00e3o ultrabaixa, dissipa\u00e7\u00e3o de calor eficiente, linearidade excepcional e compress\u00e3o de pot\u00eancia quase zero. Por natureza, drivers maiores s\u00e3o mais dif\u00edceis de controlar, mas o design sem precedentes da bobina de voz garante precis\u00e3o na resposta de frequ\u00eancia e velocidade em transientes sem nunca soar estrondoso.<\/p>\n<p>Empurrando o driver est\u00e3o quatro enormes \u00edm\u00e3s de ferrite toroidais dedicados que liberam uma excurs\u00e3o de pico a pico de 78 mm e os mais altos n\u00edveis de for\u00e7a motora e SPLs palp\u00e1veis. O cone de driver Ultra de 16 polegadas, leve e r\u00edgido, consiste em um composto de resina de fibra de vidro premium com \u00f3tima rela\u00e7\u00e3o rigidez\/massa para maximizar o movimento do ar e da energia sonora sem nunca distorcer ou perder o controle.<\/p>\n<p>Incrivelmente poderoso, novo amplificador Sledge com sa\u00edda MOSFET totalmente discreta e 1.500 Watts cont\u00ednuos e mais de 5.000 Watts de pot\u00eancia de pico.<br \/>\nConservadoramente classificado em 1.500 watts cont\u00ednuos, 5.000+ watts de pot\u00eancia de pico, os MOSFETs de 64 A e 200 Volts do amplificador SB16-Ultra Sledge STA-1500D s\u00e3o o m\u00fasculo s\u00f4nico por tr\u00e1s do que \u00e9 indiscutivelmente o amplificador de subwoofer mais potente e de mais alta fidelidade j\u00e1 desenvolvido. A sa\u00edda discreta do MOSFET resulta em manuseio superior e controle mais r\u00edgido da imensa pot\u00eancia do amplificador e representa uma grande atualiza\u00e7\u00e3o em rela\u00e7\u00e3o aos circuitos integrados encontrados em quase todos os outros subwoofers Classe D.<\/p>\n<p>A pot\u00eancia sem esfor\u00e7o deve ser aproveitada para garantir um comportamento refinado e uma sa\u00edda cristalina nos n\u00edveis de acionamento mais exigentes. Para atingir isso, o subwoofer SB16-Ultra usa o mais avan\u00e7ado DSP de \u00e1udio de 50 MHz da ind\u00fastria de \u00e1udio da Analogue Devices com filtragem de 56 bits para lidar com a pot\u00eancia quase ilimitada, liberando apenas a quantidade perfeita de energia de baixa frequ\u00eancia no momento certo.<\/p>\n<p>Novo aplicativo inovador para smartphone para DSP e controle de subwoofer.<br \/>\nCompat\u00edvel com as plataformas Apple\u00ae e Android\u00ae, o inovador aplicativo para smartphone SB16-Ultra libera toda a profundidade, for\u00e7a e nuance do melhor subwoofer do mundo. O inovador aplicativo para subwoofer SVS controla todas as fun\u00e7\u00f5es DSP e armazena convenientemente predefini\u00e7\u00f5es personalizadas. \u00c9 a maneira mais f\u00e1cil de ajustar os graves que ultrapassam 16 Hz em volumes de refer\u00eancia no conforto do seu assento favorito.<\/p>\n<p>Para maior conveni\u00eancia, o feedback bidirecional mostra atualiza\u00e7\u00f5es em tempo real tanto no aplicativo quanto na interface do subwoofer, e a conectividade Bluetooth permite que ajustes sejam feitos mesmo quando o subwoofer n\u00e3o est\u00e1 \u00e0 vista. O controle tamb\u00e9m est\u00e1 dispon\u00edvel via controle remoto IR e um display intuitivo no painel frontal.<\/p>\n<p>Gabinete acusticamente inerte e rigidamente refor\u00e7ado<br \/>\nUm subwoofer capaz de criar n\u00edveis t\u00e3o extremos de energia sonora requer um design de gabinete igualmente robusto. O SB16-Ultra \u00e9 constru\u00eddo com um defletor frontal de MDF de espessura dupla e refor\u00e7o interno r\u00edgido para suportar a unidade de acionamento maci\u00e7a e garantir um ambiente acusticamente inerte. O design interno altamente refor\u00e7ado elimina qualquer chance de colora\u00e7\u00e3o ou resson\u00e2ncia do gabinete, mesmo quando as frequ\u00eancias mais baixas s\u00e3o tocadas em n\u00edveis de press\u00e3o sonora de refer\u00eancia.<\/p>\n<p>Especifica\u00e7\u00f5es do subwoofer:<br \/>\nOp\u00e7\u00f5es de acabamento em carvalho preto e preto brilhante piano<br \/>\nGrade de malha de a\u00e7o protetora n\u00e3o ressonante<br \/>\nDriver de 16&#8243; de disparo frontal<br \/>\nAmplificador montado na parte traseira<br \/>\nP\u00e9s de borracha parafus\u00e1veis<br \/>\nConstru\u00e7\u00e3o robusta de gabinete em painel de fibra de m\u00e9dia densidade (MDF)<br \/>\nDimens\u00f5es do gabinete: 20&#8243; (A) x 19,5&#8243; (L) x 20,1&#8243; (P) (sem grade)<br \/>\nDimens\u00f5es do gabinete (com grade): 20\u201d (A) X 19,5\u201d (L) X 22,9\u201d (P)<br \/>\nDimens\u00f5es de envio: 24,9&#8243; A x 25,1&#8243; L x 30,3&#8243; P<br \/>\nPeso (sem caixa): 122 libras<br \/>\nPeso enviado: 145,9 libras<\/p>\n<p>Especifica\u00e7\u00f5es do driver:<br \/>\nDriver SVS 16\u201d s\u00e9rie Ultra<br \/>\nCesto de alum\u00ednio fundido com revestimento em p\u00f3<br \/>\nQuatro \u00edm\u00e3s de ferrite de alta qualidade<br \/>\nEstrutura motora otimizada por An\u00e1lise de Elementos Finitos (FEA)<br \/>\nAn\u00e9is de curto-circuito duplo reduzem a indu\u00e7\u00e3o de gap e diminuem a distor\u00e7\u00e3o<br \/>\nA pe\u00e7a polar estendida melhora as propriedades de dissipa\u00e7\u00e3o de calor e gerenciamento t\u00e9rmico<br \/>\nBobina de voz de enrolamento de borda de alta pot\u00eancia com 8\u201d de di\u00e2metro<br \/>\nExcurs\u00e3o Xmech de pico a pico de 78 mm (Xmax de 65 mm)<br \/>\nAranha Nomex atualizada para melhor linearidade e controle do driver em n\u00edveis extremos de dire\u00e7\u00e3o<br \/>\nCabos duplos de cobre de 24 fios e compostos Nomex de alta temperatura fornecem uma conex\u00e3o el\u00e9trica perfeita do amplificador \u00e0 bobina m\u00f3vel<br \/>\nA tampa protetora contra poeira laminada de fibra de vidro premium e a subestrutura de cone composto refor\u00e7ado garantem uma superf\u00edcie radiante leve, estriada e neutra<br \/>\nBorracha de baixo deslizamento e longo alcance para excelente durabilidade e longevidade<\/p>\n<p>Especifica\u00e7\u00f5es do amplificador:<br \/>\nAmplificador DSP Sledge STA-1500D<br \/>\n1.500 watts RMS cont\u00ednuos (pico din\u00e2mico de mais de 5.000 watts)<br \/>\nTopologia de classe D eficiente e de baixo desempenho<br \/>\nO DSP de \u00e1udio anal\u00f3gico de alta resolu\u00e7\u00e3o de 50 MHz com filtragem de precis\u00e3o dupla de 56 bits \u00e9 o processador de subwoofer mais avan\u00e7ado dispon\u00edvel para reprodu\u00e7\u00e3o de \u00e1udio perfeita<br \/>\nO PFC (Corre\u00e7\u00e3o do Fator de Pot\u00eancia) ativo garante a sa\u00edda mais limpa de 1500 W, independentemente da rede el\u00e9trica da sua casa<br \/>\nEntrada\/sa\u00edda est\u00e9reo XLR e RCA com tens\u00e3o de entrada ultra-ampla para aplica\u00e7\u00f5es de \u00e1udio profissionais e de consumo<br \/>\nDisplay frontal pr\u00e1tico com controles de subwoofer e display LED de 8 d\u00edgitos<br \/>\nAplicativo inovador de controle de subwoofer e gerenciamento de graves para smartphones para dispositivos Apple e Android<br \/>\nControle Remoto IR<br \/>\nTr\u00eas equalizadores param\u00e9tricos ajust\u00e1veis \u200b\u200bpelo usu\u00e1rio<br \/>\nControle de volume\/ganho continuamente vari\u00e1vel<br \/>\nControle de fase continuamente vari\u00e1vel (0-180 graus)<br \/>\nFrequ\u00eancia de filtro passa-baixo continuamente vari\u00e1vel (30-200 Hz) de 6, 12, 18 ou 24 dB\/oitava com configura\u00e7\u00e3o de desabilita\u00e7\u00e3o\/LFE<br \/>\nInterruptor de energia principal<br \/>\nControles de ativa\u00e7\u00e3o\/desativa\u00e7\u00e3o autom\u00e1tica\/gatilho<br \/>\nGatilho 3-12V com entrada mini-jack TRS de 1\/8\u201d (3,5 mm)<br \/>\nModo de espera verde com consumo &gt; 0,5 watts<br \/>\nImped\u00e2ncia de entrada 22kohm (RCA)\/ 22kohm (XLR).<br \/>\nConstru\u00e7\u00e3o sem chumbo, em conformidade com RoHS e certifica\u00e7\u00f5es de seguran\u00e7a em todo o mundo<br \/>\nCabo de alimenta\u00e7\u00e3o destac\u00e1vel<\/p>\n","protected":false},"excerpt":{"rendered":"<p>Este subwoofer ganhou o t\u00edtulo de &#8220;Ultra&#8221; gra\u00e7as ao seu driver \u00e9pico de 16 polegadas e sa\u00edda de 1.500 watts. Ajuste sua experi\u00eancia de subgraves com o aplicativo DSP para smartphones ou deixe a equaliza\u00e7\u00e3o em seu estado org\u00e2nico e deixe o SB16 fazer o trabalho para voc\u00ea! Voc\u00ea ter\u00e1 dificuldade em encontrar outro subwoofer [&hellip;]<\/p>\n","protected":false},"featured_media":20133,"template":"","meta":{"_acf_changed":false},"product_brand":[],"product_cat":[17,36,140],"product_tag":[],"class_list":{"0":"post-12523","1":"product","2":"type-product","3":"status-publish","4":"has-post-thumbnail","6":"product_cat-caixas","7":"product_cat-subwoofer","8":"product_cat-svs","10":"first","11":"instock","12":"sold-individually","13":"shipping-taxable","14":"purchasable","15":"product-type-simple"},"acf":[],"aioseo_notices":[],"_links":{"self":[{"href":"https:\/\/hificlub.com.br\/loja\/wp-json\/wp\/v2\/product\/12523","targetHints":{"allow":["GET"]}}],"collection":[{"href":"https:\/\/hificlub.com.br\/loja\/wp-json\/wp\/v2\/product"}],"about":[{"href":"https:\/\/hificlub.com.br\/loja\/wp-json\/wp\/v2\/types\/product"}],"wp:featuredmedia":[{"embeddable":true,"href":"https:\/\/hificlub.com.br\/loja\/wp-json\/wp\/v2\/media\/20133"}],"wp:attachment":[{"href":"https:\/\/hificlub.com.br\/loja\/wp-json\/wp\/v2\/media?parent=12523"}],"wp:term":[{"taxonomy":"product_brand","embeddable":true,"href":"https:\/\/hificlub.com.br\/loja\/wp-json\/wp\/v2\/product_brand?post=12523"},{"taxonomy":"product_cat","embeddable":true,"href":"https:\/\/hificlub.com.br\/loja\/wp-json\/wp\/v2\/product_cat?post=12523"},{"taxonomy":"product_tag","embeddable":true,"href":"https:\/\/hificlub.com.br\/loja\/wp-json\/wp\/v2\/product_tag?post=12523"}],"curies":[{"name":"wp","href":"https:\/\/api.w.org\/{rel}","templated":true}]}}