{"id":12383,"date":"2024-01-02T18:21:17","date_gmt":"2024-01-02T21:21:17","guid":{"rendered":"https:\/\/hificlub.com.br\/loja\/?post_type=product&#038;p=12383"},"modified":"2026-03-03T22:18:37","modified_gmt":"2026-03-04T01:18:37","slug":"quad-vena-2-integrado-c-bluetooth-dac-mm-phono-45-watts","status":"publish","type":"product","link":"https:\/\/hificlub.com.br\/loja\/produto\/quad-vena-2-integrado-c-bluetooth-dac-mm-phono-45-watts\/","title":{"rendered":"QUAD VENA 2 Integrado c\/ Bluetooth, DAC, MM Phono, 45 watts"},"content":{"rendered":"<p>ESTADO 9\/10<\/p>\n<p>Amplificador Integrado<br \/>\nCom base nos pontos fortes do seu antecessor, o Vena II \u00e9 uma forma excepcionalmente elegante e conveniente de trazer um verdadeiro som de alta fidelidade \u00e0 natureza variada das cole\u00e7\u00f5es de m\u00fasica modernas &#8211; desde vinil e CD at\u00e9 streaming digital e arquivos de alta resolu\u00e7\u00e3o &#8211; atrav\u00e9s de todos os modos de dispositivos de reprodu\u00e7\u00e3o.<\/p>\n<p>EST\u00c9TICA INTELIGENTE<br \/>\nO tamanho reduzido do Vena II (em compara\u00e7\u00e3o com muitos amplificadores de sua classe) permite um posicionamento flex\u00edvel e garante que o amplificador se encaixe perfeitamente em uma variedade de ambientes. O design elegante do amplificador \u00e9 aprimorado por uma escolha de quatro acabamentos: o cl\u00e1ssico Lancaster Grey da QUAD \u00e9 a op\u00e7\u00e3o padr\u00e3o, enquanto tr\u00eas acabamentos premium \u2013 Sapele Mahogany, Gloss Black e Gloss White \u2013 envolvem a caixa de alum\u00ednio do Vena II em madeira folheada ou lacada.<\/p>\n<p>MELHORIAS SIGNIFICATIVAS<br \/>\nA se\u00e7\u00e3o de amplificadores de pot\u00eancia Classe AB agora possui uma fonte de alimenta\u00e7\u00e3o atualizada, um novo transformador toroidal de 200VA em seu cora\u00e7\u00e3o. Isto \u00e9 seguido por uma capacidade de reservat\u00f3rio de 2x15000uF (30000uF no total), ajudando o amplificador a manter um controle firme da m\u00fasica, ao mesmo tempo que permite uma excelente faixa din\u00e2mica.<\/p>\n<p>Os amantes do vinil apreciar\u00e3o a adi\u00e7\u00e3o de um est\u00e1gio phono para mover cartuchos magn\u00e9ticos \u2013 um circuito baseado em JFET de alta qualidade e baixo ru\u00eddo com equaliza\u00e7\u00e3o RIAA precisa.<\/p>\n<p>Os usu\u00e1rios de fones de ouvido tamb\u00e9m s\u00e3o mais bem atendidos. O Vena original inclu\u00eda uma sa\u00edda de fone de ouvido, mas ela estava conectada ao est\u00e1gio de sa\u00edda principal do amplificador, em vez de a um circuito especializado de amplificador de fone de ouvido. O Vena II incorpora um amplificador de fone de ouvido dedicado com circuito de feedback de corrente, sua largura de banda de ganho e alta taxa de varia\u00e7\u00e3o proporcionam um desempenho mais din\u00e2mico, detalhado e envolvente com todos os tipos de fones de ouvido.<\/p>\n<p>A simplicidade \u00e9 a chave para o design externo do Vena II. A equipe de design da QUAD selecionou o streaming sem fio Bluetooth, com suporte para o codec aptX, para garantir f\u00e1cil emparelhamento com todos os tipos de smartphones, tablets, PCs e Macs \u2013 habilmente implementado para oferecer um equil\u00edbrio h\u00e1bil entre qualidade e conveni\u00eancia. O Vena II parece um amplificador hi-fi tradicional, com seus controles descomplicados montados na frente e controle remoto simples, mas suas especifica\u00e7\u00f5es s\u00e3o de \u00faltima gera\u00e7\u00e3o.<\/p>\n<p>Muitas conex\u00f5es de cabos aumentam a flexibilidade do amplificador. As entradas para fontes digitais incluem USB ass\u00edncrono e tr\u00eas soquetes S\/PDIF (um coaxial e dois \u00f3pticos), enquanto as sa\u00eddas digitais s\u00e3o fornecidas em sabores \u00f3pticos e coaxiais. Os sinais anal\u00f3gicos s\u00e3o fornecidos por tr\u00eas entradas RCA est\u00e9reo \u2013 duas de n\u00edvel de linha mais a nova entrada MM phono para toca-discos \u2013 enquanto os soquetes pr\u00e9-sa\u00eddas permitem a adi\u00e7\u00e3o de um amplificador de pot\u00eancia externo.<\/p>\n<p>Especifica\u00e7\u00f5es<br \/>\nModelo\tVENA II<br \/>\nSe\u00e7\u00e3o de pr\u00e9-amplificador<br \/>\nEntradas Anal\u00f3gicas\t2x RCA de n\u00edvel de linha \/ 1x fono MM<br \/>\nSa\u00eddas Anal\u00f3gicas\t1 x RCA (pr\u00e9-sa\u00edda)<br \/>\nSensibilidade de entrada anal\u00f3gica\t450mV (n\u00edvel de linha) \/ 4,1mV (MM phono)<br \/>\nImped\u00e2ncia de entrada anal\u00f3gica\t10k\u03a9 (n\u00edvel de linha); 47k\u03a9 \/ 100pF (MM fono)<br \/>\nResposta de frequ\u00eancia\t20Hz-20kHz (+\/- 0,5dB)<br \/>\nDistor\u00e7\u00e3o Harm\u00f4nica Total (THD)\t 110dB (ponderado A)<br \/>\nSe\u00e7\u00e3o de amplificador de pot\u00eancia<br \/>\nPot\u00eancia da sa\u00edda\t2x 45W RMS (8\u03a9) \/ 2x 65W RMS (4\u03a9)<br \/>\nResposta de frequ\u00eancia\t20Hz-20kHz (+\/- 0,5dB)<br \/>\nDistor\u00e7\u00e3o Harm\u00f4nica Total (THD)\t 108dB (ponderado A)<br \/>\nSe\u00e7\u00e3o Digital<br \/>\nChip DAC\tESS Sabre32 ES9018K2M<br \/>\nEntradas Digitais\t2x \u00f3ptico; 1x coaxial; 1xUSB Tipo A; aptX Bluetooth<br \/>\nFrequ\u00eancia m\u00e1xima de amostragem \u2013 USB\tPCM de 384kHz; DSD256<br \/>\nFrequ\u00eancia m\u00e1xima de amostragem \u2013 \u00f3ptica\/coaxial\tPCM de 192kHz<br \/>\nSa\u00eddas Digitais\t1x coaxial; 1x \u00f3ptico<\/p>\n","protected":false},"excerpt":{"rendered":"<p>ESTADO 9\/10 Amplificador Integrado Com base nos pontos fortes do seu antecessor, o Vena II \u00e9 uma forma excepcionalmente elegante e conveniente de trazer um verdadeiro som de alta fidelidade \u00e0 natureza variada das cole\u00e7\u00f5es de m\u00fasica modernas &#8211; desde vinil e CD at\u00e9 streaming digital e arquivos de alta resolu\u00e7\u00e3o &#8211; atrav\u00e9s de todos [&hellip;]<\/p>\n","protected":false},"featured_media":17137,"template":"","meta":{"_acf_changed":false},"product_brand":[],"product_cat":[27,51,162],"product_tag":[],"class_list":{"0":"post-12383","1":"product","2":"type-product","3":"status-publish","4":"has-post-thumbnail","6":"product_cat-amplificador","7":"product_cat-integrado","8":"product_cat-quad","10":"first","11":"instock","12":"sold-individually","13":"shipping-taxable","14":"purchasable","15":"product-type-simple"},"acf":[],"aioseo_notices":[],"_links":{"self":[{"href":"https:\/\/hificlub.com.br\/loja\/wp-json\/wp\/v2\/product\/12383","targetHints":{"allow":["GET"]}}],"collection":[{"href":"https:\/\/hificlub.com.br\/loja\/wp-json\/wp\/v2\/product"}],"about":[{"href":"https:\/\/hificlub.com.br\/loja\/wp-json\/wp\/v2\/types\/product"}],"wp:featuredmedia":[{"embeddable":true,"href":"https:\/\/hificlub.com.br\/loja\/wp-json\/wp\/v2\/media\/17137"}],"wp:attachment":[{"href":"https:\/\/hificlub.com.br\/loja\/wp-json\/wp\/v2\/media?parent=12383"}],"wp:term":[{"taxonomy":"product_brand","embeddable":true,"href":"https:\/\/hificlub.com.br\/loja\/wp-json\/wp\/v2\/product_brand?post=12383"},{"taxonomy":"product_cat","embeddable":true,"href":"https:\/\/hificlub.com.br\/loja\/wp-json\/wp\/v2\/product_cat?post=12383"},{"taxonomy":"product_tag","embeddable":true,"href":"https:\/\/hificlub.com.br\/loja\/wp-json\/wp\/v2\/product_tag?post=12383"}],"curies":[{"name":"wp","href":"https:\/\/api.w.org\/{rel}","templated":true}]}}