{"id":12293,"date":"2024-01-02T18:20:56","date_gmt":"2024-01-02T21:20:56","guid":{"rendered":"https:\/\/hificlub.com.br\/loja\/?post_type=product&#038;p=12293"},"modified":"2024-10-07T16:58:15","modified_gmt":"2024-10-07T19:58:15","slug":"velodyne-vrp12-12-200-watts","status":"publish","type":"product","link":"https:\/\/hificlub.com.br\/loja\/produto\/velodyne-vrp12-12-200-watts\/","title":{"rendered":"VELODYNE VRP-12  12&#8243;  195 WATTS"},"content":{"rendered":"<p>ESTADO 9\/10<\/p>\n<p>Complete seu sistema de som com este subwoofer de 12&#8243; da Velodyne. Ele apresenta um design com porta traseira por menos distor\u00e7\u00e3o aud\u00edvel e \u00e9 protegido magneticamente para que voc\u00ea possa coloc\u00e1-lo pr\u00f3ximo \u00e0 sua TV ou outros componentes est\u00e9reo sem causar interfer\u00eancia.<\/p>\n<p><b>ESPECIFICA\u00c7\u00d5ES<\/b><br \/>\nWoofer: disparo direto de 12&#8243; (30,5 cm) (di\u00e2metro do pist\u00e3o de 9,7&#8243;)<br \/>\nAmplificador: MOS monol\u00edtico Classe A\/B:<br \/>\n195 watts Design de gabinete\u00a0de energia RMS din\u00e2mico \/ 130 watts<br \/>\nAcusticamente neutro, porta traseira<br \/>\nResposta de frequ\u00eancia 29 &#8211; 140 Hz (+\/-3 dB)<br \/>\nBobina de voz: 2\u201d enrolada em cobre<br \/>\nCone: fibra revestida<br \/>\nPassagem de n\u00edvel de alto-falante:<br \/>\npassagem baixa de faixa completa\u00a0Crossover: 50 &#8211; 200 Hz<br \/>\nSa\u00eddas: Passagem de n\u00edvel de alto-falante esquerdo e direito<br \/>\nEntradas: Entradas de n\u00edvel de linha RCA, LFE e n\u00edvel de alto-falante<br \/>\nFase: 0\u00b0 ou 180\u00b0<br \/>\nAuto On\/Off Grade<br \/>\nremov\u00edvel<br \/>\nBlindagem de v\u00eddeo<br \/>\nLED Indicador de energia<br \/>\nImped\u00e2ncia de entrada:<br \/>\n65K ohm (para conectores LINE INPUT)<br \/>\n1,2K ohm (para terminais SPEAKER LEVEL INPUT)<br \/>\nSensibilidade Linha de n\u00edvel de alto-falante: 1,0V 100 mV<br \/>\nFonte de alimenta\u00e7\u00e3o: 120V, 60 Hz<br \/>\nConsumo de energia CA: 75 watts<br \/>\nGabinete: (H,W,D) com grelha : 16,5\u201d x 14,5\u201d x 18,75\u201d \/ 42 x 37 x 48 cm<br \/>\nPeso (aprox.): 44 lbs.\u00a0(20kg)<\/p>\n","protected":false},"excerpt":{"rendered":"<p>ESTADO 9\/10 Complete seu sistema de som com este subwoofer de 12&#8243; da Velodyne. Ele apresenta um design com porta traseira por menos distor\u00e7\u00e3o aud\u00edvel e \u00e9 protegido magneticamente para que voc\u00ea possa coloc\u00e1-lo pr\u00f3ximo \u00e0 sua TV ou outros componentes est\u00e9reo sem causar interfer\u00eancia. ESPECIFICA\u00c7\u00d5ES Woofer: disparo direto de 12&#8243; (30,5 cm) (di\u00e2metro do [&hellip;]<\/p>\n","protected":false},"featured_media":13417,"template":"","meta":{"_acf_changed":false},"product_brand":[],"product_cat":[15,17,36,143],"product_tag":[],"class_list":{"0":"post-12293","1":"product","2":"type-product","3":"status-publish","4":"has-post-thumbnail","6":"product_cat-sem-categoria","7":"product_cat-caixas","8":"product_cat-subwoofer","9":"product_cat-velodyne","11":"first","12":"instock","13":"sold-individually","14":"shipping-taxable","15":"purchasable","16":"product-type-simple"},"acf":[],"aioseo_notices":[],"_links":{"self":[{"href":"https:\/\/hificlub.com.br\/loja\/wp-json\/wp\/v2\/product\/12293","targetHints":{"allow":["GET"]}}],"collection":[{"href":"https:\/\/hificlub.com.br\/loja\/wp-json\/wp\/v2\/product"}],"about":[{"href":"https:\/\/hificlub.com.br\/loja\/wp-json\/wp\/v2\/types\/product"}],"wp:featuredmedia":[{"embeddable":true,"href":"https:\/\/hificlub.com.br\/loja\/wp-json\/wp\/v2\/media\/13417"}],"wp:attachment":[{"href":"https:\/\/hificlub.com.br\/loja\/wp-json\/wp\/v2\/media?parent=12293"}],"wp:term":[{"taxonomy":"product_brand","embeddable":true,"href":"https:\/\/hificlub.com.br\/loja\/wp-json\/wp\/v2\/product_brand?post=12293"},{"taxonomy":"product_cat","embeddable":true,"href":"https:\/\/hificlub.com.br\/loja\/wp-json\/wp\/v2\/product_cat?post=12293"},{"taxonomy":"product_tag","embeddable":true,"href":"https:\/\/hificlub.com.br\/loja\/wp-json\/wp\/v2\/product_tag?post=12293"}],"curies":[{"name":"wp","href":"https:\/\/api.w.org\/{rel}","templated":true}]}}