{"id":1178,"date":"2023-10-17T19:54:39","date_gmt":"2023-10-17T22:54:39","guid":{"rendered":"https:\/\/hificlub.com.br\/loja2\/produto\/audioquest-colorado-xlr-1-metro\/"},"modified":"2026-03-16T07:01:20","modified_gmt":"2026-03-16T10:01:20","slug":"audioquest-colorado-xlr-1-metro","status":"publish","type":"product","link":"https:\/\/hificlub.com.br\/loja\/produto\/audioquest-colorado-xlr-1-metro\/","title":{"rendered":"AUDIOQUEST COLORADO XLR 72V DBS   1 metro"},"content":{"rendered":"<p>Estado de conserva\u00e7\u00e3o: <strong>9\/10<\/strong><\/p>\n<div class=\"col-md-9 LimitContentHeightMn\">\n<div class=\"LimitContentHeightCntnt\">\n<div class=\"LimitContentHeightCntntFrm\">\n<h3><span dir=\"auto\" style=\"vertical-align: inherit\"><span dir=\"auto\" style=\"vertical-align: inherit\">Cabos de interconex\u00e3o AudioQuest Colorado: Ou\u00e7a os detalhes sonoros, a din\u00e2mica, a transpar\u00eancia e a presen\u00e7a adicionais das fontes anal\u00f3gicas e digitais de \u00faltima gera\u00e7\u00e3o.<\/span><\/span><\/h3>\n<p><span dir=\"auto\" style=\"vertical-align: inherit\"><span dir=\"auto\" style=\"vertical-align: inherit\">Com os avan\u00e7os significativos nos campos anal\u00f3gico e digital, que continuam a trazer mais detalhes, transpar\u00eancia, din\u00e2mica e corpo \u00e0 reprodu\u00e7\u00e3o musical, a import\u00e2ncia de incluir\u00a0 <\/span><\/span><strong><span dir=\"auto\" style=\"vertical-align: inherit\"><span dir=\"auto\" style=\"vertical-align: inherit\">cabos de interconex\u00e3o de alta resolu\u00e7\u00e3o<\/span><\/span><\/strong><span dir=\"auto\" style=\"vertical-align: inherit\"><span dir=\"auto\" style=\"vertical-align: inherit\"> \u00a0como\u00a0 <\/span><\/span><strong><span dir=\"auto\" style=\"vertical-align: inherit\"><span dir=\"auto\" style=\"vertical-align: inherit\">o AudioQuest Colorado<\/span><\/span><\/strong><span dir=\"auto\" style=\"vertical-align: inherit\"><span dir=\"auto\" style=\"vertical-align: inherit\"> em seu sistema torna-se ineg\u00e1vel. O que antes era considerado um luxo por alguns audi\u00f3filos exigentes agora \u00e9 parte indispens\u00e1vel para uma experi\u00eancia sonora envolvente, emocionante, realista e que prende o ouvinte. Assim como o estado do oeste americano que lhe d\u00e1 nome, o\u00a0 <\/span><\/span><strong><span dir=\"auto\" style=\"vertical-align: inherit\"><span dir=\"auto\" style=\"vertical-align: inherit\">Colorado, premiado com o Golden Ear Award,<\/span><\/span><\/strong><span dir=\"auto\" style=\"vertical-align: inherit\"><span dir=\"auto\" style=\"vertical-align: inherit\"> \u00a0\u00e9 magn\u00edfico, constru\u00eddo com os mais altos padr\u00f5es de qualidade e possuindo uma gama de tecnologias patenteadas respons\u00e1veis \u200b\u200bpor seu desempenho aparentemente sem esfor\u00e7o e indiscutivelmente neutro.<\/span><\/span><\/p>\n<p><strong><span dir=\"auto\" style=\"vertical-align: inherit\"><span dir=\"auto\" style=\"vertical-align: inherit\">O Sistema de Dissipa\u00e7\u00e3o de Ru\u00eddo da AudioQuest<\/span><\/span><\/strong><span dir=\"auto\" style=\"vertical-align: inherit\"><span dir=\"auto\" style=\"vertical-align: inherit\"> \u00a0proporciona blindagem que praticamente elimina o ru\u00eddo a\u00e9reo, resultando em espacialidade tridimensional, imagem e palco sonoro.\u00a0 <\/span><\/span><strong><span dir=\"auto\" style=\"vertical-align: inherit\"><span dir=\"auto\" style=\"vertical-align: inherit\">O isolamento FEP Air-Tube<\/span><\/span><\/strong><span dir=\"auto\" style=\"vertical-align: inherit\"><span dir=\"auto\" style=\"vertical-align: inherit\"> \u00a0elimina a distor\u00e7\u00e3o e permite precis\u00e3o, velocidade, coes\u00e3o e energia de n\u00edvel de refer\u00eancia.\u00a0 <\/span><strong><span dir=\"auto\" style=\"vertical-align: inherit\">O Sistema de Polariza\u00e7\u00e3o Diel\u00e9trica<\/span><\/strong><span dir=\"auto\" style=\"vertical-align: inherit\"> com tripla patente do\u00a0 <\/span><\/span><strong><span dir=\"auto\" style=\"vertical-align: inherit\"><span dir=\"auto\" style=\"vertical-align: inherit\">Colorado permite que a m\u00fasica revele detalhes e din\u00e2mica vibrantes, como as obras-primas pontilhistas expostas no Instituto de Arte de Chicago. De fato, ouvir m\u00fasica atrav\u00e9s do <\/span><\/span><\/strong><span dir=\"auto\" style=\"vertical-align: inherit\"><strong><span dir=\"auto\" style=\"vertical-align: inherit\">Colorado<\/span><\/strong><span dir=\"auto\" style=\"vertical-align: inherit\"> \u00a0, ultratransparente e sem obstru\u00e7\u00f5es,\u00a0 <\/span><span dir=\"auto\" style=\"vertical-align: inherit\">\u00a0far\u00e1 com que todos os seus discos e arquivos pare\u00e7am dignos de museu.\u00a0<\/span><\/span><\/p>\n<p><strong><em><span dir=\"auto\" style=\"vertical-align: inherit\"><span dir=\"auto\" style=\"vertical-align: inherit\">&#8220;O Colorado oferece uma defini\u00e7\u00e3o e clareza substancialmente maiores em baixos n\u00edveis de volume. A ess\u00eancia dessa melhoria reside no aumento de detalhes em todos os n\u00edveis, revelando sons musicais de baix\u00edssimo n\u00edvel. Esta nova gera\u00e7\u00e3o, no entanto, proporciona um n\u00edvel de detalhamento musicalmente natural que \u00e9 verdadeiramente excepcional. Estou usando-os como uma das minhas principais refer\u00eancias.&#8221;<\/span><\/span><\/em><\/strong><br \/>\n<span dir=\"auto\" style=\"vertical-align: inherit\"><span dir=\"auto\" style=\"vertical-align: inherit\"> \u2013 Anthony Cordesman,\u00a0<\/span><\/span><em><span dir=\"auto\" style=\"vertical-align: inherit\"><span dir=\"auto\" style=\"vertical-align: inherit\"> The Absolute Sound<\/span><\/span><\/em><\/p>\n<p><strong><span dir=\"auto\" style=\"vertical-align: inherit\"><span dir=\"auto\" style=\"vertical-align: inherit\">Condutores de Cobre S\u00f3lido com Superf\u00edcie Perfeita+ (PSC+)<\/span><\/span><\/strong><br \/>\n<span dir=\"auto\" style=\"vertical-align: inherit\"><span dir=\"auto\" style=\"vertical-align: inherit\"> O Cobre com Superf\u00edcie Perfeita+ possui uma superf\u00edcie incrivelmente lisa e pura. Uma tecnologia propriet\u00e1ria de processamento de metais protege a superf\u00edcie do fio em todas as etapas de trefila\u00e7\u00e3o e fabrica\u00e7\u00e3o. Quando o cobre de alta pureza e baixo teor de \u00f3xido \u00e9 mantido o mais macio, puro e liso poss\u00edvel, ele se torna um condutor PSC+ com baix\u00edssima distor\u00e7\u00e3o. O PSC+ \u00e9 fabricado aplicando-se a mesma tecnologia excepcional ao cobre ultrapuro. A qualidade sonora resultante \u00e9 mais focada e simplesmente menos intrusiva. O PSC+ supera todos os metais de cobre dispon\u00edveis anteriormente, independentemente do pre\u00e7o. Todos os condutores da Colorado s\u00e3o s\u00f3lidos. A intera\u00e7\u00e3o el\u00e9trica e magn\u00e9tica entre os filamentos em um cabo convencional \u00e9 a maior fonte de distor\u00e7\u00e3o, muitas vezes causando um som um tanto sujo e \u00e1spero. Condutores s\u00f3lidos s\u00e3o fundamentais para alcan\u00e7ar o som extremamente limpo da Colorado.<\/span><\/span><\/p>\n<p><strong><span dir=\"auto\" style=\"vertical-align: inherit\"><span dir=\"auto\" style=\"vertical-align: inherit\">Isolamento de tubo de ar em FEP (fluoropol\u00edmero):<\/span><\/span><\/strong><br \/>\n<span dir=\"auto\" style=\"vertical-align: inherit\"><span dir=\"auto\" style=\"vertical-align: inherit\"> Qualquer material s\u00f3lido adjacente a um condutor faz parte de um circuito imperfeito. O isolamento dos fios e os materiais das placas de circuito impresso absorvem energia (perda). Parte dessa energia \u00e9 armazenada e posteriormente liberada como distor\u00e7\u00e3o. Todos os condutores do Colorado utilizam isolamento de tubo de ar simplesmente porque o ar absorve uma quantidade infinitesimal de energia. O FEP \u00e9 o melhor isolante s\u00f3lido extrud\u00e1vel e absorve menos energia do que outros materiais. Os tubos de ar em FEP usados \u200b\u200bno Colorado t\u00eam praticamente apenas ar ao redor dos condutores s\u00f3lidos de PSC+.<\/span><\/span><\/p>\n<p><strong><span dir=\"auto\" style=\"vertical-align: inherit\"><span dir=\"auto\" style=\"vertical-align: inherit\">Sistema de Polariza\u00e7\u00e3o Diel\u00e9trica (DBS):<\/span><\/span><\/strong><br \/>\n<span dir=\"auto\" style=\"vertical-align: inherit\"><span dir=\"auto\" style=\"vertical-align: inherit\"> Todo isolamento retarda o sinal no condutor interno. Quando o isolamento n\u00e3o est\u00e1 polarizado, ele retarda partes do sinal de forma diferente, um grande problema para \u00e1udio multi-oitava com sensibilidade temporal. O DBS da AudioQuest cria um campo eletrost\u00e1tico forte e est\u00e1vel que satura e polariza (organiza) as mol\u00e9culas do isolamento. Isso minimiza tanto o armazenamento de energia no isolamento quanto os m\u00faltiplos atrasos temporais n\u00e3o lineares que ocorrem. O som surge de um fundo surpreendentemente silencioso, com detalhes inesperados e contraste din\u00e2mico. As baterias do DBS duram anos. Um bot\u00e3o de teste e um LED permitem a verifica\u00e7\u00e3o ocasional da bateria.<\/span><\/span><\/p>\n<p><strong><span dir=\"auto\" style=\"vertical-align: inherit\"><span dir=\"auto\" style=\"vertical-align: inherit\">Sistema de Dissipa\u00e7\u00e3o de Ru\u00eddo (NDS) de 3 Camadas \u00e0 Base de Carbono:<\/span><\/span><\/strong><br \/>\n<span dir=\"auto\" style=\"vertical-align: inherit\"><span dir=\"auto\" style=\"vertical-align: inherit\"> Impedir que a interfer\u00eancia de radiofrequ\u00eancia (RFI) capturada module a refer\u00eancia de aterramento do equipamento exige o Sistema de Dissipa\u00e7\u00e3o de Ru\u00eddo da AQ. Materiais sint\u00e9ticos com carga de metal e carbono impedem que a maior parte da RFI atinja o plano de aterramento do equipamento.<\/span><\/span><\/p>\n<p><strong><span dir=\"auto\" style=\"vertical-align: inherit\"><span dir=\"auto\" style=\"vertical-align: inherit\">Geometria Triplamente Balanceada:<\/span><\/span><\/strong><br \/>\n<span dir=\"auto\" style=\"vertical-align: inherit\"><span dir=\"auto\" style=\"vertical-align: inherit\"> Os tr\u00eas condutores dos cabos Colorado &#8220;triplamente balanceados&#8221; garantem que, independentemente de estarem equipados com conectores RCA ou XLR, os sinais positivo e negativo tenham caminhos de condu\u00e7\u00e3o com distor\u00e7\u00e3o igualmente baixa.<\/span><\/span><\/p>\n<p><strong><span dir=\"auto\" style=\"vertical-align: inherit\"><span dir=\"auto\" style=\"vertical-align: inherit\">Sistema de cobre OCC puro banhado a prata com soldagem a frio direta.<\/span><\/span><\/strong><br \/>\n<span dir=\"auto\" style=\"vertical-align: inherit\"><span dir=\"auto\" style=\"vertical-align: inherit\"> Este design de plugue permite uma conex\u00e3o perfeita e sem aquecimento entre o cabo e o plugue. A conex\u00e3o entre o plugue e os condutores \u00e9 feita usando o Sistema de Soldagem a Frio da AQ, que proporciona uma conex\u00e3o superior, garantindo que a integridade estrutural do condutor permane\u00e7a completamente intacta. O Sistema de Soldagem a Frio refere-se a uma combina\u00e7\u00e3o de alta press\u00e3o no ponto de contato e ao uso de pasta impregnada com cobre.<\/span><\/span><\/p>\n<\/div>\n<\/div>\n<div class=\"LimitContentHeightExpnd Min\"><\/div>\n<\/div>\n","protected":false},"excerpt":{"rendered":"<p>Estado de conserva\u00e7\u00e3o: 9\/10 Cabos de interconex\u00e3o AudioQuest Colorado: Ou\u00e7a os detalhes sonoros, a din\u00e2mica, a transpar\u00eancia e a presen\u00e7a adicionais das fontes anal\u00f3gicas e digitais de \u00faltima gera\u00e7\u00e3o. Com os avan\u00e7os significativos nos campos anal\u00f3gico e digital, que continuam a trazer mais detalhes, transpar\u00eancia, din\u00e2mica e corpo \u00e0 reprodu\u00e7\u00e3o musical, a import\u00e2ncia de incluir\u00a0 [&hellip;]<\/p>\n","protected":false},"featured_media":1177,"template":"","meta":{"_acf_changed":false},"product_brand":[],"product_cat":[68,61,73],"product_tag":[],"class_list":{"0":"post-1178","1":"product","2":"type-product","3":"status-publish","4":"has-post-thumbnail","6":"product_cat-audioquest","7":"product_cat-cabos","8":"product_cat-interconnect-xlr","10":"first","11":"outofstock","12":"sold-individually","13":"shipping-taxable","14":"purchasable","15":"product-type-simple"},"acf":[],"aioseo_notices":[],"_links":{"self":[{"href":"https:\/\/hificlub.com.br\/loja\/wp-json\/wp\/v2\/product\/1178","targetHints":{"allow":["GET"]}}],"collection":[{"href":"https:\/\/hificlub.com.br\/loja\/wp-json\/wp\/v2\/product"}],"about":[{"href":"https:\/\/hificlub.com.br\/loja\/wp-json\/wp\/v2\/types\/product"}],"wp:featuredmedia":[{"embeddable":true,"href":"https:\/\/hificlub.com.br\/loja\/wp-json\/wp\/v2\/media\/1177"}],"wp:attachment":[{"href":"https:\/\/hificlub.com.br\/loja\/wp-json\/wp\/v2\/media?parent=1178"}],"wp:term":[{"taxonomy":"product_brand","embeddable":true,"href":"https:\/\/hificlub.com.br\/loja\/wp-json\/wp\/v2\/product_brand?post=1178"},{"taxonomy":"product_cat","embeddable":true,"href":"https:\/\/hificlub.com.br\/loja\/wp-json\/wp\/v2\/product_cat?post=1178"},{"taxonomy":"product_tag","embeddable":true,"href":"https:\/\/hificlub.com.br\/loja\/wp-json\/wp\/v2\/product_tag?post=1178"}],"curies":[{"name":"wp","href":"https:\/\/api.w.org\/{rel}","templated":true}]}}