{"id":11518,"date":"2024-01-02T18:16:54","date_gmt":"2024-01-02T21:16:54","guid":{"rendered":"https:\/\/hificlub.com.br\/loja\/?post_type=product&#038;p=11518"},"modified":"2026-02-09T11:04:34","modified_gmt":"2026-02-09T14:04:34","slug":"focal-aria-948-black-piano","status":"publish","type":"product","link":"https:\/\/hificlub.com.br\/loja\/produto\/focal-aria-948-black-piano\/","title":{"rendered":"FOCAL ARIA 948 Black Piano"},"content":{"rendered":"<p>Descri\u00e7\u00e3o Geral<br \/>\nCaixa Torre Focal Aria 948 Par Consulte Frete Antes Preto<\/p>\n<p>Informa\u00e7\u00f5es do Produto:<br \/>\nA Focal est\u00e1 mais uma vez demonstrando seu know-how e sua vontade de inovar de novo e de novo. N\u00e3o menos de 5 anos foram necess\u00e1rios para o desenvolvimento da nova gama Aria. A Focal criou uma s\u00e9rie de alto-falantes in\u00e9ditos de baixo e m\u00e9dio, chamada Flax. Dezoito anos ap\u00f3s a introdu\u00e7\u00e3o da estrutura em sandu\u00edche da s\u00e9rie W, a linha Flax assume o princ\u00edpio ao incorporar novos materiais. Assim, a membrana dos alto-falantes de graves e m\u00e9dios \u00e9 composta por uma sandu\u00edche de duas folhas de fibras de vidro envolvendo uma fina camada de linho. O linho natural foi escolhido por suas propriedades mec\u00e2nicas: \u00e9 uma fibra oca ideal para conciliar neutralidade e leveza, cuja baixa elasticidade e alta rigidez s\u00e3o compar\u00e1veis \u00bf\u00bfao carbono e ao Kevlar. Os altifalantes da Aria focal 948 tem ta\u00e7as Zamak injectado (liga de zinco, de alum\u00ednio e de magn\u00e9sio, e luz ultra-r\u00edgida Outra novidade. TNF tweeter, alum\u00ednio camp\u00e2nula invertida e magn\u00e9sio, emprega um Poron suspens\u00e3o, uma mem\u00f3ria de forma uretano microcelular, que permite uma divis\u00e3o por tr\u00eas da distor\u00e7\u00e3o de 2000 a 3000 Hz, em uma gama de frequ\u00eancia sobre a qual a orelha \u00e9 muito sens\u00edvel. um guia de ondas em forma mate uretano preto permite dispers\u00e3o horizontal e vertical \u00f3ptima. as cofragens s\u00e3o feitos de MDF de espessura, com paredes de refor\u00e7o interno e n\u00e3o paralelos, para eliminar ondas estacion\u00e1rias e reduzir a distor\u00e7\u00e3o. Finalmente, os filtros passivos t\u00eam, como sempre na Focal, \u00e9 objeto de uma longa otimiza\u00e7\u00e3o a ser respeitada na melhor fase el\u00e9trica e ac\u00fastica.<\/p>\n<p>Especifica\u00e7\u00f5es t\u00e9cnicas:<br \/>\nColuna de 3 vias<br \/>\nReflexo Charge-bass<br \/>\nAltifalantes de linho e TNF<br \/>\nPedestal de alum\u00ednio ajust\u00e1vel em altura (chave fornecida)<br \/>\nCapa de tecido magn\u00e9tico<br \/>\nPot\u00eancia recomendada: 50W a 350W<br \/>\nResposta de frequ\u00eancia (+ &#8211; 3 dB): 37 Hz a 28 kHz<br \/>\nResposta a -6 dB: 31 Hz<br \/>\nSensibilidade: 92,5 dB para 1 W a 1 m<br \/>\nImped\u00e2ncia nominal: 8 ohms<br \/>\nImped\u00e2ncia m\u00ednima: 2,5 Ohms<br \/>\nFreq\u00fc\u00eancias de corte: 280 Hz e 2600 Hz<br \/>\nAlto-falantes<br \/>\nAlto-falantes 2x 21 cm de linho<br \/>\n1x altifalante de gama m\u00e9dia de 16,5 cm de linho<br \/>\n1x tweeter TNF de c\u00fapula invertida de 2,5 cm.<\/p>\n<p>Dimens\u00f5es e Peso:<br \/>\nProfundidade: 42 cm<br \/>\nLargura: 37,1 cm<br \/>\nAltura: 1,15 m<br \/>\nPeso: 35 Kg (cada caixa)<\/p>\n","protected":false},"excerpt":{"rendered":"<p>Descri\u00e7\u00e3o Geral Caixa Torre Focal Aria 948 Par Consulte Frete Antes Preto Informa\u00e7\u00f5es do Produto: A Focal est\u00e1 mais uma vez demonstrando seu know-how e sua vontade de inovar de novo e de novo. N\u00e3o menos de 5 anos foram necess\u00e1rios para o desenvolvimento da nova gama Aria. A Focal criou uma s\u00e9rie de alto-falantes [&hellip;]<\/p>\n","protected":false},"featured_media":11515,"template":"","meta":{"_acf_changed":false},"product_brand":[],"product_cat":[17,45,18],"product_tag":[],"class_list":{"0":"post-11518","1":"product","2":"type-product","3":"status-publish","4":"has-post-thumbnail","6":"product_cat-caixas","7":"product_cat-focal","8":"product_cat-torres","10":"first","11":"instock","12":"sold-individually","13":"shipping-taxable","14":"purchasable","15":"product-type-simple"},"acf":[],"aioseo_notices":[],"_links":{"self":[{"href":"https:\/\/hificlub.com.br\/loja\/wp-json\/wp\/v2\/product\/11518","targetHints":{"allow":["GET"]}}],"collection":[{"href":"https:\/\/hificlub.com.br\/loja\/wp-json\/wp\/v2\/product"}],"about":[{"href":"https:\/\/hificlub.com.br\/loja\/wp-json\/wp\/v2\/types\/product"}],"wp:featuredmedia":[{"embeddable":true,"href":"https:\/\/hificlub.com.br\/loja\/wp-json\/wp\/v2\/media\/11515"}],"wp:attachment":[{"href":"https:\/\/hificlub.com.br\/loja\/wp-json\/wp\/v2\/media?parent=11518"}],"wp:term":[{"taxonomy":"product_brand","embeddable":true,"href":"https:\/\/hificlub.com.br\/loja\/wp-json\/wp\/v2\/product_brand?post=11518"},{"taxonomy":"product_cat","embeddable":true,"href":"https:\/\/hificlub.com.br\/loja\/wp-json\/wp\/v2\/product_cat?post=11518"},{"taxonomy":"product_tag","embeddable":true,"href":"https:\/\/hificlub.com.br\/loja\/wp-json\/wp\/v2\/product_tag?post=11518"}],"curies":[{"name":"wp","href":"https:\/\/api.w.org\/{rel}","templated":true}]}}