{"id":11372,"date":"2024-01-02T18:16:18","date_gmt":"2024-01-02T21:16:18","guid":{"rendered":"https:\/\/hificlub.com.br\/loja\/?post_type=product&#038;p=11372"},"modified":"2026-04-18T21:00:34","modified_gmt":"2026-04-19T00:00:34","slug":"mark-levinson-23-amplificador-stereo-dual-mono-200-watts","status":"publish","type":"product","link":"https:\/\/hificlub.com.br\/loja\/produto\/mark-levinson-23-amplificador-stereo-dual-mono-200-watts\/","title":{"rendered":"MARK LEVINSON 23  Amplificador Stereo Dual Mono 200 watts"},"content":{"rendered":"<p>ESTADO 9\/10<\/p>\n<p>Amplificador maravilhoso da era de ouro de Mark Levinson, quando eles estavam em sua mais alta qualidade, artesanal e musicalidade.<\/p>\n<p>O n\u00famero 23 foi produzido de 1987 a 1990 e depois se tornou o 23.5, que durou at\u00e9 1995. Por um tempo limitado, os propriet\u00e1rios do 23 puderam fazer um upgrade para o novo modelo por cerca de US$ 2.000.<\/p>\n<p>Por mais que os f\u00e3s hardcore de Levinson resmunguem sobre qual vers\u00e3o \u00e9 melhor, a verdade \u00e9: ambas realmente arrasam. Embora projetados pela equipe da Madrigal (n\u00e3o Mark Levinson, o cara), esses amplificadores tinham um som muito musical que era consideravelmente quente no geral, comparado a produtos posteriores que soavam mais cl\u00ednicos.<\/p>\n<p>Compacto em tamanho comparado aos monstruosos amplificadores Krell azuis do mesmo per\u00edodo, o n.\u00ba 23 era embalado com fonte de alimenta\u00e7\u00e3o e transistores de sa\u00edda aparafusados \u200b\u200bem enormes dissipadores de calor. N\u00e3o se deixe enganar pelo tamanho pequeno; ele ainda pesa quase 100 libras. N\u00e3o \u00e9 homem o suficiente para levant\u00e1-lo? Ent\u00e3o voc\u00ea n\u00e3o \u00e9 homem o suficiente para possu\u00ed-lo, eu diria.<\/p>\n<p>Se voc\u00ea quer um grande tesouro do passado do \u00e1udio de ponta e um amplificador que ir\u00e1 comandar praticamente qualquer coisa, eu sugeriria um Mark Levinson n.\u00ba 23, limpo e agrad\u00e1vel. Um sistema Levinson totalmente de estado s\u00f3lido desse per\u00edodo \u00e9 demais para mim, mas emparelhe este amplificador com seu pr\u00e9-amplificador valvulado favorito (de prefer\u00eancia um com sa\u00eddas balanceadas) e voc\u00ea ficar\u00e1 surpreso com o n\u00edvel de musicalidade que pode atingir em seu sistema.<\/p>\n<p>Hist\u00f3rico da marca:<br \/>\nDepois de trabalhar em v\u00e1rios est\u00fadios de grava\u00e7\u00e3o e, como diz a lenda, criar o mixer de som para o Festival de M\u00fasica de Woodstock, Mark Levinson come\u00e7ou a fabricar componentes est\u00e9reo de ponta \u00e0 m\u00e3o. Seu primeiro produto, o LNP-1, era um sistema montado em rack com dois grandes medidores VU e um m\u00f3dulo op-amp de alto desempenho. E com cada produto subsequente, a lenda cresceu.<\/p>\n<p>,Depois de trabalhar em v\u00e1rios est\u00fadios de grava\u00e7\u00e3o e, como diz a lenda, criar o mixer de som para o Festival de M\u00fasica de Woodstock, Mark Levinson come\u00e7ou a fabricar componentes est\u00e9reo de ponta \u00e0 m\u00e3o. Seu primeiro produto, o LNP-1, era um sistema montado em rack com dois grandes medidores VU e um m\u00f3dulo op-amp de alto desempenho. E com cada produto subsequente, a lenda cresceu.<\/p>\n<p>Especifica\u00e7\u00f5es:<br \/>\nPot\u00eancia nominal:<br \/>\nPot\u00eancia m\u00ednima de onda senoidal cont\u00ednua, de 20-20 kHz, com n\u00e3o mais que 0,3% THD (FTC)<br \/>\n8 Ohms &#8211; 200 watts<br \/>\n4 Ohms &#8211; 400 watts<br \/>\n2 Ohms &#8211; 700 watts<\/p>\n<p>Imped\u00e2ncia de entrada:<br \/>\n50k ohms desviados por 1,5 nF<\/p>\n<p>Sensibilidade (EIA):<br \/>\n141 mV<\/p>\n<p>Ganho de tens\u00e3o:<br \/>\n26 dB<\/p>\n<p>Consumo de energia:<br \/>\nNormalmente 500 Watts<\/p>\n<p>Dimens\u00f5es:<br \/>\nAltura &#8211; 8,4&#8243; (212,3 mm)<br \/>\nLargura &#8211; 17,5&#8243; (444,5 mm)<br \/>\nProfundidade &#8211; 22,1&#8243; (560,2 mm)<\/p>\n<p>Peso:<br \/>\n80 lbs. 40.9 Kg<\/p>\n","protected":false},"excerpt":{"rendered":"<p>ESTADO 9\/10 Amplificador maravilhoso da era de ouro de Mark Levinson, quando eles estavam em sua mais alta qualidade, artesanal e musicalidade. O n\u00famero 23 foi produzido de 1987 a 1990 e depois se tornou o 23.5, que durou at\u00e9 1995. Por um tempo limitado, os propriet\u00e1rios do 23 puderam fazer um upgrade para o [&hellip;]<\/p>\n","protected":false},"featured_media":11369,"template":"","meta":{"_acf_changed":false},"product_brand":[],"product_cat":[27,28,90,26],"product_tag":[],"class_list":{"0":"post-11372","1":"product","2":"type-product","3":"status-publish","4":"has-post-thumbnail","6":"product_cat-amplificador","7":"product_cat-estereo","8":"product_cat-mark-levinson","9":"product_cat-vintage","11":"first","12":"instock","13":"sold-individually","14":"shipping-taxable","15":"purchasable","16":"product-type-simple"},"acf":[],"aioseo_notices":[],"_links":{"self":[{"href":"https:\/\/hificlub.com.br\/loja\/wp-json\/wp\/v2\/product\/11372","targetHints":{"allow":["GET"]}}],"collection":[{"href":"https:\/\/hificlub.com.br\/loja\/wp-json\/wp\/v2\/product"}],"about":[{"href":"https:\/\/hificlub.com.br\/loja\/wp-json\/wp\/v2\/types\/product"}],"wp:featuredmedia":[{"embeddable":true,"href":"https:\/\/hificlub.com.br\/loja\/wp-json\/wp\/v2\/media\/11369"}],"wp:attachment":[{"href":"https:\/\/hificlub.com.br\/loja\/wp-json\/wp\/v2\/media?parent=11372"}],"wp:term":[{"taxonomy":"product_brand","embeddable":true,"href":"https:\/\/hificlub.com.br\/loja\/wp-json\/wp\/v2\/product_brand?post=11372"},{"taxonomy":"product_cat","embeddable":true,"href":"https:\/\/hificlub.com.br\/loja\/wp-json\/wp\/v2\/product_cat?post=11372"},{"taxonomy":"product_tag","embeddable":true,"href":"https:\/\/hificlub.com.br\/loja\/wp-json\/wp\/v2\/product_tag?post=11372"}],"curies":[{"name":"wp","href":"https:\/\/api.w.org\/{rel}","templated":true}]}}